INSERT INTO `products` (`id`, `category_id`, `brand_id`, `subcategory_id`, `child_categories_id`, `title`, `slug`, `sku`, `image`, `price`, `sale_price`, `handling_time`, `shipping_cost`, `total_orders`, `total_favourites`, `status`, `short_description`, `long_description`, `created_by`, `updated_by`, `created_at`, `updated_at`, `deleted_at`) VALUES
(1304, 40, 3, 187, NULL, 'Perfetto Choco Ripple Ice Cream Cone (আইসক্রীম)', 'perfetto-choco-ripple-ice-cream-cone-aiskreem', 'IC3001', '20220728101724.jpg', 75, 75, 29, 0, 1, '121 ml', 1, NULL, NULL, 4, NULL, '2022-07-28 10:17:24', '2022-08-17 17:35:42', NULL),
(1306, 35, 7, 106, NULL, 'Livon Hair Serum (লিভন)', 'livon-hair-serum-livn', 'BE6001', '20220806103147.jpg', 260, 250, 19, 0, 1, '50 ml', 1, NULL, NULL, 4, 4, '2022-07-31 10:01:25', '2022-08-17 17:35:42', NULL),
(1307, 35, 7, 106, NULL, 'Livon Hair Serum (লিভন) 100 ml', 'livon-hair-serum-livn-100-ml', 'BE6002', '20220731101031.jpg', 475, 455, 19, 0, 1, '100 ml', 1, NULL, NULL, 4, NULL, '2022-07-31 10:10:31', '2022-08-17 17:35:42', NULL),
(1308, 35, 7, 110, NULL, 'Fogg Royal Body  Spray (বডিস্প্রে)', 'fogg-royal-body-spray-bdispre', 'BE6003', '20220731111023.jpg', 330, 325, 49, 0, 1, '120 ml', 1, NULL, NULL, 4, 4, '2022-07-31 11:09:17', '2022-08-17 17:35:42', NULL),
(1309, 35, 7, 102, NULL, 'YC Whitening Milk Extract Face Wash UK (ফেসওয়াশ)', 'yc-whitening-milk-extract-face-wash-uk-feswas', 'BE6004', '20220731112840.jpg', 220, 205, 50, 0, 0, '100 ml', 1, NULL, NULL, 4, NULL, '2022-07-31 11:28:40', '2022-07-31 11:28:40', NULL),
(1310, 40, 7, 129, 47, 'Mum Drinking Water (পানি)', 'mum-drinking-water-pani', 'WA3003', '20220731115317.jpg', 80, 75, 30, 0, 0, '5 Ltr.', 1, NULL, NULL, 4, NULL, '2022-07-31 11:53:17', '2022-07-31 12:46:36', NULL),
(1313, 40, 10, 138, 56, 'ACI Pure mayda (ময়দা)', 'aci-pure-mayda-myda', 'GR102', '20220731140155.webp', 140, 132, 12, 0, 0, '2 KG', 1, NULL, NULL, 4, NULL, '2022-07-31 14:01:55', '2022-08-21 12:46:51', NULL),
(1314, 41, 7, 184, NULL, 'Pistachio (পেস্তা বাদাম) Pesta Badam', 'pistachio-pesta-badam-pesta-badam', 'GR103', '20220731142003.jpg', 260, 248, 13, 0, 0, '100 GM', 0, NULL, NULL, 4, NULL, '2022-07-31 14:20:03', '2022-08-31 10:12:30', NULL),
(1315, 40, 28, 189, NULL, 'Pringles Original Potato Chips (চিপস)', 'pringles-original-potato-chips-cips', 'GR104', '20220801110031.jpeg', 260, 251, 12, 0, 0, '149 gm', 1, NULL, NULL, 4, NULL, '2022-08-01 11:00:31', '2022-08-17 12:35:24', NULL),
(1316, 40, 28, 189, NULL, 'Pringles Cheesy Cheese Potato Chips (চিপস)', 'pringles-cheesy-cheese-potato-chips-cips', 'GR105', '20220801110309.png', 228, 221, 9, 0, 0, '147 gm', 1, NULL, NULL, 4, NULL, '2022-08-01 11:03:09', '2022-08-17 12:34:59', NULL),
(1317, 40, 28, 189, NULL, 'Pringles BBQ Potato Chips (চিপস)', 'pringles-bbq-potato-chips-cips', 'GR105', '20220801110629.jpg', 276, 271, 14, 0, 0, '158 gm', 1, NULL, NULL, 4, NULL, '2022-08-01 11:06:29', '2022-08-17 12:34:39', NULL),
(1318, 40, 28, 189, NULL, 'Pringles Sour Cream & Onion Potato Chips (চিপস)', 'pringles-sour-cream-onion-potato-chips-cips', 'GR106', '20220801110849.webp', 262, 247, 14, 0, 0, '147 gm', 1, NULL, NULL, 4, NULL, '2022-08-01 11:08:49', '2022-08-17 12:34:18', NULL),
(1320, 40, 28, 189, NULL, 'Pringles Sour Cream & Onion Potato Chips 42 gm (চিপস)', 'pringles-sour-cream-onion-potato-chips-42-gm-cips', 'GR106', '20220801111739.jpg', 112, 107, 6, 0, 1, '.', 1, NULL, NULL, 4, NULL, '2022-08-01 11:17:39', '2022-08-19 19:38:53', NULL),
(1321, 40, 28, 189, NULL, 'Pringles Original Potato Crisps (চিপস)', 'pringles-original-potato-crisps-cips', 'GR107', '20220801112104.webp', 152, 141, 11, 0, 0, '37 gm', 1, NULL, NULL, 4, NULL, '2022-08-01 11:21:04', '2022-08-17 12:32:27', NULL),
(1322, 40, 7, 189, NULL, 'Cheese Puff (চিপস)', 'cheese-puff-cips', 'GR107', '20220801122441.jpg', 10, 10, 12, 0, 0, '18 gm', 1, NULL, NULL, 4, NULL, '2022-08-01 12:24:41', '2022-08-17 12:32:05', NULL),
(1323, 40, 7, 189, NULL, 'Bombay Sweets Potato Crackers (চিপস)', 'bombay-sweets-potato-crackers-cips', 'GR109', '20220801123007.jpg', 10, 10, 7, 0, 0, '18', 1, NULL, NULL, 4, NULL, '2022-08-01 12:30:07', '2022-08-17 12:31:38', NULL),
(1324, 40, 7, 189, NULL, 'Detos Chicken Wings Chips (চিপস)', 'detos-chicken-wings-chips-cips', 'GR109', '20220801123617.jpg', 20, 20, 7, 0, 0, '30 gm', 1, NULL, NULL, 4, NULL, '2022-08-01 12:36:17', '2022-08-17 12:31:15', NULL),
(1325, 40, 7, 189, NULL, 'Bombay Sweets Ring Chips (চিপস)', 'bombay-sweets-ring-chips-cips', 'GR110', '20220801124257.jpg', 10, 10, 12, 0, 0, '20 gm', 1, NULL, NULL, 4, NULL, '2022-08-01 12:42:57', '2022-08-17 12:30:45', NULL),
(1326, 40, 7, 189, NULL, 'Bombay Sweets Mr. Twist (চিপস)', 'bombay-sweets-mr-twist-cips', 'GR110', '20220801124503.jpg', 15, 15, 9, 0, 0, '22 gm', 1, NULL, NULL, 4, NULL, '2022-08-01 12:45:03', '2022-08-17 12:30:18', NULL),
(1327, 40, 7, 189, NULL, 'Sun Chips Mix Masala (চিপস)', 'sun-chips-mix-masala-cips', 'GR111', '20220801124740.jpg', 20, 20, 15, 0, 0, '22 gm', 1, NULL, NULL, 4, NULL, '2022-08-01 12:47:40', '2022-08-17 12:29:52', NULL),
(1328, 40, 7, 189, NULL, 'Kurkure American Style Cream & Onion Chips (চিপস)', 'kurkure-american-style-cream-onion-chips-cips', 'GR112', '20220801124937.jpg', 25, 25, 9, 0, 0, '45 gm', 1, NULL, NULL, 4, NULL, '2022-08-01 12:49:37', '2022-08-17 12:29:16', NULL),
(1329, 40, 7, 189, NULL, 'Kurkure Chilli Chatka Chips (চিপস)', 'kurkure-chilli-chatka-chips-cips', 'GR112', '20220801125446.jpg', 25, 25, 7, 0, 0, '45 gm', 1, NULL, NULL, 4, NULL, '2022-08-01 12:54:46', '2022-08-17 12:28:52', NULL),
(1330, 40, 7, 189, NULL, 'Sun Chips Garlic  (চিপস)', 'sun-chips-garlic-cips', 'GR113', '20220811102122.jpg', 15, 15, 14, 0, 0, '22 gm', 1, NULL, NULL, 4, 9, '2022-08-01 13:14:22', '2022-08-17 12:28:30', NULL),
(1331, 40, 7, 189, NULL, 'Kurkure Masala Munch Chips (চিপস)', 'kurkure-masala-munch-chips-cips', 'GR114', '20220801131736.jpg', 25, 25, 7, 0, 0, '45 gm', 1, NULL, NULL, 4, NULL, '2022-08-01 13:17:36', '2022-08-17 12:27:40', NULL),
(1332, 40, 7, 189, NULL, 'Poppers Corn Coconut Puffs Chips (চিপস)', 'poppers-corn-coconut-puffs-chips-cips', 'GR114', '20220801131907.jpg', 15, 15, 9, 0, 0, '25 gm', 1, NULL, NULL, 4, NULL, '2022-08-01 13:19:07', '2022-08-17 12:27:03', NULL),
(1333, 40, 7, 189, NULL, 'Alooz Waves B-B-Q Potato Chips (চিপস)', 'alooz-waves-b-b-q-potato-chips-cips', 'GR118', '20220801132150.jpg', 15, 15, 11, 0, 0, '22 gm', 1, NULL, NULL, 4, NULL, '2022-08-01 13:21:50', '2022-08-17 12:26:37', NULL),
(1334, 40, 7, 189, NULL, 'Bombay Sweets Pasta chips Shell Chutney Flavour (চিপস)', 'bombay-sweets-pasta-chips-shell-chutney-flavour-cips', 'GR119', '20220801132340.jpg', 10, 10, 12, 0, 0, '15 gm', 1, NULL, NULL, 4, NULL, '2022-08-01 13:23:40', '2022-08-17 12:26:11', NULL),
(1335, 40, 7, 189, NULL, 'Bombay Sweets Alooz Magic Masala (চিপস)', 'bombay-sweets-alooz-magic-masala-cips', 'GR119', '20220801132609.png', 15, 15, 16, 0, 0, '22 gm', 1, NULL, NULL, 4, NULL, '2022-08-01 13:26:09', '2022-08-17 12:25:45', NULL),
(1336, 40, 7, 189, NULL, 'Bombay Sweets Pasta Chips Ring (চিপস)', 'bombay-sweets-pasta-chips-ring-cips', 'GR120', '20220801133332.jpg', 10, 10, 9, 0, 0, '15 gm', 1, NULL, NULL, 4, 4, '2022-08-01 13:30:20', '2022-08-17 12:25:23', NULL),
(1337, 40, 7, 189, NULL, 'Bombay Sweets Pasta Chips Tube (চিপস)', 'bombay-sweets-pasta-chips-tube-cips', 'GR121', '20220801133711.jpg', 10, 10, 19, 0, 0, '15 gm', 1, NULL, NULL, 4, NULL, '2022-08-01 13:37:11', '2022-08-17 12:25:01', NULL),
(1338, 40, 3, 189, NULL, 'Meridian Real Thai Shrimp Chips (চিপস)', 'meridian-real-thai-shrimp-chips-cips', 'GR122', '20220801133926.jpg', 20, 20, 9, 0, 0, '15 gm', 1, NULL, NULL, 4, NULL, '2022-08-01 13:39:26', '2022-08-17 18:52:54', NULL),
(1339, 40, 7, 189, NULL, 'Meridian Real Thai Chicken Chips (চিপস)', 'meridian-real-thai-chicken-chips-cips', 'GR123', '20220801134403.jpg', 20, 20, 14, 0, 0, '15 gm', 1, NULL, NULL, 4, NULL, '2022-08-01 13:44:03', '2022-08-17 12:24:36', NULL),
(1340, 40, 28, 189, NULL, 'Lay\'s Sour Cream & Onion Chips (চিপস)', 'lays-sour-cream-onion-chips-cips', 'GR124', '20220801135912.jpg', 110, 107, 7, 0, 0, '28.3 gm', 1, NULL, NULL, 4, NULL, '2022-08-01 13:59:12', '2022-08-17 12:24:15', NULL),
(1341, 40, 7, 189, NULL, 'Bombay Sweets Alooz Spanish Tomato Flavor (চিপস)', 'bombay-sweets-alooz-spanish-tomato-flavor-cips', 'GR125', '20220801140152.png', 15, 15, 14, 0, 0, '22 gm', 1, NULL, NULL, 4, NULL, '2022-08-01 14:01:52', '2022-08-17 12:23:46', NULL),
(1343, 40, 7, 189, NULL, 'Ifad Eggy Pillow Bar-B-Q (চিপস)', 'ifad-eggy-pillow-bar-b-q-cips', 'GR126', '20220801144952.jpg', 10, 10, 13, 0, 0, '16 gm', 1, NULL, NULL, 4, NULL, '2022-08-01 14:49:52', '2022-08-16 12:34:14', NULL),
(1344, 40, 7, 189, NULL, 'Danish Dry Cake Biscuit (বিস্কুট)', 'danish-dry-cake-biscuit-biskut', 'GR127', '20220801145325.jpg', 122, 117, 17, 0, 0, '300 gm', 1, NULL, NULL, 4, NULL, '2022-08-01 14:53:25', '2022-08-17 12:23:02', NULL),
(1345, 40, 7, 189, NULL, 'Danish Florida Orange Biscuit (বিস্কুট)', 'danish-florida-orange-biscuit-biskut', 'GR127', '20220801145528.jpg', 55, 49, 18, 0, 0, '165 gm', 1, NULL, NULL, 4, NULL, '2022-08-01 14:55:28', '2022-08-17 12:22:34', NULL),
(1346, 40, 7, 189, NULL, 'Danish Doreo Black Chocolate Sandwich Biscuit (বিস্কুট)', 'danish-doreo-black-chocolate-sandwich-biscuit-biskut', 'GR128', '20220801145711.jpg', 120, 118, 17, 0, 0, '320 gm', 1, NULL, NULL, 4, NULL, '2022-08-01 14:57:11', '2022-08-17 12:21:58', NULL),
(1347, 40, 7, 189, NULL, 'Danish Doreo Black Chocolate Sandwich (বিস্কুট)', 'danish-doreo-black-chocolate-sandwich-biskut', 'GR129', '20220801145844.jpg', 60, 59, 14, 0, 0, '140 gm', 1, NULL, NULL, 4, NULL, '2022-08-01 14:58:44', '2022-08-16 12:31:05', NULL),
(1348, 40, 7, 189, NULL, 'Dekko Honey & Kalo Zeera Biscuit (বিস্কুট)', 'dekko-honey-kalo-zeera-biscuit-biskut', 'GR130', '20220801150027.png', 20, 20, 14, 0, 0, '88 gm', 1, NULL, NULL, 4, NULL, '2022-08-01 15:00:27', '2022-08-17 12:21:28', NULL),
(1350, 40, 7, 189, NULL, 'Romania Lexus Vegetable Biscuit (বিস্কুট)', 'romania-lexus-vegetable-biscuit-biskut', 'GR131', '20220801160701.jpg', 5, 5, 12, 0, 0, '20 gm', 1, NULL, NULL, 4, NULL, '2022-08-01 16:07:01', '2022-08-17 12:20:55', NULL),
(1351, 40, 7, 189, NULL, 'Olympic Energy Plus Biscuits (বিস্কুট)', 'olympic-energy-plus-biscuits-biskut', 'GR134', '20220801161557.jpg', 15, 15, 16, 0, 0, '68 gm', 1, NULL, NULL, 4, NULL, '2022-08-01 16:15:57', '2022-08-17 12:20:28', NULL),
(1352, 40, 7, 136, NULL, 'Dan Cake Vanilla Muffin (কেক)', 'dan-cake-vanilla-muffin-kek', 'GR141', '20220802102358.png', 20, 20, 13, 0, 1, '30 gm', 1, NULL, NULL, 4, NULL, '2022-08-02 10:23:58', '2022-08-19 19:38:53', NULL),
(1353, 40, 3, 136, NULL, 'Wonder Muffin Cake (কেক)', 'wonder-muffin-cake-kek', 'GR143', '20220802102622.webp', 15, 15, 14, 0, 0, '132 gm', 1, NULL, NULL, 4, NULL, '2022-08-02 10:26:22', '2022-08-17 12:18:52', NULL),
(1354, 40, 7, 136, NULL, 'Dan Cake Chocolate Muffin 12 packs (কেক)', 'dan-cake-chocolate-muffin-12-packs-kek', 'GR144', '20220802103250.jpg', 230, 228, 14, 0, 0, '360 gm', 1, NULL, NULL, 4, NULL, '2022-08-02 10:32:50', '2022-08-17 12:18:03', NULL),
(1355, 40, 7, 136, NULL, 'Dan Cake Vanilla Pound Cake (কেক)', 'dan-cake-vanilla-pound-cake-kek', 'GR146', '20220802103513.jpg', 130, 127, 14, 0, 0, '300 gm', 1, NULL, NULL, 4, NULL, '2022-08-02 10:35:13', '2022-08-17 12:17:03', NULL),
(1356, 40, 7, 136, NULL, 'Dan Cake Chocolate Pound Cake (কেক)', 'dan-cake-chocolate-pound-cake-kek', 'GR146', '20220802103705.jpg', 130, 128, 14, 0, 0, '300', 1, NULL, NULL, 4, NULL, '2022-08-02 10:37:05', '2022-08-17 12:16:39', NULL),
(1357, 40, 7, 136, NULL, 'Dan Cake Lemon Pound Cake (কেক)', 'dan-cake-lemon-pound-cake-kek', 'GR146', '20220802135028.jpg', 130, 119, 14, 0, 0, '300 GM', 1, NULL, NULL, 4, NULL, '2022-08-02 13:50:28', '2022-08-17 12:16:11', NULL),
(1359, 40, 7, 189, NULL, 'Olympic Lexus Vegetable Crackers Biscuits (বিস্কুট)', 'olympic-lexus-vegetable-crackers-biscuits-biskut', 'GR148', '20220802141447.jpg', 100, 94, 12, 0, 0, '216gm', 1, NULL, NULL, 4, NULL, '2022-08-02 14:14:47', '2022-08-17 12:15:21', NULL),
(1360, 40, 7, 189, NULL, 'Olympic Nutty Real Peanut Biscuit (বিস্কুট)', 'olympic-nutty-real-peanut-biscuit-biskut', 'GR148', '20220802142428.jpg', 15, 15, 13, 0, 0, '65 gm', 1, NULL, NULL, 4, NULL, '2022-08-02 14:24:28', '2022-08-17 12:14:50', NULL),
(1361, 40, 7, 189, NULL, 'Olympic Digestive High Fiber Biscuit (বিস্কুট)', 'olympic-digestive-high-fiber-biscuit-biskut', 'GR150', '20220802142749.jpg', 20, 20, 9, 12, 0, '110gm', 1, NULL, NULL, 4, NULL, '2022-08-02 14:27:49', '2022-08-17 12:14:17', NULL),
(1362, 40, 7, 189, NULL, 'Dekko Horlicks Cookies Biscuit (বিস্কুট)', 'dekko-horlicks-cookies-biscuit-biskut', 'GR152', '20220802143131.jpg', 80, 79, 14, 0, 0, '270 gm', 1, NULL, NULL, 4, NULL, '2022-08-02 14:31:31', '2022-08-17 12:13:51', NULL),
(1363, 40, 7, 189, NULL, 'Olympic First Choice Salted Biscuits (বিস্কুট)', 'olympic-first-choice-salted-biscuits-biskut', 'GR153', '20220802143947.png', 20, 20, 14, 0, 1, '80gm', 1, NULL, NULL, 4, NULL, '2022-08-02 14:39:47', '2022-08-17 17:35:42', NULL),
(1364, 40, 7, 189, NULL, 'All Time Roma Chocolate Cookies (বিস্কুট)', 'all-time-roma-chocolate-cookies-biskut', 'GR154', '20220802144128.png', 60, 60, 9, 0, 0, '60 gm', 1, NULL, NULL, 4, NULL, '2022-08-02 14:41:28', '2022-08-17 12:12:48', NULL),
(1365, 40, 7, 189, NULL, 'Olympic Tim Tim Orange (বিস্কুট)', 'olympic-tim-tim-orange-biskut', 'GR156', '20220802144558.webp', 15, 15, 16, 0, 0, '50gm', 1, NULL, NULL, 4, NULL, '2022-08-02 14:45:58', '2022-08-16 12:23:07', NULL),
(1367, 40, 7, 189, NULL, 'Haque Mr. Cookie Butter Coconut Biscuit (বিস্কুট)', 'haque-mr-cookie-butter-coconut-biscuit-biskut', 'GR155', '20220807160933.jpg', 10, 10, 12, 0, 0, '39gm', 1, NULL, NULL, 4, 4, '2022-08-02 16:05:05', '2022-08-17 12:09:17', NULL),
(1368, 40, 7, 189, NULL, 'Bangas Grand Choice Salted Biscuit (বিস্কুট)', 'bangas-grand-choice-salted-biscuit-biskut', 'GR158', '20220802160807.jpg', 25, 25, 12, 0, 2, '90gm', 1, '<p>Ingredients : Flour, Sugar, Salt, Butter, Milk, Cumin, Egg Powder, Nuts Powder, Natural Colouring Agent, Preservatives and Flavours.</p>', NULL, 4, NULL, '2022-08-02 16:08:07', '2022-08-19 19:38:53', NULL),
(1369, 40, 7, 189, NULL, 'Haque Milk Chocolate Digestive Biscuit (বিস্কুট)', 'haque-milk-chocolate-digestive-biscuit-biskut', 'GR158', '20220802161031.jpg', 40, 40, 16, 0, 0, '145 gm', 1, NULL, NULL, 4, NULL, '2022-08-02 16:10:31', '2022-08-17 12:11:44', NULL),
(1372, 40, 7, 189, NULL, 'Fit Crackers Masala Biscuit (বিস্কুট)', 'fit-crackers-masala-biscuit-biskut', 'GR160', '20220802161807.jpeg', 20, 20, 16, 0, 0, '60 gm', 1, NULL, NULL, 4, NULL, '2022-08-02 16:18:07', '2022-08-17 12:11:09', NULL),
(1373, 40, 7, 189, NULL, 'Olympic Premium Toast Biscuit (বিস্কুট)', 'olympic-premium-toast-biscuit-biskut', 'GR151', '20220802162212.jpg', 55, 50, 16, 0, 0, '250 gm', 1, NULL, NULL, 4, NULL, '2022-08-02 16:22:12', '2022-08-17 12:07:52', NULL),
(1374, 40, 7, 189, NULL, 'Olympic Milk Marie Biscuits (বিস্কুট)', 'olympic-milk-marie-biscuits-biskut', 'GR160', '20220802162425.png', 50, 50, 17, 0, 0, '240 gm', 1, NULL, NULL, 4, NULL, '2022-08-02 16:24:25', '2022-08-17 12:06:14', NULL),
(1375, 40, 7, 189, NULL, 'Pran Special Toast Biscuit (বিস্কুট)', 'pran-special-toast-biscuit-biskut', 'GR161', '20220802162947.jpg', 55, 50, 15, 0, 0, '250 gm', 1, NULL, NULL, 4, NULL, '2022-08-02 16:29:47', '2022-08-17 12:04:49', NULL),
(1376, 40, 7, 189, NULL, 'Olympic Tip Crispy Salted Biscuits (বিস্কুট)', 'olympic-tip-crispy-salted-biscuits-biskut', 'GR163', '20220802163152.jpg', 15, 15, 17, 0, 0, '60 gm', 1, NULL, NULL, 4, NULL, '2022-08-02 16:31:52', '2022-08-17 12:10:28', NULL),
(1377, 40, 7, 189, NULL, 'Olympic Dry Cake Biscuit (বিস্কুট)', 'olympic-dry-cake-biscuit-biskut', 'GR165', '20220802163444.png', 120, 119, 17, 0, 0, '290 gm', 1, NULL, NULL, 4, NULL, '2022-08-02 16:34:44', '2022-08-17 12:09:52', NULL),
(1378, 40, 7, 189, NULL, 'Ifad Muri Toast Butter Rusk Biscuit (বিস্কুট)', 'ifad-muri-toast-butter-rusk-biscuit-biskut', 'GR165', '20220802163731.png', 75, 70, 17, 0, 0, '350 gm', 1, NULL, NULL, 4, NULL, '2022-08-02 16:37:31', '2022-08-17 12:05:32', NULL),
(1379, 40, 7, 189, NULL, 'Olympic Saltes Biscuit (বিস্কুট)', 'olympic-saltes-biscuit-biskut', 'GR166', '20220802163941.jpeg', 50, 50, 19, 0, 0, '200 gm', 1, NULL, NULL, 4, NULL, '2022-08-02 16:39:41', '2022-08-17 12:03:54', NULL),
(1380, 40, 7, 189, NULL, 'Ifad Cheesy Bites Premium Cheese Crackers 12 pack (বিস্কুট)', 'ifad-cheesy-bites-premium-cheese-crackers-12-pack-biskut', 'GR165', '20220802190538.webp', 100, 99, 13, 0, 0, '240 gm', 1, NULL, NULL, 4, NULL, '2022-08-02 19:05:38', '2022-08-17 12:02:25', NULL),
(1381, 40, 28, 148, NULL, 'Nestle Coffee Mate (pouch)', 'nestle-coffee-mate-pouch', 'GR166', '20220803104235.jpg', 750, 743, 14, 0, 0, '1kg', 1, NULL, NULL, 4, NULL, '2022-08-03 10:42:35', '2022-08-16 12:13:21', NULL),
(1382, 40, 7, 138, 41, 'Nestle Shaad-e Magic Seasoning Mix Sachet', 'nestle-shaad-e-magic-seasoning-mix-sachet', 'GR167', '20220811095959.jpg', 5, 5, 109, 0, 0, '4gm', 1, NULL, NULL, 4, 9, '2022-08-03 11:12:22', '2022-08-16 12:12:21', NULL),
(1383, 35, 28, 104, NULL, 'Ambassador Spanish Olive Oil Can  (তেল)', 'ambassador-spanish-olive-oil-can-tel', 'GR169', '20220811093833.webp', 330, 327, 11, 0, 0, '150 ml', 1, NULL, NULL, 4, 9, '2022-08-03 12:18:19', '2022-08-17 12:01:27', NULL),
(1385, 40, 7, 138, 43, 'Olitalia Pomace Olive Oil  (তেল)', 'olitalia-pomace-olive-oil-tel', 'GR170', '20220811123426.jpg', 560, 542, 19, 0, 0, '500 ml', 1, NULL, NULL, 4, 9, '2022-08-03 13:40:45', '2022-08-17 12:00:27', NULL),
(1386, 40, 7, 138, 43, 'Borges Classic Olive Oil  (তেল)', 'borges-classic-olive-oil-tel', 'GR171', '20220803134836.jpg', 600, 596, 17, 0, 0, '500 ml', 1, NULL, NULL, 4, NULL, '2022-08-03 13:48:36', '2022-08-17 11:59:57', NULL),
(1387, 40, 28, 138, 43, 'Rose Garden Extra virgin Olive Oil  (তেল)', 'rose-garden-extra-virgin-olive-oil-tel', 'GR172', '20220811124008.jpg', 699, 689, 11, 0, 3, '500 ml', 1, NULL, NULL, 4, 9, '2022-08-03 13:58:11', '2022-08-19 19:38:53', NULL),
(1388, 40, 28, 138, 43, 'Clariss Olive Oil Pomace Glass Bottle  (তেল)', 'clariss-olive-oil-pomace-glass-bottle-tel', 'GR173', '20220803140603.jpeg', 411, 399, 17, 0, 0, '250 ml', 1, NULL, NULL, 4, NULL, '2022-08-03 14:06:03', '2022-08-17 11:58:02', NULL),
(1389, 40, 28, 138, 43, 'Olitalia Fortified Sunflower Oil  (তেল)', 'olitalia-fortified-sunflower-oil-tel', 'GR175', '20220803142316.jpg', 900, 885, 14, 0, 0, '2 liter', 1, NULL, NULL, 4, NULL, '2022-08-03 14:23:16', '2022-08-17 11:56:42', NULL),
(1390, 40, 28, 138, 43, 'King\'s Sunflower Oil  (তেল)', 'kings-sunflower-oil-tel', '176', '20220803145007.jpg', 800, 780, 16, 0, 1, '2 liter', 1, NULL, NULL, 4, NULL, '2022-08-03 14:50:07', '2022-08-19 19:38:53', NULL),
(1393, 40, 28, 138, 43, 'Clariss Extra Virgin Olive Oil Tin (তেল)', 'clariss-extra-virgin-olive-oil-tin-tel', 'GR178', '20220803180115.png', 1500, 1460, 9, 0, 0, '1 liter', 1, NULL, NULL, 4, 4, '2022-08-03 16:48:42', '2022-08-17 11:54:40', NULL),
(1395, 22, 28, 99, NULL, 'Avonee Maxi 4 Baby Diaper Pants (L 9-14 kg)', 'avonee-maxi-4-baby-diaper-pants-l-9-14-kg', 'GR185', '20220804120530.jpg', 900, 650, 13, 0, 0, '34 pcs', 1, NULL, NULL, 4, NULL, '2022-08-04 12:05:30', '2022-08-16 11:45:23', NULL),
(1396, 35, 19, 104, NULL, 'Pond\'s White Beauty Face Wash (ফেস ওয়াস)', 'ponds-white-beauty-face-wash-fes-was', 'GR186', '20220804123737.jpg', 120, 111, 14, 0, 0, '50 gm', 1, NULL, NULL, 4, NULL, '2022-08-04 12:37:37', '2022-08-17 11:51:36', NULL),
(1398, 41, 37, 184, 46, 'Sprite 1.25 Ltr.', 'sprite-125-ltr', 'BE80479', '20220807233229.jpg', 70, 67, 1212, 0, 0, '1.25 Ltr', 0, NULL, NULL, 4, NULL, '2022-08-07 23:32:29', '2022-08-29 13:23:50', NULL),
(1399, 41, 11, 184, NULL, 'Super Fresh Soyabean Oil (তেল)', 'super-fresh-soyabean-oil-tel', 'MLP598437', '20220811095354.jpg', 997, 980, 9, 0, 49, '5 Ltr', 0, NULL, NULL, 4, 9, '2022-08-07 23:36:40', '2022-08-30 13:31:22', NULL),
(1400, 41, 38, 184, NULL, 'Coca-Cola 2.25 Ltr (coke)', 'coca-cola-225-ltr-coke', 'Gr1271', '20220808100927.jpg', 120, 117, 90, 0, 10, '2.25  ltr.', 0, NULL, NULL, 4, NULL, '2022-08-08 10:09:27', '2022-08-30 13:50:03', NULL),
(1401, 41, 7, 184, NULL, 'Kinley Drinking Water (পানি)', 'kinley-drinking-water-pani', 'Gr1270', '20220808101338.jpg', 15, 13, 200, 0, 0, '500 ml', 0, NULL, NULL, 4, NULL, '2022-08-08 10:13:38', '2022-08-30 13:58:42', NULL),
(1402, 41, 19, 184, NULL, 'Closeup Toothpaste Menthol Fresh (টুথপেষ্ট)', 'closeup-toothpaste-menthol-fresh-tuthpesht', 'Gr1269', '20220808101725.jpg', 90, 83, 3, 0, 0, '100 gm', 0, NULL, NULL, 4, NULL, '2022-08-08 10:17:25', '2022-08-30 11:16:41', NULL),
(1403, 41, 7, 184, NULL, 'Colgate Anticavity Active Salt Toothpaste (টুথপেষ্ট)', 'colgate-anticavity-active-salt-toothpaste-tuthpesht', 'Gr1268', '20220808102117.png', 160, 156, 2, 0, 4, '200 gm', 0, NULL, NULL, 4, NULL, '2022-08-08 10:21:17', '2022-08-29 13:19:22', NULL),
(1404, 41, 7, 184, NULL, 'Mediplus Ds (টুথপেষ্ট) 90 gm', 'mediplus-ds-tuthpesht-90-gm', 'Gr1267', '20220808102710.png', 90, 89, 3, 0, 0, '90 gm', 0, NULL, NULL, 4, NULL, '2022-08-08 10:27:10', '2022-08-30 11:19:15', NULL),
(1405, 31, 7, 91, NULL, 'Mediplus Ds (টুথপেষ্ট)', 'mediplus-ds-tuthpesht', 'Gr1266', '20220808103052.jpg', 150, 148, 6, 0, 6, '140 gm', 1, NULL, NULL, 4, NULL, '2022-08-08 10:30:52', '2022-08-30 11:12:47', NULL),
(1406, 41, 7, 184, 47, 'Aquafina Drinking Water (পানি)', 'aquafina-drinking-water-pani', 'Gr1261', '20220808103633.jpg', 30, 27, 200, 0, 0, '1.5 ltr.', 0, NULL, NULL, 4, NULL, '2022-08-08 10:36:33', '2022-08-31 12:50:50', NULL),
(1407, 41, 25, 184, NULL, 'Emami 7 Oils In One 200ml (হেয়ার ওয়েল)', 'emami-7-oils-in-one-200ml-heyar-wel', 'Gr1369', '20220808104029.png', 240, 215, 2, 0, 0, '200 ml', 0, NULL, NULL, 4, NULL, '2022-08-08 10:40:29', '2022-08-29 13:22:06', NULL),
(1408, 41, 25, 184, NULL, 'Emami 7 Oils In One None Sticky Hair Oil  (হেয়ার ওয়েল)', 'emami-7-oils-in-one-none-sticky-hair-oil-heyar-wel', 'Gr1368', '20220808104456.jpg', 300, 289, 1, 0, 1, '300 ml', 0, NULL, NULL, 4, NULL, '2022-08-08 10:44:56', '2022-08-29 13:21:44', NULL),
(1409, 41, 7, 184, NULL, 'Boroplus Neem Face Wash 50 ml (ফেস ওয়াস)', 'boroplus-neem-face-wash-50-ml-fes-was', 'GR30001', '20220810112234.webp', 120, 75, 4, 0, 1, '50 ml', 0, NULL, NULL, 11, NULL, '2022-08-10 11:22:34', '2022-08-30 11:37:23', NULL),
(1410, 40, 10, 138, 56, 'ACI Pure Atta (আাটা)', 'aci-pure-atta-aata', 'GR3002', '20220810113837.jpg', 115, 107, 14, 0, 0, '2Kg', 1, NULL, NULL, 11, NULL, '2022-08-10 11:38:37', '2022-08-29 09:36:04', NULL),
(1411, 41, 7, 184, NULL, 'Biotique Natural Coconut  Hair Oil (তেল)', 'biotique-natural-coconut-hair-oil-tel', 'GR3003', '20220810114850.png', 160, 149, 2, 0, 0, '200 ml', 0, NULL, NULL, 11, NULL, '2022-08-10 11:48:50', '2022-08-29 13:21:08', NULL),
(1412, 41, 10, 184, NULL, 'ACI Rice Bran Oil (তেল)', 'aci-rice-bran-oil-tel', '10G5502', '20220810122545.jpeg', 1130, 1091, 5, 0, 0, '5 Liter', 0, NULL, NULL, 11, NULL, '2022-08-10 12:25:45', '2022-08-30 10:23:46', NULL),
(1415, 22, 18, 49, NULL, 'Test', 'test', '53534534534', '20220810174930.jfif', 500, 200, 1, 30, 0, '11', 0, '<p>xcfbdfbgdf</p>', '<p>dfgdfgdf</p>', 4, NULL, '2022-08-10 17:49:30', '2022-08-10 17:49:49', '2022-08-10'),
(1421, 41, 7, 184, NULL, 'Sprite 2.25 Liter', 'sprite-225-liter', 'BD984567', '20220811130601.jpg', 120, 111, 120, 0, 0, '2.25 Ltr', 0, NULL, NULL, 7, NULL, '2022-08-11 13:06:01', '2022-08-31 13:01:48', NULL),
(1422, 22, 7, 99, NULL, 'Neocare Baby (Wipes)', 'neocare-baby-wipes', 'GR401', '20220813104551.webp', 221, 204, 14, 0, 0, '120 pcs', 1, NULL, NULL, 11, NULL, '2022-08-13 10:45:51', '2022-08-17 11:39:49', NULL),
(1423, 22, 10, 99, NULL, 'ACI Savlon Baby  Antibacterial (wipes)', 'aci-savlon-baby-antibacterial-wipes', 'GR402', '20220813110729.png', 200, 196, 12, 0, 0, '80', 1, NULL, NULL, 11, NULL, '2022-08-13 11:07:29', '2022-08-16 11:34:18', NULL),
(1424, 22, 28, 99, NULL, 'Pozzy Baby Wet Towel (Wipes)', 'pozzy-baby-wet-towel-wipes', 'GR403', '20220813111252.webp', 245, 239, 11, 0, 0, '120 pc', 1, NULL, NULL, 11, NULL, '2022-08-13 11:12:52', '2022-08-16 11:33:21', NULL),
(1425, 22, 7, 99, NULL, 'Supermom Premium Mild Baby (Wipes)', 'supermom-premium-mild-baby-wipes', 'GR404', '20220813111858.png', 235, 229, 13, 0, 0, '120 pc', 1, NULL, NULL, 11, NULL, '2022-08-13 11:18:58', '2022-08-16 11:32:50', NULL),
(1426, 22, 40, 96, NULL, 'Meril Baby Gel Orange Toothpaste (টুথপেষ্ট)', 'meril-baby-gel-orange-toothpaste-tuthpesht', 'GR405', '20220813112447.jpg', 92, 89, 9, 0, 0, '45gm', 1, NULL, NULL, 11, NULL, '2022-08-13 11:24:47', '2022-08-17 11:36:39', NULL),
(1427, 22, 40, 96, NULL, 'Meril Baby Shampoo (শ্যাম্পু)', 'meril-baby-shampoo-szampu', 'GR406', '20220813112734.jpg', 155, 151, 8, 0, 1, '110 ml', 1, NULL, NULL, 11, NULL, '2022-08-13 11:27:34', '2022-08-19 19:38:53', NULL),
(1428, 22, 7, 96, NULL, 'Dr Rhazes Sensitive Baby Wipes', 'dr-rhazes-sensitive-baby-wipes', 'GR408', '20220813115953.jpg', 220, 114, 7, 0, 0, '120 pc', 1, NULL, NULL, 11, NULL, '2022-08-13 11:59:53', '2022-08-15 19:24:58', NULL),
(1429, 22, 10, 96, NULL, 'Savlon Baby Wipes (Jar)', 'savlon-baby-wipes-jar', 'GR409', '20220813121317.jpg', 197, 193, 8, 0, 0, '100 pc', 1, NULL, NULL, 11, 11, '2022-08-13 12:08:26', '2022-08-16 11:25:53', NULL),
(1430, 22, 28, 96, NULL, 'Johnson\'s Baby Cream Milk and Rice', 'johnsons-baby-cream-milk-and-rice', 'GR409', '20220813123219.jpg', 210, 206, 12, 0, 0, '100 gm', 1, NULL, NULL, 11, NULL, '2022-08-13 12:32:19', '2022-08-16 11:24:51', NULL),
(1431, 22, 28, 96, NULL, 'Johnson\'s Baby Oil (Vitamin E)', 'johnsons-baby-oil-vitamin-e', 'GR410', '20220813123439.webp', 107, 103, 6, 0, 0, '50 ml', 1, NULL, NULL, 11, NULL, '2022-08-13 12:34:39', '2022-08-16 11:24:03', NULL),
(1434, 22, 28, 96, NULL, 'Johnson\'s Baby Shampoo (শ্যাম্পু)', 'johnsons-baby-shampoo-szampu', 'GR411', '20220813125524.jpg', 179, 176, 10, 0, 1, '100 ml', 1, NULL, NULL, 11, NULL, '2022-08-13 12:55:24', '2022-08-18 09:22:12', NULL),
(1436, 22, 28, 96, NULL, 'Johnson\'s Baby Soap 50gm(সাবান)', 'johnsons-baby-soap-50gmsaban', 'GR411', '20220813130332.jpg', 89, 86, 7, 0, 0, '.', 1, NULL, NULL, 11, NULL, '2022-08-13 13:03:32', '2022-08-16 11:20:21', NULL),
(1437, 22, 7, 96, NULL, 'Twinkle Baby Feeder', 'twinkle-baby-feeder', 'GR413', '20220813133649.jpg', 200, 194, -62, 0, 76, '240 ml', 1, NULL, NULL, 11, 11, '2022-08-13 13:35:42', '2022-08-18 09:22:12', NULL),
(1438, 22, 28, 96, NULL, 'Mother Care Baby Wide Neck Bottle (Feeder)', 'mother-care-baby-wide-neck-bottle-feeder', 'GR412', '20220813134436.jpg', 602, 596, 14, 0, 0, '250 ml', 1, NULL, NULL, 11, NULL, '2022-08-13 13:44:36', '2022-08-17 11:29:03', NULL),
(1439, 22, 28, 96, NULL, 'Pur Baby Standard Medium Flow Nipple M (3 Months plus)', 'pur-baby-standard-medium-flow-nipple-m-3-months-plus', 'GR413', '20220813140000.jpg', 182, 179, 4, 0, 0, '2 pc', 1, NULL, NULL, 11, NULL, '2022-08-13 14:00:00', '2022-08-17 11:28:13', NULL),
(1440, 22, 28, 96, NULL, 'Pur Baby  Slow Flow Nipple S (0 Months Plus)', 'pur-baby-slow-flow-nipple-s-0-months-plus', 'GR414', '20220813140343.webp', 182, 179, 7, 0, 0, '2 pc', 1, NULL, NULL, 11, NULL, '2022-08-13 14:03:43', '2022-08-17 11:26:44', NULL),
(1441, 22, 28, 96, NULL, 'Pur Baby Walrus Bowl Yellow (R.5502) (6 months plus) 1 set', 'pur-baby-walrus-bowl-yellow-r5502-6-months-plus-1-set', 'GR415', '20220813140852.jpg', 757, 699, 6, 0, 0, '1 pc', 1, NULL, NULL, 11, NULL, '2022-08-13 14:08:52', '2022-08-16 11:13:06', NULL),
(1442, 22, 7, 96, NULL, 'Bashundhara Baby Wipes (jar)', 'bashundhara-baby-wipes-jar', 'GR414', '20220813160644.jpg', 182, 176, 12, 0, 0, '120 pc', 1, NULL, NULL, 11, NULL, '2022-08-13 16:06:44', '2022-08-17 11:23:51', NULL),
(1443, 22, 7, 96, NULL, 'ACI Twinkle Baby Wipes (Jar)', 'aci-twinkle-baby-wipes-jar', 'GR417', '20220813161448.jpg', 220, 216, 11, 0, 1, '160 pc', 1, NULL, NULL, 11, NULL, '2022-08-13 16:14:48', '2022-08-19 19:38:53', NULL),
(1444, 22, 7, 96, NULL, 'Parachute  Baby Toothpaste (Mix Fruit)', 'parachute-baby-toothpaste-mix-fruit', 'GR415', '20220813162436.png', 75, 65, 9, 0, 0, '45 gm', 1, NULL, NULL, 11, NULL, '2022-08-13 16:24:36', '2022-08-16 11:08:23', NULL),
(1445, 22, 28, 96, NULL, 'Johnson\'s Baby Lotion Milk and Rice', 'johnsons-baby-lotion-milk-and-rice', 'GR416', '20220813163125.jpg', 105, 99, 6, 0, 0, '50 gm', 1, NULL, NULL, 11, NULL, '2022-08-13 16:31:25', '2022-08-16 11:07:41', NULL),
(1446, 22, 28, 96, NULL, 'Pur Baby 4 in 1 Weaning Set (6 Months Plus)', 'pur-baby-4-in-1-weaning-set-6-months-plus', 'GR417', '20220813163945.webp', 690, 679, 4, 0, 0, '1pcs', 1, NULL, NULL, 11, NULL, '2022-08-13 16:39:45', '2022-08-17 11:25:42', NULL),
(1447, 22, 28, 96, NULL, 'Pur Baby Feeder and Nipple Brush (R.6104)', 'pur-baby-feeder-and-nipple-brush-r6104', 'GR419', '20220813174747.png', 381, 376, 4, 0, 0, '1 set', 1, NULL, NULL, 11, NULL, '2022-08-13 17:47:47', '2022-08-16 11:05:17', NULL),
(1448, 22, 7, 96, NULL, 'Parachute Just for Baby  Shampoo', 'parachute-just-for-baby-shampoo', 'GR420', '20220813180550.jpeg', 235, 231, 4, 0, 0, '200 ml', 1, NULL, NULL, 11, NULL, '2022-08-13 18:05:50', '2022-08-17 11:21:53', NULL),
(1449, 22, 28, 96, NULL, 'Smartcare Spoon Feeder', 'smartcare-spoon-feeder', 'GR421', '20220813182246.jpeg', 365, 355, 11, 0, 0, '120 ml', 1, NULL, NULL, 11, NULL, '2022-08-13 18:22:46', '2022-08-16 11:04:11', NULL),
(1450, 22, 28, 96, NULL, 'Farlin Baby Spoon Feeder', 'farlin-baby-spoon-feeder', 'GR422', '20220813182506.jpg', 360, 349, 8, 0, 0, 'each', 1, NULL, NULL, 11, NULL, '2022-08-13 18:25:06', '2022-08-17 11:20:52', NULL),
(1451, 22, 28, 100, NULL, 'Baby Bowl Set (blue)', 'baby-bowl-set-blue', 'GR423', '20220813183408.jpeg', 690, 679, 1, 0, 3, 'Each', 1, NULL, NULL, 11, NULL, '2022-08-13 18:34:08', '2022-08-24 14:31:45', NULL),
(1452, 22, 7, 96, NULL, 'Angel Orthodontic Silicone Pacifier (P2A-S) 6M Plus', 'angel-orthodontic-silicone-pacifier-p2a-s-6m-plus', 'GR424', '20220813183703.jpg', 230, 219, 6, 0, 1, 'Each', 1, NULL, NULL, 11, NULL, '2022-08-13 18:37:03', '2022-08-18 09:22:12', NULL),
(1453, 22, 7, 96, NULL, 'Angel Silicon Nipple (6 Months Plus) X', 'angel-silicon-nipple-6-months-plus-x', 'GR425', '20220813184033.jpg', 56, 52, 3, 0, 1, 'Each', 1, NULL, NULL, 11, NULL, '2022-08-13 18:40:33', '2022-08-18 09:22:12', NULL),
(1454, 40, 7, 138, 56, 'Teer Whole Wheat Flour Atta  (আটা)', 'teer-whole-wheat-flour-atta-ata', 'GR426', '20220814102724.jpg', 140, 136, 14, 0, 0, '2 kg', 1, NULL, NULL, 11, NULL, '2022-08-14 10:27:24', '2022-08-17 11:10:01', NULL),
(1455, 40, 7, 191, NULL, 'Zero Cal Box 75 Sachets (1 box)', 'zero-cal-box-75-sachets-1-box', 'GR427', '20220814103837.jpg', 220, 211, 6, 0, 1, '.', 1, NULL, NULL, 11, NULL, '2022-08-14 10:38:37', '2022-08-17 17:35:42', NULL),
(1456, 40, 7, 191, NULL, 'Zero Cal Sugar (ট্যাবলেট)', 'zero-cal-sugar-tzablet', 'GR428', '20220814104313.webp', 150, 146, 12, 0, 2, '100 Tablet', 1, NULL, NULL, 11, NULL, '2022-08-14 10:43:13', '2022-08-17 17:35:42', NULL),
(1457, 40, 7, 189, NULL, 'Bisk Club Sugar Free Cracker Biscuit (বিস্কুট)', 'bisk-club-sugar-free-cracker-biscuit-biskut', 'GR428', '20220814104540.jpg', 85, 82, 8, 0, 1, '180 gm', 1, NULL, NULL, 11, NULL, '2022-08-14 10:45:40', '2022-08-17 17:35:42', NULL),
(1458, 40, 28, 189, NULL, 'Tiffany Sugar Free Lemon and Cream Biscuit', 'tiffany-sugar-free-lemon-and-cream-biscuit', 'GR429', '20220814105458.webp', 320, 311, 8, 0, 1, '162 gm', 1, NULL, NULL, 11, NULL, '2022-08-14 10:54:58', '2022-08-17 17:35:42', NULL),
(1459, 40, 7, 191, NULL, 'Zerova Powder Sachets', 'zerova-powder-sachets', 'GR431', '20220816103229.jpg', 130, 122, 12, 0, 0, '30 pc', 1, NULL, NULL, 11, 11, '2022-08-14 11:20:33', '2022-08-16 10:32:29', NULL),
(1460, 36, 28, 192, NULL, 'Whiskas Adult Tuna in Jelly Pouch', 'whiskas-adult-tuna-in-jelly-pouch', 'GR432', '20220817105646.jpg', 95, 81, 13, 0, 1, '80 gm', 1, NULL, NULL, 11, 11, '2022-08-14 13:23:28', '2022-08-18 09:22:12', NULL),
(1461, 36, 28, 192, NULL, 'Whiskas Cat Food Ocean Fish', 'whiskas-cat-food-ocean-fish', 'GR433', '20220814133309.png', 285, 276, 12, 0, 2, '480 gm', 1, '<p>\"Crunchy chunks packed with real fish/chicken flavour</p><p>Made with high-quality ingredients &amp; nutrition for pet cats</p><p>Special blend of nutrients support the cat’s vital system</p><p>Provides adult cats with shiny coat, better eye sight &amp; energy</p><p>A balanced cat food that helps prevent obesity when fed right</p><p>Backed by research done by the Waltham Centre for Pet Nutrition</p><p>For cat breeds from Persian Cat, British Shorthair to Siamese Cat\"</p><p>Nutritional facts/Ingredients :\"Flavors:Dry, Fish</p><p>&nbsp;</p><p>\"</p>', NULL, 11, NULL, '2022-08-14 13:33:09', '2022-08-19 19:38:53', NULL),
(1462, 36, 28, 192, NULL, 'Cat Food Tuna in Jelly (Can) Smartheart', 'cat-food-tuna-in-jelly-can-smartheart', 'GR433', '20220814133816.jpg', 226, 170, 9, 0, 0, '400 gm', 1, NULL, NULL, 11, NULL, '2022-08-14 13:38:16', '2022-08-17 10:59:25', NULL),
(1463, 36, 28, 192, NULL, 'Whiskas Adult Cat Food and Tuna', 'whiskas-adult-cat-food-and-tuna', 'GR434', '20220814134427.png', 1350, 1320, 6, 0, 1, '3 kg', 1, NULL, NULL, 11, NULL, '2022-08-14 13:44:27', '2022-08-18 09:22:12', NULL),
(1464, 36, 28, 192, NULL, 'Jungle Adult Cat Food Salmon Flavour', 'jungle-adult-cat-food-salmon-flavour', 'GR436', '20220816104451.jpg', 645, 639, 4, 0, 0, '1.5kg', 1, NULL, NULL, 11, 11, '2022-08-14 13:56:07', '2022-08-16 10:44:51', NULL),
(1465, 36, 28, 192, NULL, 'Drools Adult Cat Food Real Chicken and Complete Nutrition', 'drools-adult-cat-food-real-chicken-and-complete-nutrition', 'GR437', '20220816104708.jpeg', 910, 899, 7, 0, 0, '3 kg', 1, NULL, NULL, 11, 11, '2022-08-14 14:32:11', '2022-08-17 11:00:54', NULL),
(1466, 36, 28, 192, NULL, 'Adult Cat Food Ocean Fish (whiskas)', 'adult-cat-food-ocean-fish-whiskas', 'GR437', '20220814143758.webp', 131, 103, 7, 0, 0, '80 gm', 1, NULL, NULL, 11, NULL, '2022-08-14 14:37:58', '2022-08-17 17:24:06', NULL),
(1467, 36, 28, 192, NULL, 'Smartheart Adult Cat Food & Sardine Chicken and Rice', 'smartheart-adult-cat-food-sardine-chicken-and-rice', 'GR438', '20220817102823.jpg', 119, 99, 3, 0, 1, '80 gm', 1, NULL, NULL, 11, 11, '2022-08-14 14:47:01', '2022-08-17 10:33:46', NULL),
(1468, 36, 28, 192, NULL, 'Junior Cat Food Ocean Fish With Milk.whiskas', 'junior-cat-food-ocean-fish-with-milkwhiskas', 'GR838', '20220814151215.png', 721, 699, 6, 0, 1, '1.1 kg', 1, NULL, NULL, 11, NULL, '2022-08-14 15:12:15', '2022-08-17 17:24:25', NULL),
(1469, 22, 28, 95, NULL, 'Biomil 2 Powder Milk (বায়োমিল ২)', 'biomil-2-powder-milk-bayomil-2', 'Fd 1090', '20220817100733.jpg', 490, 490, 12, 0, 8, '350 gm', 1, NULL, NULL, 9, NULL, '2022-08-17 10:07:33', '2022-08-30 17:51:12', NULL),
(1470, 41, 28, 184, NULL, 'Oral-B (Toothpaste) Made In Germany', 'oral-b-toothpaste-made-in-germany', 'GR5010', '20220821105003.jpeg', 635, 399, 5, 0, 0, '75 ml', 0, NULL, NULL, 11, NULL, '2022-08-21 10:50:03', '2022-08-29 13:17:04', NULL),
(1471, 41, 28, 184, NULL, 'Signal Herbal Fresh Toothpaste  (Made In Uk', 'signal-herbal-fresh-toothpaste-made-in-uk', 'GR5011', '20220821110233.jpg', 620, 399, 2, 0, 0, '75 ml', 0, NULL, NULL, 11, NULL, '2022-08-21 11:02:33', '2022-08-29 13:16:40', NULL),
(1472, 41, 28, 184, NULL, 'Tahiti Vanille  Shower Gel (Made In Switzerland)', 'tahiti-vanille-shower-gel-made-in-switzerland', 'GR5012', '20220821111020.jpg', 785, 599, 1, 0, 0, '250 ml', 0, NULL, NULL, 11, NULL, '2022-08-21 11:10:20', '2022-08-29 13:16:15', NULL),
(1473, 41, 28, 184, NULL, 'Tahiti Bois Rose Shower Gel (Made In Switzerland)', 'tahiti-bois-rose-shower-gel-made-in-switzerland', 'GR5013', '20220821111457.jpeg', 785, 599, 1, 0, 0, '250 ml', 0, NULL, NULL, 11, NULL, '2022-08-21 11:14:57', '2022-08-29 13:15:54', NULL),
(1474, 41, 28, 184, NULL, 'Axe Dark Temptation  Body Spray', 'axe-dark-temptation-body-spray', 'GR5014', '20220821112609.webp', 460, 331, 6, 0, 0, '150 ml', 0, NULL, NULL, 11, NULL, '2022-08-21 11:26:09', '2022-08-29 13:15:41', NULL),
(1475, 41, 28, 184, NULL, 'Axe Ice Chill Body Spray', 'axe-ice-chill-body-spray', 'GR5014', '20220821113609.jpg', 460, 331, 6, 0, 0, '150 ml', 0, NULL, NULL, 11, 11, '2022-08-21 11:35:34', '2022-08-29 13:15:40', NULL),
(1476, 41, 28, 184, NULL, 'Dove Original Soap', 'dove-original-soap', 'GR1015', '20220821120204.png', 196, 167, 1, 0, 1, '135 gm', 0, NULL, NULL, 11, NULL, '2022-08-21 12:02:04', '2022-08-29 13:15:38', NULL),
(1477, 41, 7, 184, NULL, 'Colgate Strong Teeth Toothpaste', 'colgate-strong-teeth-toothpaste', 'GR5015', '20220821123652.jpg', 140, 139, 1, 0, 0, '200 gm', 0, NULL, NULL, 11, NULL, '2022-08-21 12:36:52', '2022-08-30 11:10:21', NULL),
(1478, 41, 28, 184, NULL, 'Dawat Basamati Rice', 'dawat-basamati-rice', 'GR5020', '20220830123447.png', 355, 309, 2, 0, 0, '1 kg', 0, NULL, NULL, 11, NULL, '2022-08-30 12:34:47', '2022-08-30 12:35:33', NULL),
(1479, 41, 11, 184, NULL, 'Fresh Mustard Oil', 'fresh-mustard-oil', 'GR5021', '20220830142519.jpg', 185, 174, 4, 0, 0, '500 ml', 0, NULL, NULL, 11, NULL, '2022-08-30 14:25:19', '2022-08-30 14:25:19', NULL),
(1480, 41, 28, 184, NULL, 'Hit Fresh Fragrance', 'hit-fresh-fragrance', 'GR5022', '20220830143138.jpg', 300, 295, 3, 0, 0, '400 ml', 0, NULL, NULL, 11, NULL, '2022-08-30 14:31:38', '2022-08-30 14:31:38', NULL),
(1481, 41, 28, 184, NULL, 'Hit Lime Fresh', 'hit-lime-fresh', 'GR5023', '20220830143642.jpg', 275, 260, 3, 0, 0, '400 ml', 0, NULL, NULL, 11, NULL, '2022-08-30 14:36:42', '2022-08-30 14:36:42', NULL),
(1482, 41, 10, 184, NULL, 'Aci Aerosol Insect Spray', 'aci-aerosol-insect-spray', 'GR5024', '20220830161627.jpg', 495, 480, 3, 0, 0, '800 ml', 0, NULL, NULL, 11, NULL, '2022-08-30 16:16:27', '2022-08-30 16:16:27', NULL),
(1483, 41, 10, 184, NULL, 'Aci Aerosol Insect Spray 475 ml', 'aci-aerosol-insect-spray-475-ml', 'GR5024', '20220830162019.webp', 350, 340, 3, 0, 0, '475 ml', 0, NULL, NULL, 11, NULL, '2022-08-30 16:20:19', '2022-08-30 16:53:17', NULL),
(1484, 41, 28, 184, NULL, 'Jonsons Baby Soap', 'jonsons-baby-soap', 'GR5025', '20220830162346.jpg', 170, 162, 2, 0, 0, '150 gm', 0, NULL, NULL, 11, NULL, '2022-08-30 16:23:46', '2022-08-30 16:24:10', NULL),
(1485, 41, 24, 184, NULL, 'Hajmola Regular', 'hajmola-regular', 'GR5026', '20220830163150.jpg', 70, 55, 2, 0, 0, '100 Tablet', 0, NULL, NULL, 11, 11, '2022-08-30 16:29:53', '2022-08-30 16:32:11', NULL),
(1486, 41, 24, 184, NULL, 'Hajmola Imli', 'hajmola-imli', 'GR5027', '20220830163538.jpg', 70, 55, 2, 0, 0, '100 Tablet', 0, NULL, NULL, 11, NULL, '2022-08-30 16:35:38', '2022-08-30 16:35:38', NULL),
(1487, 41, 20, 184, NULL, 'Trix Lemon Dishwashing Liquid', 'trix-lemon-dishwashing-liquid', 'GR5028', '20220830164012.webp', 120, 113, 12, 0, 0, '500 ml', 0, NULL, NULL, 11, NULL, '2022-08-30 16:40:12', '2022-08-30 16:41:27', NULL),
(1488, 41, 20, 184, NULL, 'Lizol Floor Cleaner', 'lizol-floor-cleaner', 'GR5028', '20220830165047.jpg', 265, 255, 4, 0, 0, '975 ml', 0, NULL, NULL, 11, NULL, '2022-08-30 16:50:47', '2022-08-30 17:02:47', NULL),
(1489, 41, 20, 184, NULL, 'Lizol Floral Floor Cleaner', 'lizol-floral-floor-cleaner', 'GR5029', '20220830165708.webp', 265, 255, 2, 0, 0, '975 ml', 0, NULL, NULL, 11, NULL, '2022-08-30 16:57:08', '2022-08-30 17:02:48', NULL),
(1490, 41, 20, 184, NULL, 'Lizol Lemon Floor Cleaner', 'lizol-lemon-floor-cleaner', 'GR5030', '20220830170230.webp', 150, 143, 6, 0, 0, '500 ml', 0, NULL, NULL, 11, NULL, '2022-08-30 17:02:30', '2022-08-30 17:02:50', NULL);

-- --------------------------------------------------------

--
-- Table structure for table `product_attributes`
--

CREATE TABLE `product_attributes` (
  `id` bigint(20) UNSIGNED NOT NULL,
  `product_id` bigint(20) UNSIGNED DEFAULT NULL,
  `attribute_id` bigint(20) UNSIGNED NOT NULL,
  `value_id` bigint(20) UNSIGNED NOT NULL,
  `value` varchar(255) COLLATE utf8mb4_unicode_ci DEFAULT NULL,
  `price` double(8,2) DEFAULT NULL,
  `stock` int(11) NOT NULL,
  `created_at` timestamp NULL DEFAULT NULL,
  `updated_at` timestamp NULL DEFAULT NULL
) ENGINE=InnoDB DEFAULT CHARSET=utf8mb4 COLLATE=utf8mb4_unicode_ci;

-- --------------------------------------------------------

--
-- Table structure for table `product_galleries`
--

CREATE TABLE `product_galleries` (
  `id` bigint(20) UNSIGNED NOT NULL,
  `product_id` bigint(20) UNSIGNED DEFAULT NULL,
  `image` varchar(255) COLLATE utf8mb4_unicode_ci DEFAULT NULL,
  `created_at` timestamp NULL DEFAULT NULL,
  `updated_at` timestamp NULL DEFAULT NULL
) ENGINE=InnoDB DEFAULT CHARSET=utf8mb4 COLLATE=utf8mb4_unicode_ci;

--
-- Dumping data for table `product_galleries`
--

INSERT INTO `product_galleries` (`id`, `product_id`, `image`, `created_at`, `updated_at`) VALUES
(194, 196, '1654663252_62a028549ece5.jpg', '2022-06-08 10:40:52', '2022-06-08 10:40:52'),
(195, 196, '1654663252_62a028549f30b.png', '2022-06-08 10:40:52', '2022-06-08 10:40:52'),
(196, 212, '1654720243_62a106f3226e0.jpg', '2022-06-09 02:30:43', '2022-06-09 02:30:43'),
(197, 374, '1655305805_62a9f64d70b65.jpeg', '2022-06-15 21:10:05', '2022-06-15 21:10:05'),
(198, 377, '1655411014_62ab914627093.jpeg', '2022-06-17 02:23:34', '2022-06-17 02:23:34'),
(199, 377, '1655411014_62ab914627703.jpeg', '2022-06-17 02:23:34', '2022-06-17 02:23:34'),
(200, 379, '1655411292_62ab925ce7d37.jpeg', '2022-06-17 02:28:12', '2022-06-17 02:28:12'),
(201, 379, '1655411292_62ab925ce820c.jpeg', '2022-06-17 02:28:12', '2022-06-17 02:28:12'),
(202, 379, '1655411292_62ab925ce860c.jpeg', '2022-06-17 02:28:12', '2022-06-17 02:28:12'),
(203, 379, '1655411292_62ab925ce8ac3.jpeg', '2022-06-17 02:28:12', '2022-06-17 02:28:12'),
(204, 379, '1655411292_62ab925ce91a6.jpeg', '2022-06-17 02:28:12', '2022-06-17 02:28:12'),
(205, 378, '1655411493_62ab9325a96eb.jpeg', '2022-06-17 02:31:33', '2022-06-17 02:31:33'),
(206, 378, '1655411493_62ab9325a9bfd.jpeg', '2022-06-17 02:31:33', '2022-06-17 02:31:33'),
(207, 378, '1655411493_62ab9325a9f28.jpeg', '2022-06-17 02:31:33', '2022-06-17 02:31:33'),
(208, 378, '1655411493_62ab9325aa6c6.jpeg', '2022-06-17 02:31:33', '2022-06-17 02:31:33'),
(209, 579, '1656502081_62bc3741b7e25.jpg', '2022-06-29 17:28:01', '2022-06-29 17:28:01'),
(213, 1442, '1660385274_62f777fa34c56.jpg', '2022-08-13 16:07:54', '2022-08-13 16:07:54');

-- --------------------------------------------------------

--
-- Table structure for table `reviews`
--

CREATE TABLE `reviews` (
  `id` bigint(20) UNSIGNED NOT NULL,
  `rating` int(22) DEFAULT NULL,
  `product_id` int(11) NOT NULL,
  `user_id` int(11) NOT NULL,
  `comment` longtext COLLATE utf8mb4_unicode_ci DEFAULT NULL,
  `created_at` timestamp NULL DEFAULT NULL,
  `updated_at` timestamp NULL DEFAULT NULL
) ENGINE=InnoDB DEFAULT CHARSET=utf8mb4 COLLATE=utf8mb4_unicode_ci;

--
-- Dumping data for table `reviews`
--

INSERT INTO `reviews` (`id`, `rating`, `product_id`, `user_id`, `comment`, `created_at`, `updated_at`) VALUES
(1, 3, 90, 5, 'Veritatis sed in quo', '2022-04-06 05:12:27', '2022-04-06 05:12:27'),
(2, 3, 90, 5, 'Debitis rerum magna', '2022-04-06 05:20:02', '2022-04-06 05:20:02'),
(3, 4, 11, 5, 'Aliquam qui qui exer', '2022-04-06 05:26:34', '2022-04-06 05:26:34'),
(4, 3, 86, 5, 'Molestiae quis eos', '2022-04-06 06:43:24', '2022-04-06 06:43:24'),
(5, 3, 87, 5, 'Molestiae quis eos', '2022-04-06 06:44:55', '2022-04-06 06:44:55'),
(6, 4, 90, 5, 'Molestiae quis eos', '2022-04-06 06:50:29', '2022-04-06 06:50:29'),
(7, 4, 90, 5, 'Molestiae quis eos', '2022-04-06 06:51:03', '2022-04-06 06:51:03'),
(8, 5, 81, 5, 'Lorem Ipsum is simply a dummy text of the printing and typesetting industry. Lorem Ipsum has been the industry\'s standard dummy text ever since the 1500s when an unknown printer took a galley of type and scrambled it to make a type specimen book.', '2022-04-06 09:53:03', '2022-04-06 09:53:03'),
(9, 3, 91, 5, 'Cupiditate tenetur o', '2022-04-07 04:07:37', '2022-04-07 04:07:37'),
(10, 2, 91, 5, 'Commodo facilis prov', '2022-04-07 04:07:49', '2022-04-07 04:07:49'),
(11, 3, 91, 5, 'Ut blanditiis porro', '2022-04-07 05:03:56', '2022-04-07 05:03:56'),
(12, 5, 91, 5, 'Rem ex est labore qu', '2022-04-07 05:04:06', '2022-04-07 05:04:06'),
(13, 5, 98, 5, 'vbnfghjhfg', '2022-04-10 06:33:13', '2022-04-10 06:33:13'),
(14, 3, 17, 5, 'This is good product', '2022-04-10 08:08:48', '2022-04-10 08:08:48'),
(15, 1, 99, 5, 'xfvdffd', '2022-04-10 09:41:41', '2022-04-10 09:41:41'),
(16, 5, 2, 15, 'Voluptas illum non', '2022-04-13 09:05:01', '2022-04-13 09:05:01'),
(17, 3, 2, 15, 'Tempore soluta impe', '2022-04-13 09:11:10', '2022-04-13 09:11:10'),
(18, 5, 2, 15, 'fygufgjhy', '2022-04-13 09:12:54', '2022-04-13 09:12:54'),
(19, 5, 2, 15, 'fytjhfytjh', '2022-04-13 09:13:03', '2022-04-13 09:13:03'),
(20, 5, 2, 15, 'fyjhh', '2022-04-13 09:13:14', '2022-04-13 09:13:14'),
(21, 5, 2, 15, 'yjhuytjuytgjugyt', '2022-04-13 09:13:23', '2022-04-13 09:13:23'),
(22, 5, 2, 15, 'ytjuytjgytjgyth', '2022-04-13 09:13:33', '2022-04-13 09:13:33'),
(23, 5, 47, 15, 'sdvgfgrfg', '2022-04-13 09:16:30', '2022-04-13 09:16:30'),
(24, 5, 25, 15, 'blkbk', '2022-04-13 09:17:33', '2022-04-13 09:17:33'),
(25, 1, 64, 15, 'werrtertyrtyert', '2022-04-13 09:19:57', '2022-04-13 09:19:57'),
(26, 3, 64, 15, 'fghdfghdfhdfghdf', '2022-04-13 09:20:23', '2022-04-13 09:20:23'),
(27, 5, 9, 5, 'Good Product', '2022-04-16 04:32:05', '2022-04-16 04:32:05'),
(28, 5, 9, 5, 'Good Product', '2022-04-16 04:46:01', '2022-04-16 04:46:01'),
(29, 5, 76, 5, 'cvgbfghg', '2022-04-16 06:22:52', '2022-04-16 06:22:52'),
(32, 1, 77, 16, 'This is bad product', '2022-04-17 05:15:38', '2022-04-17 05:15:38'),
(33, 5, 232, 54, 'sdfsdfsdfsd', '2022-06-11 10:04:04', '2022-06-11 10:04:04'),
(34, 5, 440, 185, 'good quality product', '2022-06-26 11:40:50', '2022-06-26 11:40:50'),
(35, 5, 708, 212, NULL, '2022-07-07 23:07:51', '2022-07-07 23:07:51'),
(36, 5, 708, 212, 'আসসালামু আলাইকুম, লজিস্টিক ইনচার্জ জিসান ভাইকে অন্তরের অন্তস্থল থেকে ধন্যবাদ। \r\nআম্মুর জন্য প্রোডাক্ট টা খুব প্রয়োজন ছিল আর আমি ছিলাম আমার কর্মস্থলে যার কারণে আমি প্রোডাক্টটি কালেক্ট করে সেন্ড করতে পারছিলাম না কিন্তু জিসান ভাই খুবই আন্তরিকতার সাথে আমার প্রোডাক্ট গুলো কুরিয়ারে সেন্ড করে দিয়েছেন তিনি ছুটিতে থাকা সত্ত্বেও 🥰', '2022-07-07 23:22:41', '2022-07-07 23:22:41'),
(37, 4, 1344, 185, 'Good Foods', '2022-08-01 14:54:31', '2022-08-01 14:54:31'),
(38, 5, 1348, 5, 'dfgdfdfgdfgdf', '2022-08-01 15:04:53', '2022-08-01 15:04:53'),
(40, 5, 1474, 313, '100%  best quality products', '2022-09-03 10:08:13', '2022-09-03 10:08:13');

-- --------------------------------------------------------

--
-- Table structure for table `roles`
--

CREATE TABLE `roles` (
  `id` bigint(20) UNSIGNED NOT NULL,
  `name` varchar(255) COLLATE utf8mb4_unicode_ci NOT NULL,
  `guard_name` varchar(255) COLLATE utf8mb4_unicode_ci NOT NULL,
  `created_at` timestamp NULL DEFAULT NULL,
  `updated_at` timestamp NULL DEFAULT NULL
) ENGINE=InnoDB DEFAULT CHARSET=utf8mb4 COLLATE=utf8mb4_unicode_ci;

--
-- Dumping data for table `roles`
--

INSERT INTO `roles` (`id`, `name`, `guard_name`, `created_at`, `updated_at`) VALUES
(1, 'superadmin', 'admin', '2022-06-02 08:44:38', '2022-06-02 08:44:38'),
(3, 'Admin Master', 'admin', '2022-08-07 16:56:07', '2022-08-07 16:56:07'),
(4, 'Accounc', 'admin', '2022-08-08 17:00:51', '2022-08-08 17:00:51'),
(5, 'Opration Team', 'admin', '2022-08-08 17:17:29', '2022-08-08 17:17:29'),
(6, 'Accounce', 'admin', '2022-08-08 17:20:51', '2022-08-08 17:20:51'),
(7, 'Shahidul', 'admin', '2022-09-01 12:20:46', '2022-09-01 12:20:46');

-- --------------------------------------------------------

--
-- Table structure for table `role_has_permissions`
--

CREATE TABLE `role_has_permissions` (
  `permission_id` bigint(20) UNSIGNED NOT NULL,
  `role_id` bigint(20) UNSIGNED NOT NULL
) ENGINE=InnoDB DEFAULT CHARSET=utf8mb4 COLLATE=utf8mb4_unicode_ci;

--
-- Dumping data for table `role_has_permissions`
--

INSERT INTO `role_has_permissions` (`permission_id`, `role_id`) VALUES
(1, 1),
(1, 3),
(1, 4),
(1, 5),
(1, 6),
(1, 7),
(2, 1),
(2, 3),
(3, 1),
(3, 3),
(4, 1),
(4, 3),
(5, 1),
(5, 3),
(6, 1),
(6, 3),
(7, 1),
(7, 3),
(8, 1),
(8, 3),
(9, 1),
(9, 3),
(10, 1),
(10, 3),
(10, 4),
(10, 5),
(10, 6),
(11, 1),
(11, 3),
(11, 4),
(11, 5),
(11, 6),
(12, 1),
(12, 3),
(12, 4),
(12, 5),
(12, 6),
(13, 1),
(13, 3),
(13, 4),
(13, 6),
(14, 1),
(14, 3),
(14, 5),
(14, 6),
(15, 1),
(15, 3),
(15, 5),
(15, 6),
(16, 1),
(16, 3),
(16, 5),
(16, 6),
(17, 1),
(17, 3),
(17, 6),
(18, 1),
(18, 3),
(18, 4),
(18, 5),
(18, 6),
(19, 1),
(19, 3),
(19, 4),
(19, 5),
(19, 6),
(20, 1),
(20, 3),
(20, 4),
(20, 5),
(20, 6),
(21, 1),
(21, 3),
(21, 4),
(21, 6),
(22, 1),
(22, 3),
(22, 5),
(23, 1),
(23, 3),
(23, 5),
(24, 1),
(24, 3),
(24, 5),
(25, 1),
(25, 3),
(26, 1),
(26, 3),
(26, 4),
(26, 5),
(26, 6),
(26, 7),
(27, 1),
(27, 3),
(27, 4),
(27, 5),
(27, 6),
(27, 7),
(28, 1),
(28, 3),
(28, 4),
(28, 5),
(28, 6),
(28, 7),
(29, 1),
(29, 3),
(29, 4),
(29, 6),
(29, 7),
(30, 1),
(30, 3),
(31, 1),
(31, 3),
(32, 1),
(32, 3),
(33, 1),
(33, 3),
(34, 1),
(34, 3),
(35, 1),
(35, 3),
(36, 1),
(36, 3),
(37, 1),
(37, 3),
(38, 1),
(38, 3),
(39, 1),
(39, 3),
(40, 1),
(40, 3),
(41, 1),
(41, 3),
(42, 1),
(42, 3),
(42, 6),
(43, 1),
(43, 3),
(43, 6),
(44, 1),
(44, 3),
(44, 6),
(45, 1),
(45, 3),
(45, 6),
(46, 1),
(46, 3),
(46, 6),
(47, 1),
(47, 3),
(47, 6),
(47, 7),
(48, 1),
(48, 3),
(48, 6),
(48, 7),
(49, 1),
(49, 3),
(50, 1),
(50, 3);

-- --------------------------------------------------------

--
-- Table structure for table `settings`
--

CREATE TABLE `settings` (
  `id` bigint(20) UNSIGNED NOT NULL,
  `name` varchar(255) COLLATE utf8mb4_unicode_ci NOT NULL,
  `email` varchar(255) COLLATE utf8mb4_unicode_ci NOT NULL,
  `title` varchar(255) COLLATE utf8mb4_unicode_ci DEFAULT NULL,
  `sub_title` varchar(255) COLLATE utf8mb4_unicode_ci DEFAULT NULL,
  `facebook` varchar(255) COLLATE utf8mb4_unicode_ci DEFAULT NULL,
  `linkedin` varchar(255) COLLATE utf8mb4_unicode_ci DEFAULT NULL,
  `twitter` varchar(255) COLLATE utf8mb4_unicode_ci DEFAULT NULL,
  `youtube` varchar(255) COLLATE utf8mb4_unicode_ci DEFAULT NULL,
  `pinterest` varchar(255) COLLATE utf8mb4_unicode_ci DEFAULT NULL,
  `instagram` varchar(255) COLLATE utf8mb4_unicode_ci DEFAULT NULL,
  `mobile` varchar(255) COLLATE utf8mb4_unicode_ci DEFAULT NULL,
  `address` varchar(255) COLLATE utf8mb4_unicode_ci DEFAULT NULL,
  `fax` varchar(255) COLLATE utf8mb4_unicode_ci DEFAULT NULL,
  `logo_image` varchar(255) COLLATE utf8mb4_unicode_ci DEFAULT NULL,
  `favicon_image` varchar(255) COLLATE utf8mb4_unicode_ci DEFAULT NULL,
  `header_css` varchar(255) COLLATE utf8mb4_unicode_ci DEFAULT NULL,
  `header_script` varchar(255) COLLATE utf8mb4_unicode_ci DEFAULT NULL,
  `body_script` varchar(255) COLLATE utf8mb4_unicode_ci DEFAULT NULL,
  `sidebar_color` varchar(255) COLLATE utf8mb4_unicode_ci DEFAULT NULL,
  `nav_color` varchar(255) COLLATE utf8mb4_unicode_ci DEFAULT NULL,
  `dark_mode` tinyint(1) NOT NULL DEFAULT 0,
  `facebook_pixel` tinyint(1) NOT NULL DEFAULT 0,
  `google_analytics` tinyint(1) NOT NULL DEFAULT 0,
  `search_engine_indexing` tinyint(1) NOT NULL DEFAULT 1,
  `commingsoon_mode` tinyint(1) NOT NULL DEFAULT 0,
  `default_layout` tinyint(1) NOT NULL DEFAULT 1,
  `created_at` timestamp NULL DEFAULT NULL,
  `updated_at` timestamp NULL DEFAULT NULL
) ENGINE=InnoDB DEFAULT CHARSET=utf8mb4 COLLATE=utf8mb4_unicode_ci;

--
-- Dumping data for table `settings`
--

INSERT INTO `settings` (`id`, `name`, `email`, `title`, `sub_title`, `facebook`, `linkedin`, `twitter`, `youtube`, `pinterest`, `instagram`, `mobile`, `address`, `fax`, `logo_image`, `favicon_image`, `header_css`, `header_script`, `body_script`, `sidebar_color`, `nav_color`, `dark_mode`, `facebook_pixel`, `google_analytics`, `search_engine_indexing`, `commingsoon_mode`, `default_layout`, `created_at`, `updated_at`) VALUES
(1, 'Amvines', 'contact@amvines.com', 'Committed to Serve-Stay with Us', NULL, 'https://www.facebook.com/amvinesdotcom/', 'https://www.linkedin.com/in/amvines-dotcom-7b3199230', 'https://twitter.com/AmvinesDotCom', 'facebook.com', 'facebook.com', 'https://instagram.com/amvinesdotcom', '09613824466', 'Our office: \nHouse:69,\nRoad:17,\nBlock: C,\nBanani, Dhaka', '1-8473565', NULL, 'website/logo/FILE_6243fad68470e6243fad6.png', NULL, NULL, NULL, 'rgba(0, 0, 0, 0.97)', 'rgba(227, 42, 42, 1)', 0, 0, 0, 1, 0, 1, '2022-03-20 05:25:49', '2022-08-14 14:32:37');

-- --------------------------------------------------------

--
-- Table structure for table `shippings`
--

CREATE TABLE `shippings` (
  `id` bigint(20) UNSIGNED NOT NULL,
  `name` varchar(255) COLLATE utf8mb4_unicode_ci NOT NULL,
  `email` varchar(255) COLLATE utf8mb4_unicode_ci DEFAULT NULL,
  `phone` varchar(255) COLLATE utf8mb4_unicode_ci NOT NULL,
  `type` varchar(255) COLLATE utf8mb4_unicode_ci DEFAULT NULL,
  `city` varchar(255) COLLATE utf8mb4_unicode_ci NOT NULL,
  `address` varchar(255) COLLATE utf8mb4_unicode_ci NOT NULL,
  `area_id` int(11) DEFAULT NULL,
  `remark` text COLLATE utf8mb4_unicode_ci DEFAULT NULL,
  `created_at` timestamp NULL DEFAULT NULL,
  `updated_at` timestamp NULL DEFAULT NULL
) ENGINE=InnoDB DEFAULT CHARSET=utf8mb4 COLLATE=utf8mb4_unicode_ci;

--
-- Dumping data for table `shippings`
--

INSERT INTO `shippings` (`id`, `name`, `email`, `phone`, `type`, `city`, `address`, `area_id`, `remark`, `created_at`, `updated_at`) VALUES
(5, 'Oleg Reed', 'renicenomo@mailinator.com', '+1 (836) 253-5246', 'Omnis omnis libero e', 'pabna', 'Consequatur velit d', NULL, 'Aut sit quis in ut', '2022-03-27 05:09:30', '2022-03-27 05:09:30'),
(6, 'Emi Mitchell', NULL, '+1 (812) 956-1441', NULL, 'khulna', 'Fugiat enim laudant', NULL, 'Dolor dolore eos ali', '2022-03-27 05:26:26', '2022-03-27 05:26:26'),
(7, 'Kasper Lamb', NULL, '+1 (601) 815-7759', NULL, 'nobabgonj', 'Quas eveniet odit v', NULL, 'Voluptas est non ac', '2022-03-27 05:27:51', '2022-03-27 05:27:51'),
(8, 'Customer', NULL, '0182734634', NULL, 'pabna', 'Pabna 12 Hsdvg r4b343', NULL, 'dfhcfghfghfghfg', '2022-03-27 05:51:28', '2022-03-27 05:51:28'),
(9, 'Allistair Horne', 'rycinytej@mailinator.com', '+1 (479) 159-5329', NULL, 'nator', 'Occaecat praesentium', NULL, 'In enim quis debitis', '2022-03-28 04:30:20', '2022-03-28 04:30:20'),
(10, 'Jerry Hays', 'datoni@mailinator.com', '+1 (633) 573-1186', NULL, 'pabna', 'Soluta tempor ut dol', NULL, 'Voluptas atque possi', '2022-03-28 04:30:45', '2022-03-28 04:30:45'),
(11, 'Sheila Bates', 'sesicacic@mailinator.com', '+1 (621) 745-8052', NULL, 'Voirob', 'Perferendis exercita', NULL, 'Ut libero iste sint', '2022-03-31 09:23:23', '2022-03-31 09:23:23'),
(12, 'Rigel Nicholson', 'nafocynid@mailinator.com', '0132435463', NULL, 'dhaka', 'Adipisicing iusto il', NULL, 'Totam minim lorem ip', '2022-04-03 08:30:22', '2022-04-03 08:30:22'),
(13, 'hsavbd', 'ndfjndfg@fgsd.com', '423435345', 'dnbjkdfgb', 'Dhaka City', 'dffkgbdfgbdfh', NULL, 'ddbngdfjkbgdfj', '2022-04-04 09:01:56', '2022-04-04 09:01:56'),
(14, 'hsavbd', 'ndfjndfg@fgsd.com', '423435345', 'dnbjkdfgb', 'Dhaka City', 'dffkgbdfgbdfh', NULL, 'ddbngdfjkbgdfj', '2022-04-04 09:03:14', '2022-04-04 09:03:14'),
(15, 'hsavbd', 'ndfjndfg@fgsd.com', '423435345', 'dnbjkdfgb', 'Dhaka City', 'dffkgbdfgbdfh', NULL, 'ddbngdfjkbgdfj', '2022-04-04 09:03:41', '2022-04-04 09:03:41'),
(16, 'hsavbd', 'ndfjndfg@fgsd.com', '423435345', 'dnbjkdfgb', 'Dhaka City', 'dffkgbdfgbdfh', NULL, 'ddbngdfjkbgdfj', '2022-04-04 09:03:49', '2022-04-04 09:03:49'),
(17, 'hsavbd', 'ndfjndfg@fgsd.com', '423435345', 'dnbjkdfgb', 'Dhaka City', 'dffkgbdfgbdfh', NULL, 'ddbngdfjkbgdfj', '2022-04-04 09:05:29', '2022-04-04 09:05:29'),
(18, 'Name', 'ndfjndfg@fgsd.com', '423435345', 'dnbjkdfgb', 'Dhaka City', 'dffkgbdfgbdfh', NULL, 'ddbngdfjkbgdfj', '2022-04-04 09:10:33', '2022-04-04 09:10:33'),
(19, 'Name', NULL, '423435345', 'dnbjkdfgb', 'Dhaka City', 'dffkgbdfgbdfh', NULL, 'ddbngdfjkbgdfj', '2022-04-04 09:12:43', '2022-04-04 09:12:43'),
(20, 'Name', 'sbfvasd@mail.com', '534563465346', 'dnbjkdfgb', 'Dhaka City', 'dffkgbdfgbdfh', NULL, 'ddbngdfjkbgdfj', '2022-04-04 09:13:14', '2022-04-04 09:13:14'),
(21, 'Name', 'sbfvasd@mail.com', '534563465346', 'sgsdergter', 'Dhaka City', 'sggder', NULL, 'ddbngdfjkbgdfj', '2022-04-04 09:13:59', '2022-04-04 09:13:59'),
(22, 'Name', 'sbfvasd@mail.com', '534563465346', 'sgsdergter', 'Dhaka City', 'sggder', NULL, NULL, '2022-04-04 09:14:24', '2022-04-04 09:14:24'),
(23, 'Name', 'sbfvasd@mail.com', '534563465346', 'sgsdergter', 'Dhaka City', 'sggder', NULL, NULL, '2022-04-05 04:11:33', '2022-04-05 04:11:33'),
(24, 'Name', 'sbfvasd@mail.com', '534563465346', 'sgsdergter', 'Dhaka City', 'sggder', NULL, NULL, '2022-04-05 04:11:48', '2022-04-05 04:11:48'),
(25, 'Name', 'sbfvasd@mail.com', '534563465346', 'sgsdergter', 'Dhaka City', 'sggder', NULL, NULL, '2022-04-05 04:30:57', '2022-04-05 04:30:57'),
(26, 'Name', 'sbfvasd@mail.com', '534563465346', 'sgsdergter', 'Dhaka City', 'sggder', NULL, NULL, '2022-04-05 04:31:40', '2022-04-05 04:31:40'),
(27, 'Name', 'sbfvasd@mail.com', '534563465346', 'sgsdergter', 'Dhaka City', 'sggder', NULL, NULL, '2022-04-05 05:01:48', '2022-04-05 05:01:48'),
(28, 'Name', 'sbfvasd@mail.com', '534563465346', 'sgsdergter', 'Dhaka City', 'sggder', NULL, NULL, '2022-04-05 05:02:28', '2022-04-05 05:02:28'),
(29, 'Name', 'sbfvasd@mail.com', '534563465346', 'sgsdergter', 'Dhaka City', 'sggder', NULL, NULL, '2022-04-05 05:04:16', '2022-04-05 05:04:16'),
(30, 'Name', 'sbfvasd@mail.com', '534563465346', 'sgsdergter', 'Dhaka City', 'sggder', NULL, NULL, '2022-04-05 05:05:08', '2022-04-05 05:05:08'),
(31, 'Name', 'sbfvasd@mail.com', '534563465346', 'sgsdergter', 'Dhaka City', 'sggder', NULL, NULL, '2022-04-05 05:24:01', '2022-04-05 05:24:01'),
(32, 'Name', 'sbfvasd@mail.com', '534563465346', 'sgsdergter', 'Dhaka City', 'sggder', NULL, NULL, '2022-04-05 05:26:16', '2022-04-05 05:26:16'),
(33, 'Name', 'sbfvasd@mail.com', '534563465346', 'sgsdergter', 'Dhaka City', 'sggder', NULL, NULL, '2022-04-05 05:26:44', '2022-04-05 05:26:44'),
(34, 'Name', 'sbfvasd@mail.com', '534563465346', 'sgsdergter', 'Dhaka City', 'sggder', NULL, NULL, '2022-04-05 05:26:55', '2022-04-05 05:26:55'),
(35, 'Name', 'sbfvasd@mail.com', '534563465346', 'sgsdergter', 'Dhaka City', 'sggder', NULL, NULL, '2022-04-05 05:35:45', '2022-04-05 05:35:45'),
(36, 'Name', 'sbfvasd@mail.com', '534563465346', 'sgsdergter', 'Dhaka City', 'sggder', NULL, NULL, '2022-04-05 05:36:12', '2022-04-05 05:36:12'),
(37, 'Name', 'sbfvasd@mail.com', '534563465346', 'sgsdergter', 'Dhaka City', 'sggder', NULL, NULL, '2022-04-05 05:43:49', '2022-04-05 05:43:49'),
(38, 'Name', 'sbfvasd@mail.com', '534563465346', 'sgsdergter', 'Dhaka City', 'sggder', NULL, NULL, '2022-04-05 05:57:30', '2022-04-05 05:57:30'),
(39, 'Name', 'sbfvasd@mail.com', '534563465346', 'sgsdergter', 'Dhaka City', 'sggder', NULL, NULL, '2022-04-05 05:58:09', '2022-04-05 05:58:09'),
(40, 'Name', 'sbfvasd@mail.com', '534563465346', 'sgsdergter', 'Dhaka City', 'sggder', NULL, NULL, '2022-04-05 05:58:16', '2022-04-05 05:58:16'),
(41, 'Name', 'sbfvasd@mail.com', '534563465346', 'sgsdergter', 'Dhaka City', 'sggder', NULL, NULL, '2022-04-05 05:58:47', '2022-04-05 05:58:47'),
(42, 'Name', 'sbfvasd@mail.com', '534563465346', 'sgsdergter', 'Dhaka City', 'sggder', NULL, NULL, '2022-04-05 06:00:28', '2022-04-05 06:00:28'),
(43, 'Name', 'sbfvasd@mail.com', '534563465346', 'sgsdergter', 'Dhaka City', 'sggder', NULL, NULL, '2022-04-05 06:03:46', '2022-04-05 06:03:46'),
(44, 'Name', 'sbfvasd@mail.com', '534563465346', 'sgsdergter', 'Dhaka City', 'sggder', NULL, NULL, '2022-04-05 06:07:18', '2022-04-05 06:07:18'),
(45, 'Name', 'sbfvasd@mail.com', '534563465346', 'sgsdergter', 'Dhaka City', 'sggder', NULL, NULL, '2022-04-05 06:08:10', '2022-04-05 06:08:10'),
(46, 'Name', 'sbfvasd@mail.com', '534563465346', 'sgsdergter', 'Dhaka City', 'sggder', NULL, NULL, '2022-04-05 06:08:20', '2022-04-05 06:08:20'),
(47, 'Name', 'sbfvasd@mail.com', '534563465346', 'sgsdergter', 'Dhaka City', 'sggder', NULL, NULL, '2022-04-05 06:09:17', '2022-04-05 06:09:17'),
(48, 'Name', 'sbfvasd@mail.com', '534563465346', 'sgsdergter', 'Dhaka City', 'sggder', NULL, NULL, '2022-04-05 06:09:35', '2022-04-05 06:09:35'),
(49, 'Name', 'sbfvasd@mail.com', '534563465346', 'sgsdergter', 'Dhaka City', 'sggder', NULL, NULL, '2022-04-05 06:11:44', '2022-04-05 06:11:44'),
(50, 'Name', 'sbfvasd@mail.com', '534563465346', 'sgsdergter', 'Dhaka City', 'sggder', NULL, NULL, '2022-04-05 06:12:14', '2022-04-05 06:12:14'),
(51, 'Name', 'sbfvasd@mail.com', '534563465346', 'sgsdergter', 'Dhaka City', 'sggder', NULL, NULL, '2022-04-05 06:12:29', '2022-04-05 06:12:29'),
(52, 'Name', 'sbfvasd@mail.com', '534563465346', 'sgsdergter', 'Dhaka City', 'sggder', NULL, NULL, '2022-04-05 06:13:18', '2022-04-05 06:13:18'),
(53, 'Name', 'sbfvasd@mail.com', '534563465346', 'sgsdergter', 'Dhaka City', 'sggder', NULL, NULL, '2022-04-05 06:16:03', '2022-04-05 06:16:03'),
(54, 'Name', 'sbfvasd@mail.com', '534563465346', 'sgsdergter', 'Dhaka City', 'sggder', NULL, NULL, '2022-04-05 06:16:14', '2022-04-05 06:16:14'),
(55, 'Eliana Skinner', 'cegy@mailinator.com', '+1 (239) 455-1068', NULL, 'nobabgonj', 'Suscipit error velit', NULL, 'Eu et in reiciendis', '2022-04-06 07:50:19', '2022-04-06 07:50:19'),
(56, 'Allistair Finley', 'wybunoris@mailinator.com', '+1 (648) 678-9463', NULL, 'default', 'Aperiam sint pariatu', NULL, 'Tempor et inventore', '2022-04-06 08:09:04', '2022-04-06 08:09:04'),
(57, 'Chanda Spencer', 'bopoxixur@mailinator.com', '+1 (831) 344-9898', NULL, 'Voirob', 'Ipsum sint anim rec', NULL, 'Culpa itaque similiq', '2022-04-06 09:04:51', '2022-04-06 09:04:51'),
(58, 'Name', 'sbfvasd@mail.com', '534563465346', 'sgsdergter', 'Dhaka City', 'sggder', NULL, NULL, '2022-04-07 05:27:20', '2022-04-07 05:27:20'),
(59, 'Name', 'sbfvasd@mail.com', '534563465346', 'sgsdergter', 'Dhaka City', 'sggder', NULL, 'sdfsdgsdergd', '2022-04-07 05:27:30', '2022-04-07 05:27:30'),
(60, 'Name', 'sbfvasd@mail.com', '534563465346', 'sgsdergter', 'Dhaka City', 'sggder', NULL, 'sdfsdgsdergd', '2022-04-07 05:27:50', '2022-04-07 05:27:50'),
(61, 'Name', 'sbfvasd@mail.com', '534563465346', 'sgsdergter', 'Dhaka City', 'sggder', NULL, 'sdfsdgsdergd', '2022-04-07 05:30:58', '2022-04-07 05:30:58'),
(62, 'Name', 'sbfvasd@mail.com', '534563465346', 'sgsdergter', 'Dhaka', 'sggder', NULL, 'sdfsdgsdergd', '2022-04-07 05:45:50', '2022-04-07 05:45:50'),
(63, 'Name', 'sbfvasd@mail.com', '534563465346', 'sgsdergter', 'Dhaka', 'sggder', NULL, 'sdfsdgsdergd', '2022-04-07 06:18:45', '2022-04-07 06:18:45'),
(64, 'Name', 'sbfvasd@mail.com', '534563465346', 'sgsdergter', 'Dhaka', 'sggder', NULL, 'sdfsdgsdergd', '2022-04-07 06:48:27', '2022-04-07 06:48:27'),
(65, 'Name', 'sbfvasd@mail.com', '534563465346', 'sgsdergter', 'Dhaka', 'sggder', NULL, 'sdfsdgsdergd', '2022-04-07 06:51:11', '2022-04-07 06:51:11'),
(66, 'Name', 'sbfvasd@mail.com', '534563465346', 'sgsdergter', 'Dhaka', 'sggder', NULL, 'sdfsdgsdergd', '2022-04-07 06:55:58', '2022-04-07 06:55:58'),
(67, 'Name', 'sbfvasd@mail.com', '534563465346', 'sgsdergter', 'Dhaka', 'sggder', NULL, 'sdfsdgsdergd', '2022-04-07 06:56:51', '2022-04-07 06:56:51'),
(68, 'Name', 'sbfvasd@mail.com', '534563465346', 'sgsdergter', 'Dhaka', 'sggder', NULL, 'sdfsdgsdergd', '2022-04-07 06:57:05', '2022-04-07 06:57:05'),
(69, 'Name', 'sbfvasd@mail.com', '534563465346', 'sgsdergter', 'Dhaka', 'sggder', NULL, 'sdfsdgsdergd', '2022-04-07 06:57:16', '2022-04-07 06:57:16'),
(70, 'Name', 'sbfvasd@mail.com', '534563465346', 'sgsdergter', 'Dhaka', 'sggder', NULL, 'sdfsdgsdergd', '2022-04-07 07:00:58', '2022-04-07 07:00:58'),
(71, 'Name', 'sbfvasd@mail.com', '534563465346', 'sgsdergter', 'Dhaka', 'sggder', NULL, 'sdfsdgsdergd', '2022-04-07 07:01:10', '2022-04-07 07:01:10'),
(72, 'Name', 'sbfvasd@mail.com', '534563465346', 'sgsdergter', 'Dhaka', 'sggder', NULL, 'sdfsdgsdergd', '2022-04-07 07:01:29', '2022-04-07 07:01:29'),
(73, 'Name', 'sbfvasd@mail.com', '534563465346', 'sgsdergter', 'Dhaka', 'sggder', NULL, 'sdfsdgsdergd', '2022-04-07 07:04:43', '2022-04-07 07:04:43'),
(74, 'Name', 'sbfvasd@mail.com', '534563465346', 'sgsdergter', 'Dhaka', 'sggder', NULL, 'sdfsdgsdergd', '2022-04-07 07:05:26', '2022-04-07 07:05:26'),
(75, 'Name', 'sbfvasd@mail.com', '534563465346', 'sgsdergter', 'Dhaka', 'sggder', NULL, 'sdfsdgsdergd', '2022-04-07 07:05:54', '2022-04-07 07:05:54'),
(76, 'Name', 'sbfvasd@mail.com', '534563465346', 'sgsdergter', 'Dhaka', 'sggder', NULL, 'sdfsdgsdergd', '2022-04-07 07:06:02', '2022-04-07 07:06:02'),
(77, 'Name', 'sbfvasd@mail.com', '534563465346', 'sgsdergter', 'Dhaka', 'sggder', NULL, 'sdfsdgsdergd', '2022-04-07 07:09:57', '2022-04-07 07:09:57'),
(78, 'Name', 'sbfvasd@mail.com', '534563465346', 'sgsdergter', 'Dhaka', 'sggder', NULL, 'sdfsdgsdergd', '2022-04-07 07:59:04', '2022-04-07 07:59:04'),
(79, 'Name', 'sbfvasd@mail.com', '534563465346', 'sgsdergter', 'Dhaka', 'sggder', NULL, 'sdfsdgsdergd', '2022-04-07 08:15:23', '2022-04-07 08:15:23'),
(80, 'Name', 'sbfvasd@mail.com', '534563465346', 'sgsdergter', 'Dhaka', 'sggder', NULL, 'sdfsdgsdergd', '2022-04-07 08:15:46', '2022-04-07 08:15:46'),
(81, 'Name', 'sbfvasd@mail.com', '534563465346', NULL, 'Dhaka', 'sggder', NULL, 'sdfsdgsdergd', '2022-04-07 08:20:13', '2022-04-07 08:20:13'),
(82, 'Name', 'sbfvasd@mail.com', '534563465346', 'regular', 'Dhaka', 'sggder', NULL, 'sdfsdgsdergd', '2022-04-07 08:21:41', '2022-04-07 08:21:41'),
(83, 'Macey Dorsey', 'sipufaky@mailinator.com', '+1 (173) 138-3871', NULL, 'pabna', 'Voluptatem veniam', NULL, 'Minima consequatur e', '2022-04-07 08:46:28', '2022-04-07 08:46:28'),
(84, 'superEditor', 'customer@mail.com', '0178690754', NULL, 'barishal', 'Dhaka,Bangladesh', NULL, 'drteryryrty', '2022-04-09 07:58:27', '2022-04-09 07:58:27'),
(85, 'Name', 'sbfvasd@mail.com', '534563465346', 'regular', 'Dhaka', 'sggder', NULL, 'sdfsdgsdergd', '2022-04-10 05:12:12', '2022-04-10 05:12:12'),
(86, 'Panna parvin', 'pannaparvin@mailinator.com', '0182734634', NULL, 'dhaka', 'Irure ad consectetur', NULL, 'Praesentium ut persp', '2022-04-10 08:06:34', '2022-04-10 08:06:34'),
(87, 'Ray Merrill', 'rijary@mailinator.com', '+1 (143) 788-8207', NULL, 'Voirob', 'Nemo tempor quia omn', NULL, 'Ea et dolor aute ips', '2022-04-10 08:11:02', '2022-04-10 08:11:02'),
(88, 'Barclay Watts', 'qode@mailinator.com', '+1 (353) 938-3977', NULL, 'default', 'Pariatur Magni volu', NULL, 'Accusamus sapiente q', '2022-04-10 08:18:44', '2022-04-10 08:18:44'),
(89, 'Piper Brock', 'cavupivefu@mailinator.com', '+1 (422) 909-4498', NULL, 'khulna', 'Ex autem ut sunt re', NULL, 'Porro perferendis pr', '2022-04-10 09:31:56', '2022-04-10 09:31:56'),
(90, 'Elaine Mooney', 'lidasumazu@mailinator.com', '+1 (206) 593-2988', NULL, 'Voirob', 'Id odio laborum Qui', NULL, 'Architecto nemo sed', '2022-04-11 07:37:19', '2022-04-11 07:37:19'),
(91, 'Libby Buchanan', 'hyxori@mailinator.com', '+1 (672) 117-4311', NULL, 'dhaka', 'Consectetur dolor r', NULL, 'Cupidatat adipisci d', '2022-04-16 05:09:58', '2022-04-16 05:09:58'),
(92, 'Ahmed Buckner', 'meno@mailinator.com', '+1 (729) 159-8787', NULL, 'nator', 'Commodi repellendus', NULL, 'Vitae error perspici', '2022-04-16 05:12:08', '2022-04-16 05:12:08'),
(93, 'Kristen Willis', 'zubyty@mailinator.com', '+1 (232) 647-2939', NULL, 'pabna', 'Velit fugiat nesciu', NULL, 'Consectetur pariatur', '2022-04-16 05:21:43', '2022-04-16 05:21:43'),
(94, 'Ina Carpenter', 'faby@mailinator.com', '+1 (423) 109-4701', NULL, 'nator', 'Ullam vero amet dis', NULL, 'Mollit molestiae dic', '2022-04-16 05:28:38', '2022-04-16 05:28:38'),
(95, 'Moana Chandler', 'redi@mailinator.com', '+1 (328) 627-5504', NULL, 'nator', 'Magnam quam nobis a', NULL, 'Debitis eos ut est', '2022-04-16 05:30:36', '2022-04-16 05:30:36'),
(96, 'Name', 'sbfvasd@mail.com', '534563465346', 'regular', 'Dhaka', 'sggder', NULL, 'sdfsdgsdergd', '2022-04-16 08:41:46', '2022-04-16 08:41:46'),
(97, 'Name', 'sbfvasd@mail.com', '534563465346', 'regular', 'Dhaka', 'sggder', NULL, 'sdfsdgsdergd', '2022-04-16 08:42:01', '2022-04-16 08:42:01'),
(98, 'Name', 'sbfvasd@mail.com', '534563465346', 'regular', 'Dhaka', 'sggder', NULL, 'sdfsdgsdergd', '2022-04-16 08:43:06', '2022-04-16 08:43:06'),
(99, 'Name', 'sbfvasd@mail.com', '534563465346', 'regular', 'Dhaka', 'sggder', NULL, 'sdfsdgsdergd', '2022-04-16 08:45:03', '2022-04-16 08:45:03'),
(100, 'Name', 'sbfvasd@mail.com', '534563465346', 'regular', 'Dhaka', 'sggder', NULL, 'sdfsdgsdergd', '2022-04-16 08:46:55', '2022-04-16 08:46:55'),
(101, 'Name', 'sbfvasd@mail.com', '534563465346', 'regular', 'Dhaka', 'sggder', NULL, 'sdfsdgsdergd', '2022-04-16 08:47:41', '2022-04-16 08:47:41'),
(102, 'Name', 'sbfvasd@mail.com', '534563465346', 'regular', 'Dhaka', 'sggder', NULL, 'sdfsdgsdergd', '2022-04-16 08:48:33', '2022-04-16 08:48:33'),
(103, 'Name', 'sbfvasd@mail.com', '534563465346', 'regular', 'Dhaka', 'sggder', NULL, 'sdfsdgsdergd', '2022-04-16 08:50:54', '2022-04-16 08:50:54'),
(104, 'Name', 'sbfvasd@mail.com', '534563465346', 'regular', 'Dhaka', 'sggder', NULL, 'sdfsdgsdergd', '2022-04-16 08:51:59', '2022-04-16 08:51:59'),
(105, 'Name', 'sbfvasd@mail.com', '534563465346', 'regular', 'Dhaka', 'sggder', NULL, 'sdfsdgsdergd', '2022-04-16 09:00:53', '2022-04-16 09:00:53'),
(106, 'Name', 'sbfvasd@mail.com', '534563465346', 'regular', 'Dhaka', 'sggder', NULL, 'sdfsdgsdergd', '2022-04-16 09:02:08', '2022-04-16 09:02:08'),
(107, 'superEditor', 'customer@mail.com', '0178690754', NULL, 'barishal', 'Dhaka,Bangladesh', NULL, 'gfghfghfghf', '2022-04-23 05:08:03', '2022-04-23 05:08:03'),
(108, 'superEditor', 'customer@mail.com', '0178690754', NULL, 'default', 'Dhaka,Bangladesh', NULL, 'dfghfgh', '2022-04-23 06:00:09', '2022-04-23 06:00:09'),
(109, 'Tyler Robbins', 'bysywexi@mailinator.com', '+1 (838) 119-6147', NULL, 'default', 'Obcaecati perferendi', NULL, 'Magna quasi quisquam', '2022-04-27 07:06:13', '2022-04-27 07:06:13'),
(110, 'Jacob Alford', 'datepim@mailinator.com', '+1 (742) 257-4725', NULL, 'dhaka', 'Hic sint tempora vi', NULL, 'Mollitia deleniti la', '2022-04-28 06:07:47', '2022-04-28 06:07:47'),
(111, 'superEditor', 'feciwetudu@mailinator.com', '0178690754', NULL, 'barishal', 'Dhaka,Bangladesh', NULL, 'sdfsdfsdfsdfsdf xcvsdfsdfsd sdfsdfasd vdfvsdfv fsdfsdfsd fsd xvsdfvsx vsdgsd', '2022-05-19 04:07:22', '2022-05-19 04:07:22'),
(116, 'Herrod Mckee', 'kakudede@mailinator.com', '+1 (158) 522-7462', NULL, 'nator', 'Ut enim dolorem nesc', NULL, 'Rem facilis est beat', '2022-05-21 05:11:14', '2022-05-21 05:11:14'),
(119, 'Valentine Sampson', 'cexa@mailinator.com', '+1 (306) 281-8806', NULL, 'Voirob', 'Voluptas culpa quia', NULL, 'At nesciunt minus s', '2022-05-21 05:21:57', '2022-05-21 05:21:57'),
(120, 'Holly Kirby', 'sulyb@mailinator.com', '+1 (114) 956-8709', NULL, 'default', 'Reprehendbn ghierit omnis', NULL, 'Sunt quis sit qghghjuisq', '2022-05-21 05:23:48', '2022-05-21 05:23:48'),
(121, 'Tatum Wilcox', 'kuhusaneqe@mailinator.com', '+1 (496) 445-8362', NULL, 'khulna', 'Est expedita optio', NULL, 'Sunt et enim evenie', '2022-05-21 08:03:20', '2022-05-21 08:03:20'),
(122, 'Cameron Roach', 'rakepovu@mailinator.com', '+1 (764) 363-8889', NULL, 'khulna', 'Qui voluptas sit ten', NULL, 'Iusto non dolorum do', '2022-05-22 11:17:19', '2022-05-22 11:17:19'),
(123, 'Hedwig Alston', 'givixogab@mailinator.com', '+1 (305) 357-8199', NULL, 'barishal', 'Excepteur mollit ali', NULL, 'Quis officiis molest', '2022-06-03 05:32:03', '2022-06-03 05:32:03'),
(124, 'Zoe Gates', 'xajyrewy@mailinator.com', '+1 (965) 868-9153', NULL, 'default', 'Non accusantium mole', NULL, 'Exercitationem delec', '2022-06-03 06:03:25', '2022-06-03 06:03:25'),
(125, 'Zoe Gates', 'xajyrewy@mailinator.com', '+1 (965) 868-9153', NULL, 'default', 'Non accusantium mole', NULL, 'Exercitationem delec', '2022-06-03 06:03:42', '2022-06-03 06:03:42'),
(127, 'superEditor', 'customer@mail.com', '0178690754', NULL, 'barishal', 'Dhaka,Bangladesh', NULL, NULL, '2022-06-03 08:59:05', '2022-06-03 08:59:05'),
(128, 'superEditor', 'customer@mail.com', '0178690754', NULL, 'barishal', 'Dhaka,Bangladesh', NULL, NULL, '2022-06-03 09:10:59', '2022-06-03 09:10:59'),
(129, 'superEditor', 'customer@mail.com', '0178690754', NULL, 'barishal', 'Dhaka,Bangladesh', NULL, NULL, '2022-06-03 09:58:15', '2022-06-03 09:58:15'),
(130, 'superEditor', 'customer@mail.com', '0178690754', NULL, 'barishal', 'Dhaka,Bangladesh', NULL, 'sdgdfg', '2022-06-04 05:42:11', '2022-06-04 05:42:11'),
(131, 'superEditor', 'customer@mail.com', '0178690754', NULL, 'barishal', 'Dhaka,Bangladesh', NULL, 'bnjkhjhjkhkhhkhkyhk', '2022-06-04 08:59:51', '2022-06-04 08:59:51'),
(132, 'Shamim Sk', 'skshamim539@gmail.com', '01718607881', NULL, 'default', 'ggggg', NULL, NULL, '2022-06-05 08:14:38', '2022-06-05 08:14:38'),
(133, 'Shamim Sk', 'skshamim539@gmail.com', '1212121212222', NULL, 'default', 'hhhhh', NULL, NULL, '2022-06-05 08:36:52', '2022-06-05 08:36:52'),
(134, 'Shamim Sk', 'skshamim539@gmail.com', '9999999999', NULL, 'default', 'LLLL', NULL, NULL, '2022-06-05 11:26:51', '2022-06-05 11:26:51'),
(135, 'Shay Ballard', 'wazyf@mailinator.com', '+1 (323) 888-8871', NULL, 'khulna', 'Modi non mollit in a', NULL, 'Est sunt saepe nesci', '2022-06-08 18:39:49', '2022-06-08 18:39:49'),
(136, 'The MasterMan', 'customer@mail.com', '+8801717468814', NULL, 'default', 'Ahamadadbad  66 asif Tower 1295', NULL, NULL, '2022-06-11 17:16:12', '2022-06-11 17:16:12'),
(137, 'hcyc', 'vc@gmail.com', '154875882585858', 'Regular', 'Manikganj', 'hxgcycy', NULL, NULL, '2022-06-11 18:11:58', '2022-06-11 18:11:58'),
(138, 'Hridoy Sagor', 'tarekahmed884@gmail.com', '01300772024', NULL, 'default', 'Moulvibazar', NULL, NULL, '2022-06-13 22:06:36', '2022-06-13 22:06:36'),
(139, 'superEditor', 'customer@mail.com', '0178690754', NULL, 'barishal', 'Dhaka,Bangladesh', NULL, 'dfgdfghdertydert', '2022-06-14 18:23:52', '2022-06-14 18:23:52'),
(140, 'Nasim Mccoy', 'hudatutuj@mailinator.com', '15772611495', NULL, 'default', '12 West Nobel Road', NULL, 'dfghcfghfghf', '2022-06-14 18:26:43', '2022-06-14 18:26:43'),
(141, 'sumaiya', 'haque@gmail.com', '017495284\"\"', NULL, 'dhaka', 'dddd', NULL, 'dddd', '2022-06-15 00:45:58', '2022-06-15 00:45:58'),
(142, 'sumaiya', 'haque@gmail.com', '017495284', NULL, 'dhaka', 'hhh', NULL, 'pppp', '2022-06-15 00:51:13', '2022-06-15 00:51:13'),
(143, 'Tuslam', 'tuslamuddin@gmail.com', '01722040081', NULL, 'dhaka', 'House#69,Road#17, Block-C, Banani,Dhaka', NULL, NULL, '2022-06-15 12:22:26', '2022-06-15 12:22:26'),
(144, 'hcyc', 'vc@gmail.com', '154875882585858', 'Express', 'Gazipur', 'hxgcycy', NULL, NULL, '2022-06-15 15:49:16', '2022-06-15 15:49:16'),
(145, 'The MasterMan', 'customer@mail.com', '43534534534', NULL, 'dhaka', 'Ahamadadbad  66 asif Tower 1295tju', NULL, 'drgtrgdfgfd', '2022-06-15 18:08:02', '2022-06-15 18:08:02'),
(146, 'Rony', 'niazulislamrony03@gmail.com', '171932277', 'Regular', 'Dhaka', 'House no :59,Block :C, Road no :17, Banani', NULL, NULL, '2022-06-16 22:46:36', '2022-06-16 22:46:36'),
(147, 'superEditor', 'customer@mail.com', '0178690754', NULL, 'barishal', 'Dhaka,Bangladesh', NULL, 'srdgdergdfgdfgdg', '2022-06-19 12:36:20', '2022-06-19 12:36:20'),
(148, 'superEditor', 'hudatutuj@mailinator.com', '0178690754', NULL, 'barishal', 'Dhaka,Bangladesh', NULL, 'rytfurythfghfghfg', '2022-06-19 12:38:44', '2022-06-19 12:38:44'),
(149, 'Emran', 'skshamim90@gmail.com', 'Jjkkkn', NULL, 'dhaka', 'Bbbb', NULL, NULL, '2022-06-19 13:06:38', '2022-06-19 13:06:38'),
(150, 'skshamim', 'skshamim90@yahoo.com', '017495284', NULL, 'dhaka', 'jjjj', NULL, 'mmm', '2022-06-21 04:01:18', '2022-06-21 04:01:18'),
(151, 'Risad', 'admin@mail.com', '01829887599', NULL, 'khulna', 'ufghf', NULL, 'hddf', '2022-06-22 14:59:27', '2022-06-22 14:59:27'),
(152, '18,east maniknagar.dhaka 1203', 'mdnurmohammad001@gmail.com', '01673312994', 'Regular', 'Gazipur', '18,east maniknagar.mugda dhaka 1293', NULL, NULL, '2022-06-25 19:02:39', '2022-06-25 19:02:39'),
(153, 'Risad Hossain', 'mmd@gmail.com', '01765420759', 'Regular', 'Hobigonj', 'Dhaka Bangladesh', NULL, NULL, '2022-06-26 11:35:46', '2022-06-26 11:35:46'),
(154, 'superEditor', 'customer@mail.com', '0178690754', NULL, 'dhaka', 'Dhaka,Bangladesh', NULL, 'asdvsdfsdfsdf', '2022-06-26 13:16:53', '2022-06-26 13:16:53'),
(155, 'superEditor', 'hudatutuj@mailinator.com', '0178690754', NULL, 'barishal', 'Dhaka,Bangladesh', NULL, 'fxdvxvxcvxc', '2022-06-27 10:11:51', '2022-06-27 10:11:51'),
(156, 'superEditor', 'hudatutuj@mailinator.com', '0178690754', NULL, 'barishal', 'Dhaka,Bangladesh', NULL, 'dfgdfgertdf', '2022-06-27 16:55:23', '2022-06-27 16:55:23'),
(157, 'superEditor', 'hudatutuj@mailinator.com', '0178690754', NULL, 'barishal', 'Dhaka,Bangladesh', NULL, 'dfsdfs', '2022-06-28 14:36:46', '2022-06-28 14:36:46'),
(158, 'superEditor', 'hudatutuj@mailinator.com', '0178690754', NULL, 'barishal', 'Dhaka,Bangladesh', NULL, 'deferfgert', '2022-06-28 17:05:19', '2022-06-28 17:05:19'),
(162, 'superEditor', 'hudatutuj@mailinator.com', '0178690754', NULL, 'barishal', 'Dhaka,Bangladesh', NULL, 'sdfsdgsd', '2022-06-28 17:20:50', '2022-06-28 17:20:50'),
(163, 'Sheikh Dipu', 'sheikh@88yahoo.com', '01713361872', NULL, 'dhaka', 'Full adress deben', NULL, 'Kesu boler thakle deben', '2022-06-28 21:38:15', '2022-06-28 21:38:15'),
(164, 'MD. RAFIQUL ISLAM DIPU', NULL, '01713361872', NULL, 'dhaka', '22/15, SOUTH MANDA, WARD NO-72, MUGDHA THANA, DHAKA-1214', NULL, NULL, '2022-06-28 23:18:36', '2022-06-28 23:18:36'),
(165, 'superEditor', 'hudatutuj@mailinator.com', '0178690754', NULL, 'barishal', 'Dhaka,Bangladesh', NULL, 'sdfgsdfgsdfg', '2022-06-29 09:46:29', '2022-06-29 09:46:29'),
(166, 'Risad Hossain', 'mmd@gmail.com', '0176520759', 'Regular', 'Dhaka', 'Dhkaa Bangladesh', NULL, NULL, '2022-06-29 11:39:05', '2022-06-29 11:39:05'),
(167, 'sk shamim', NULL, '01711111111', NULL, 'dhaka', 'HOUS NUMBER:69. RODE NUMBER:17  BLOCK :C BANANI DHAKA', NULL, NULL, '2022-06-29 13:52:44', '2022-06-29 13:52:44'),
(168, 'Risad Hossain', 'mmd@gmail.com', '0176520759', 'Regular', 'Dhaka', 'Dhkaa Bangladesh', NULL, NULL, '2022-06-29 14:18:59', '2022-06-29 14:18:59'),
(169, 'Risad Hossain', 'mmd@gmail.com', '0176520759', 'Regular', 'Dhaka', 'Dhkaa Bangladesh', NULL, NULL, '2022-06-29 17:08:49', '2022-06-29 17:08:49'),
(170, 'MD. RAFIQUL ISLAM DIPU', NULL, '01713361872', NULL, 'dhaka', '22/15, SOUTH MANDA, WARD NO-72, MUGDHA THANA, DHAKA-1214', NULL, 'Dalivery date: 01-07-2022 (Friday) Time: 10-11', '2022-06-29 22:58:19', '2022-06-29 22:58:19'),
(171, 'MD. RAFIQUL ISLAM DIPU', NULL, '01713361872', NULL, 'dhaka', '22/15, SOUTH MANDA, WARD NO-72, MUGDHA THANA, DHAKA-1214', NULL, 'Dalivery date: 01-07-2022 (Friday) Time: 10-11', '2022-06-29 22:58:52', '2022-06-29 22:58:52'),
(172, 'Risad', 'txt@gmail.com', '01829887599', NULL, 'dhaka', 'Concept tower, Green Road Dhaka', NULL, 'Test', '2022-06-30 14:36:19', '2022-06-30 14:36:19'),
(173, 'Dilouar', 'm@gmail.com', '01717468814', NULL, 'dhaka', 'H#14, Road# 10, Uttora, Dhaka', NULL, NULL, '2022-06-30 15:20:35', '2022-06-30 15:20:35'),
(174, 'risad', 'mm@gmail.com', '011829887599', 'Regular', 'Dhaka', 'ggg', NULL, NULL, '2022-06-30 17:01:53', '2022-06-30 17:01:53'),
(175, 'Dilouaer', NULL, '01756884566', NULL, 'dhaka', 'dhaka, banani', NULL, NULL, '2022-07-03 13:19:55', '2022-07-03 13:19:55'),
(176, 'editor', 'admin@mail.com', '0175345443', NULL, 'dhaka', 'sdcsdf@sdjhvfswd.com', NULL, 'xcvdfsdfgsdefsdvfsdfsdfsdfsdf', '2022-07-04 00:12:00', '2022-07-04 00:12:00'),
(177, 'Dilouar', 'm@gmail.com', '01717468814', NULL, 'dhaka', 'Shop# 25-26/A, R.S Shopping Complex, (3rd Floor), Zia Saroni Road, Soniakhra, Dania, Kadamtoli, Dhaka', NULL, NULL, '2022-07-04 11:30:09', '2022-07-04 11:30:09'),
(178, 'Risad  Test Order', 'txt@gmail.com', '01829887599', NULL, 'dhaka', 'Concept tower, Green Road Dhaka', NULL, 'Test', '2022-07-04 11:42:47', '2022-07-04 11:42:47'),
(179, 'Dilouar', 'm@gmail.com', '01717468814', NULL, 'dhaka', 'Shop# 25-26/A, R.S Shopping Complex, (3rd Floor), Zia Saroni Road, Soniakhra, Dania, Kadamtoli, Dhaka', NULL, NULL, '2022-07-04 11:42:55', '2022-07-04 11:42:55'),
(180, 'Muhammad Asif Ul Islam', 'parybof@mailinator.com', '0167457644', NULL, 'Car', 'Molestiae sunt aut e', NULL, 'sgdbdfgdfggrttrth', '2022-07-04 13:34:08', '2022-07-04 13:34:08'),
(181, 'txt@gmail.com', 'txt@gmail.com', '01765420759', NULL, 'Car', 'dhaka, banani', NULL, 'Test', '2022-07-04 13:45:19', '2022-07-04 13:45:19'),
(182, 'Risad Hossain', 'mmd@gmail.com', '0176520759', 'Regular', 'Dhaka', 'Dhkaa Bangladesh', NULL, NULL, '2022-07-04 15:34:42', '2022-07-04 15:34:42'),
(183, 'Risad Hossain', 'mmd@gmail.com', '0176520759', 'Regular', 'Dhaka', 'Dhkaa Bangladesh', NULL, NULL, '2022-07-04 15:38:22', '2022-07-04 15:38:22'),
(184, 'Risad Hossain', 'mmd@gmail.com', '0176520759', 'Regular', 'Dhaka', 'Dhkaa Bangladesh', NULL, NULL, '2022-07-04 15:40:43', '2022-07-04 15:40:43'),
(185, 'nowshin', 'ariyanowshin@gmail.com', '1684888415', 'Regular', 'Dhaka', '32/2 golapbag.dhaka 1203', NULL, NULL, '2022-07-05 13:20:13', '2022-07-05 13:20:13'),
(186, 'Risad Hossain', 'mmd@gmail.com', '0176520759', 'Regular', 'Dhaka', 'Dhkaa Bangladesh', NULL, NULL, '2022-07-05 16:19:18', '2022-07-05 16:19:18'),
(187, 'Risad Hossain', 'mmd@gmail.com', '0176520759', 'Regular', 'Dhaka', 'Dhkaa Bangladesh', NULL, NULL, '2022-07-05 16:52:13', '2022-07-05 16:52:13'),
(188, 'Rony', 'tarikulislam@gmail.com', '011829887599', 'Regular', 'Dhaka', 'No :69,Road no:17, Block -c,Banani', NULL, NULL, '2022-07-05 17:14:00', '2022-07-05 17:14:00'),
(189, 'nowshin', 'ariyanowshin@gmail.com', '1684888415', 'Regular', 'Dhaka', '32/2 golapbag.dhaka 1203', NULL, NULL, '2022-07-06 00:18:51', '2022-07-06 00:18:51'),
(190, 'sirajul islam', 'ariyannur532@gmail.com', '01677853324', 'Regular', 'Dhaka', '34 tikatoli.dhaka..(central womens college)', NULL, NULL, '2022-07-06 12:16:32', '2022-07-06 12:16:32'),
(191, 'Mohammad Tanvir Islam', 'mohammadtanvirislam@gmail.com', '1677302496', 'Regular', 'Dhaka', '14 no East Maniknagar, Wari, Mugda,Dhaka-1203', NULL, NULL, '2022-07-06 12:41:21', '2022-07-06 12:41:21'),
(192, 'rsl muniya', 'moniashajadi@gmail.com', '01911-694040', 'Regular', 'Dhaka', 'khilgaon tilpapara. boro masjid er samney', NULL, NULL, '2022-07-06 13:19:38', '2022-07-06 13:19:38'),
(193, 'sarmin hossain', 'shimusarmin6@gmail.com', '+8801979-581045', 'Regular', 'Dhaka', '17 uttar badda...modhu milon restaurent er samney.dhaka.', NULL, NULL, '2022-07-06 14:57:43', '2022-07-06 14:57:43'),
(194, 'Risad', 'admin@mail.com', '01829887599', NULL, 'Jurine', 'Concept tower, Green Road Dhaka', NULL, 'test', '2022-07-06 15:34:02', '2022-07-06 15:34:02'),
(195, 'Risad', 'admin@mail.com', '01829887599', NULL, 'Lalmatia', 'Concept tower, Green Road Dhaka', NULL, 'test', '2022-07-06 15:35:47', '2022-07-06 15:35:47'),
(196, 'Risad', 'admin@mail.com', '01829887599', NULL, 'Shantinagar', 'Concept tower, Green Road Dhaka', NULL, 'test', '2022-07-06 15:36:33', '2022-07-06 15:36:33'),
(197, 'Risad', 'admin@mail.com', '01829887599', NULL, 'default', 'Concept tower, Green Road Dhaka', NULL, 'test', '2022-07-06 15:38:22', '2022-07-06 15:38:22'),
(198, 'nowshin', 'ariyannur532@gmaio.com', '1684888415', 'Regular', 'Dhaka', '68 golab bag.dhaka.', NULL, NULL, '2022-07-06 17:34:47', '2022-07-06 17:34:47'),
(199, 'Nur Mohammad jisan', 'mdnurmohammad001@gmail.com', '1673312994', 'Regular', 'Dhaka', 'maniknagar.dhaka', NULL, NULL, '2022-07-07 17:02:14', '2022-07-07 17:02:14'),
(200, 'A M Ridwan', NULL, '01866986566', NULL, 'Khilgaon', 'Khilgaon, Taltala Market,Dhaka', NULL, NULL, '2022-07-07 22:47:34', '2022-07-07 22:47:34'),
(201, 'Nicole Martinez', 'xecexi@mailinator.com', '0188246434', NULL, 'default', 'fdgdfghfhfghfghgdfhdfdfgghdf', NULL, 'cfggh', '2022-07-13 09:49:05', '2022-07-13 09:49:05'),
(202, 'sk shamim', 'admin@mail.com', '01751863813', NULL, 'Vijay Nagar', 'dddd', NULL, 'near me', '2022-07-13 20:18:26', '2022-07-13 20:18:26'),
(203, 'aayan', 'skshamim78@yahoo.com', '01751863813', NULL, 'Rajarbag', 'dddv', NULL, 'ffff', '2022-07-16 22:55:46', '2022-07-16 22:55:46'),
(204, 'aayan', NULL, '01751863813', NULL, 'Manik Nagar', 'HOUS NUMBER:69. RODE NUMBER:17  BLOCK :C BANANI DHAKA', NULL, 'ddd fff', '2022-07-17 12:45:12', '2022-07-17 12:45:12'),
(205, 'Rony', 'tarikulislam@gmail.com', '011829887599', 'Regular', 'Dhaka', 'No :69,Road no:17, Block -c,Banani', NULL, NULL, '2022-07-17 17:17:44', '2022-07-17 17:17:44'),
(206, 'Rony', 'tarikulislam@gmail.com', '011829887599', 'Regular', 'Dhaka', 'No :69,Road no:17, Block -c,Banani', NULL, NULL, '2022-07-17 17:20:40', '2022-07-17 17:20:40'),
(207, 'SSSS', NULL, 'ZZZ', NULL, 'Lalmatia', 'SSSS', NULL, 'DDDD', '2022-07-18 09:14:07', '2022-07-18 09:14:07'),
(208, 'Rony', 'tarikulislam@gmail.com', '011829887599', 'Regular', 'Dhaka', 'No :69,Road no:17, Block -c,Banani', NULL, NULL, '2022-07-18 09:52:50', '2022-07-18 09:52:50'),
(209, 'Rony', 'tarikulislam@gmail.com', '011829887599', 'Regular', 'Dhaka', 'No :69,Road no:17, Block -c,Banani', NULL, NULL, '2022-07-18 20:08:50', '2022-07-18 20:08:50'),
(210, 'sarmin hossain', 'shimusarmin6@gmail.com', '+8801979-581045', 'Regular', 'Dhaka', 'uttar badda...(gupi Para)', NULL, NULL, '2022-07-19 13:11:00', '2022-07-19 13:11:00'),
(211, 'sarmin hossain', 'shimusarmin6@gmail.com', '+8801979-581045', 'Regular', 'Dhaka', 'uttar badda...(gupi Para)', NULL, NULL, '2022-07-19 13:20:31', '2022-07-19 13:20:31'),
(212, 'Nasim Mccoy', 'hudatutuj@mailinator.com', '15772611495', NULL, 'Jurine', '12 West Nobel Road', NULL, 'cbfgjhcfgjjfghj', '2022-07-19 15:51:31', '2022-07-19 15:51:31'),
(213, 'superEditor', 'hudatutuj@mailinator.com', '0178690754', NULL, 'Agargaon', 'Dhaka,Bangladesh', NULL, 'xcvcvdf', '2022-07-19 16:09:07', '2022-07-19 16:09:07'),
(216, 'Nasim Mccoy', 'hudatutuj@mailinator.com', '15772611495', NULL, 'Sadar Ghat', '12 West Nobel Road', NULL, 'sdsdfsdfsdf', '2022-07-19 16:14:10', '2022-07-19 16:14:10'),
(217, 'superEditor', 'hudatutuj@mailinator.com', '0178690754', NULL, 'default', 'Dhaka,Bangladesh', NULL, 'xfvsdfvgdf', '2022-07-19 16:16:07', '2022-07-19 16:16:07'),
(218, 'Jack Howard', 'lefyl@mailinator.com', '+1 (312) 917-7608', NULL, 'Gendaria', 'Rerum dolore sit vol', NULL, 'Distinctio Laborum', '2022-07-19 16:30:49', '2022-07-19 16:30:49'),
(219, 'Nasim aaa', 'hudatutuj@mailina11tor.com', '157726114952', NULL, 'Vijay Nagar', '12 West Nobel Road22', NULL, 'cgghfhfhfg', '2022-07-19 16:33:26', '2022-07-19 16:33:26'),
(220, 'cvbhcfgh', 'hudatutuj@mailinator.com', '0178690754', NULL, 'Agargaon', 'Dhaka,Bangladesh', NULL, 'yhrdfhfg', '2022-07-19 16:35:32', '2022-07-19 16:35:32'),
(221, 'Maisha Ali', NULL, '01798355555', NULL, 'Banani', 'House NO 69, Road No 17, Block C', NULL, NULL, '2022-07-20 15:30:11', '2022-07-20 15:30:11'),
(222, 'Tuli', NULL, '01317151597', NULL, 'Savar', 'Jalesswar,radio koloni', NULL, 'Strawberry', '2022-07-20 23:46:34', '2022-07-20 23:46:34'),
(223, 'Test', NULL, '01751863813', NULL, 'Gulshan 2', 'OOI hh  hhf   gggd  gggd  dg', NULL, 'be care full', '2022-07-23 18:43:19', '2022-07-23 18:43:19'),
(224, 'test', NULL, '01', NULL, 'Manik Nagar', 'ddddd', NULL, 'ffff', '2022-07-24 11:44:59', '2022-07-24 11:44:59'),
(225, 'Shown', 'akonsaon5@gmail.com', '0178686030', 'Regular', 'Dhaka', 'House no :69, Road no :17, Block c, Banani', NULL, NULL, '2022-07-25 12:06:35', '2022-07-25 12:06:35'),
(226, 'Shown', 'akonsaon5@gmail.com', '0178686030', 'Regular', 'Dhaka', 'House no :69, Road no :17, Block c, Banani', NULL, NULL, '2022-07-25 12:21:41', '2022-07-25 12:21:41'),
(227, 'Shown', 'akonsaon5@gmail.com', '0178686030', 'Regular', 'Dhaka', 'House no :69, Road no :17, Block c, Banani', NULL, NULL, '2022-07-25 12:23:30', '2022-07-25 12:23:30'),
(228, 'Shown', 'akonsaon5@gmail.com', '0178686030', 'Regular', 'Dhaka', 'House no :69, Road no :17, Block c, Banani', NULL, NULL, '2022-07-25 13:02:42', '2022-07-25 13:02:42'),
(229, 'Skshamim', NULL, '01751863813', NULL, 'Jurine', 'Dnnndnd', NULL, NULL, '2022-07-25 17:22:47', '2022-07-25 17:22:47'),
(230, 'Sadia Afroje', 'sadiaafrojesadia@gmail.com', '1740970907', 'Regular', 'Dhaka', 'Flat-B2, House-219/A, South Pirerbag, Amtola, Dhaka-1216', NULL, NULL, '2022-07-27 00:21:55', '2022-07-27 00:21:55'),
(231, 'Sadia Afroje', 'sadiaafrojesadia@gmail.com', '1740970907', 'Regular', 'Dhaka', 'Flat-B2, House-219/A, South Pirerbag, Amtola, Dhaka-1216', NULL, NULL, '2022-07-27 10:01:16', '2022-07-27 10:01:16'),
(232, 'Cooper Velazquez', 'wiwelo@mailinator.com', '+1 (941) 683-9683', NULL, 'Rampura', 'Est unde tenetur aut', NULL, 'Id temporibus obcaec', '2022-07-27 10:20:36', '2022-07-27 10:20:36'),
(233, 'Sadia Afroje', 'sadiaafrojesadia@gmail.com', '1740970907', 'Regular', 'Dhaka', 'Flat-B2, House-219/A, South Pirerbag, Amtola, Dhaka-1216', NULL, NULL, '2022-07-27 11:46:50', '2022-07-27 11:46:50'),
(234, 'sk shamim', NULL, '01751863813', NULL, 'Jurine', 'lekdkd lflfkfj', NULL, 'nkjrej', '2022-07-27 14:40:13', '2022-07-27 14:40:13'),
(235, 'Farhan Ahmed', 'farhan.ahmed.dj@gmail.com', '1751782816', 'Express', 'Dhaka', 'house# 69, road# 17, block- c, banani, dhaka-1213.', NULL, NULL, '2022-07-27 17:03:03', '2022-07-27 17:03:03'),
(236, 'Sadia Afroje', 'mdnurmohammad001@gmail.com', '01740970907', 'Regular', 'Dhaka', 'Flat-B2, House-219/A south pirerbag amtola,Dhaka-1216', NULL, NULL, '2022-07-27 18:01:58', '2022-07-27 18:01:58'),
(237, 'panna pervin', 'pannapervin1@gmail.com', '01617468814', NULL, 'Basabo', 'h-12, r-19', NULL, NULL, '2022-07-28 12:10:21', '2022-07-28 12:10:21'),
(238, 'panna pervin', 'pannapervin1@gmail.com', '01617468814', NULL, 'Kollyanpur', 'h-12, r-19', NULL, NULL, '2022-07-28 12:17:04', '2022-07-28 12:17:04'),
(239, 'Risad Hossain', 'infodurbinx@gmail.com', '01829887599', NULL, 'Kamalapur', 'Concept tower, Green Road Dhaka', NULL, 'test order plese ignor it', '2022-07-28 12:19:21', '2022-07-28 12:19:21'),
(240, 'panna pervin', 'pannapervin1@gmail.com', '01617468814', NULL, 'Malibag', 'h-12, r-19', NULL, NULL, '2022-07-28 12:50:28', '2022-07-28 12:50:28'),
(241, 'panna pervin', 'pannapervin1@gmail.com', '01617468814', NULL, 'Malibag', 'h-12, r-19', NULL, NULL, '2022-07-28 12:51:40', '2022-07-28 12:51:40'),
(242, 'panna pervin', 'pannapervin1@gmail.com', '01617468814', NULL, 'Lalmatia', 'h-12, r-19', NULL, NULL, '2022-07-28 14:32:46', '2022-07-28 14:32:46'),
(243, 'Risad Hossain', 'infodurbinx@gmail.com', '01829887599', NULL, 'Kollyanpur', 'Concept tower, Green Road Dhaka', NULL, 'test', '2022-07-28 15:59:05', '2022-07-28 15:59:05'),
(244, 'superEditor', 'customer@mail.com', '0178690754', NULL, 'Sadar Ghat', 'Dhaka,Bangladesh', NULL, 'sdfsd', '2022-07-28 16:08:21', '2022-07-28 16:08:21'),
(245, 'superEditor', 'customerasdas@mail.com', '0178690754', NULL, 'Sadar Ghat', 'Dhaka,Bangladesh', NULL, 'zdfsdfsdf', '2022-07-28 16:16:16', '2022-07-28 16:16:16'),
(246, 'superEditor', 'aasdscustomer@mail.com', '0178690754', NULL, 'default', 'Dhaka,Bangladesh', NULL, 'vfsdgdfgdfhrt', '2022-07-28 16:35:38', '2022-07-28 16:35:38'),
(247, 'superEditor', 'addcustomer@mail.com', '0178690754', NULL, 'Sadar Ghat', 'Dhaka,Bangladesh', NULL, 'sdfsdfsdsd', '2022-07-28 16:36:12', '2022-07-28 16:36:12'),
(248, 'superEditor', 'aaaustomer@mail.com', '0178690754', NULL, 'Agargaon', 'Dhaka,Bangladesh', NULL, 'vgdfvbdfbcvbcfgsdfvdf', '2022-07-28 16:37:45', '2022-07-28 16:37:45'),
(249, 'superEditor', 'customer@mail.com', '0178690754', NULL, 'default', 'Dhaka,Bangladesh', NULL, 'zsdfsdfs', '2022-07-28 16:38:49', '2022-07-28 16:38:49'),
(250, 'superEditor', 'customer@mail.com', '0178690754', NULL, 'Agargaon', 'Dhaka,Bangladesh', NULL, 'xcvbgdfgdfgdfgdf', '2022-07-28 16:40:46', '2022-07-28 16:40:46'),
(251, 'superEditor', 'aasdsdmer@mail.com', '0178690754', NULL, 'Manik Nagar', 'Dhaka,Bangladesh', NULL, 'asdfasasfas', '2022-07-28 16:42:20', '2022-07-28 16:42:20'),
(252, 'superEditor', 'customer@mail.com', '0178690754', NULL, 'Bangabhaban', 'Dhaka,Bangladesh', NULL, 'sdfsdfsd cvdvsxdv', '2022-07-28 16:43:39', '2022-07-28 16:43:39'),
(253, 'superEditor', 'serfderferustomer@mail.com', '0178690754', NULL, 'Lalmatia', 'Dhaka,Bangladesh', NULL, 'sdfsdfsderfterter', '2022-07-28 16:51:34', '2022-07-28 16:51:34'),
(254, 'Shown', 'akonsaon5@gmail.com', '0178686030', 'Regular', 'Dhaka', 'House no :69, Road no :17, Block c, Banani', NULL, NULL, '2022-07-28 22:28:39', '2022-07-28 22:28:39'),
(255, 'Menaka', 'menakaranidebnath@gmail.com', '01778808857', NULL, 'Noton Bazar', 'H-12, Khilbarirtek, Masterbari', NULL, NULL, '2022-07-31 11:59:13', '2022-07-31 11:59:13'),
(256, 'superEditor', 'hudatutuj@mailinator.com', '0178690754', NULL, 'Jurine', 'Dhaka,Bangladesh', NULL, 'dfgdfgdfgd', '2022-07-31 15:47:30', '2022-07-31 15:47:30'),
(257, 'jisan', 'mdnurmohammad001@gmail.com', '01913462391', 'Regular', 'Dhaka', 'mugda.dhaka', NULL, NULL, '2022-07-31 19:25:23', '2022-07-31 19:25:23'),
(258, 'Risad Hossain', 'mmd@gmail.com', '0176520759', 'Regular', 'Dhaka', 'Dhkaa Bangladesh', NULL, NULL, '2022-08-02 15:03:12', '2022-08-02 15:03:12'),
(259, 'Menaka', 'menakaranidebnath@gmail.com', '01778808857', NULL, 'Noton Bazar', 'H-12, Khilbarirtek, Masterbari', NULL, NULL, '2022-08-02 16:57:06', '2022-08-02 16:57:06'),
(260, 'Risad Hossain', 'mmd@gmail.com', '0176520759', 'Regular', 'Dhaka', 'Dhkaa Bangladesh', NULL, NULL, '2022-08-02 17:27:57', '2022-08-02 17:27:57'),
(261, 'Test Order', 'hudatutuj@mailinator.com', '0178690754', NULL, 'Agargaon', 'Dhaka,Bangladesh', NULL, 'dfgdfgrtyhdrtyhrtyhrty', '2022-08-02 17:28:29', '2022-08-02 17:28:29'),
(262, 'superEditor', 'hudatutuj@mailinator.com', '0178690754', NULL, 'default', 'Dhaka,Bangladesh', NULL, 'erfgergerdgdegdf', '2022-08-02 17:30:26', '2022-08-02 17:30:26'),
(263, 'Risad Hossain', 'mmd@gmail.com', '0176520759', 'Regular', 'Dhaka', 'Dhkaa Bangladesh', NULL, NULL, '2022-08-02 17:46:36', '2022-08-02 17:46:36'),
(264, 'Sadia Afroje', 'sadiaafrojesadia@gmail.com', '1740970907', 'Regular', 'Dhaka', 'Flat-B2, House-219/A, South Pirerbag, Amtola, Dhaka-1216', NULL, NULL, '2022-08-03 09:10:28', '2022-08-03 09:10:28'),
(265, 'Alen', 'dfdxdfcdfutuj@mailinator.com', '0178690754', NULL, 'default', 'Dhaka,Bangladesh', NULL, 'cvbcvbvcbcvbcv', '2022-08-04 10:48:26', '2022-08-04 10:48:26'),
(266, 'sdfsdgsdfgf', 'hudatutuj@mailinator.com', '0178690754', NULL, 'Agargaon', 'Dhaka,Bangladesh', NULL, 'sfsdfsdfsdfsdfsdfsdf', '2022-08-04 11:03:52', '2022-08-04 11:03:52'),
(267, 'Nasim Mccoy', 'hudatutuj@mailinator.com', '15772611495', NULL, 'Kamalapur', '12 West Nobel Road', NULL, 'cvbcvb', '2022-08-04 11:15:14', '2022-08-04 11:15:14'),
(268, 'Menaka', 'menakaranidebnath@gmail.com', '01778808857', NULL, 'Noton Bazar', 'House 175, Akota Garden, Masterbari, Khilbarirtek.', NULL, NULL, '2022-08-04 12:43:33', '2022-08-04 12:43:33'),
(269, 'Sumi Akter', 'sumiakter3090@gmail.com', '1611221466', 'Regular', 'Dhaka', 'House 175,Akota Garden,Masterbari Khilbarirtek Vatara.dhaka', NULL, NULL, '2022-08-04 12:45:43', '2022-08-04 12:45:43'),
(270, 'Murad Hossain', 'muradmagura@gmail.com', '1965330990', 'Regular', 'Dhaka', 'House 24, Road 01, Block i, Banani Dhaka 1213', NULL, NULL, '2022-08-04 20:39:23', '2022-08-04 20:39:23'),
(271, 'Mf Abdul Amin', 'aminsarkar1234@gmail.com', '01317492086', 'Regular', 'Dhaka', '110/5 middle pirerbagh, mirpur, Dhaka- 1216', NULL, NULL, '2022-08-05 15:51:39', '2022-08-05 15:51:39'),
(272, 'Mf Abdul Amin', 'aminsarkar1234@gmail.com', '01317492086', 'Express', 'Dhaka', '110/5 middle pirerbagh, mirpur, Dhaka- 1216', NULL, NULL, '2022-08-05 16:19:01', '2022-08-05 16:19:01'),
(273, 'sk shamim', NULL, '01751863813', NULL, 'Vijay Nagar', 'eee', NULL, NULL, '2022-08-05 16:44:39', '2022-08-05 16:44:39'),
(274, 'sk shamim', NULL, '01751863813', NULL, 'Kollyanpur', 'HOUS NUMBER:69. RODE NUMBER:17  BLOCK :C BANANI DHAKA', NULL, NULL, '2022-08-05 16:49:02', '2022-08-05 16:49:02'),
(275, 'sk shamim', NULL, '01751863813', NULL, 'Kollyanpur', 'HOUS NUMBER:69. RODE NUMBER:17  BLOCK :C BANANI DHAKA', NULL, NULL, '2022-08-05 16:49:03', '2022-08-05 16:49:03'),
(276, 'Rasel', 'raselahmedakash39@gmail.com', '01811293457', NULL, 'Kolabagan', '158/3 crecent road. Green road.Dhaka 1205', NULL, NULL, '2022-08-06 00:11:36', '2022-08-06 00:11:36'),
(277, 'Rasel', 'raselahmedakash39@gmail.com', '01811293457', NULL, 'Kolabagan', '158/3 crecent road. Green road.Dhaka 1205', NULL, NULL, '2022-08-06 00:11:53', '2022-08-06 00:11:53'),
(278, 'Md Miraz', 'rjriraj3019@gmail.com', '01891988508', NULL, 'Dhanmondi', '76/7 sadek khan road.Mohammadpur', NULL, NULL, '2022-08-07 08:00:14', '2022-08-07 08:00:14'),
(279, 'Md Miraz', 'rjriraj3019@gmail.com', '1891988508', 'Regular', 'Dhaka', '76/7 sadek khan road. pabna house goli mosjid er samne.  Mohammadpur dhaka 1207', NULL, NULL, '2022-08-07 16:01:10', '2022-08-07 16:01:10'),
(280, 'Risad Hossain', 'mmdislam@gmail.com', '01829887599', NULL, 'Palton', 'Concept tower, Green Road Dhaka', NULL, 'test', '2022-08-07 16:09:10', '2022-08-07 16:09:10'),
(281, 'tuly', 'mmd@gmail.com', '01765420759', 'Regular', 'Dhaka', 'concept tower dhaka', NULL, NULL, '2022-08-07 17:41:54', '2022-08-07 17:41:54'),
(282, 'Shadia Khatun', 'shadiakhatun1@gmail.com', '01716581039', NULL, 'Mirpur 2', '261/3-A South pirerbag, Mirpur,Dhaka 1216', NULL, 'Delivery dite asar age call dite hobe', '2022-08-07 19:33:09', '2022-08-07 19:33:09'),
(283, 'Md Miraz', 'rjriraj3019@gmail.com', '1891988508', 'Regular', 'Dhaka', '76/7 sadek khan road. pabna house goli mosjid er samne.  Mohammadpur dhaka 1207', NULL, NULL, '2022-08-07 21:48:44', '2022-08-07 21:48:44'),
(284, 'Ariya nowsin', 'ariyannur532@gmaio.com', '1684888415', 'Regular', 'Dhaka', '21 east maniknagar.mugda.dhaka 1203', NULL, NULL, '2022-08-08 00:01:59', '2022-08-08 00:01:59'),
(285, 'Md haque', NULL, '01924716220', NULL, 'Pallabi', 'Mirpur12.block d.rode 29. Home 24', NULL, NULL, '2022-08-08 00:08:33', '2022-08-08 00:08:33'),
(286, 'Md Miraz', 'rjriraj3019@gmail.com', '1891988508', 'Regular', 'Dhaka', '76/7 sadek khan road. pabna house goli mosjid er samne.  Mohammadpur dhaka 1207', NULL, NULL, '2022-08-08 00:20:06', '2022-08-08 00:20:06'),
(287, 'Md Miraz', 'rjriraj3019@gmail.com', '1891988508', 'Regular', 'Dhaka', '76/7 sadek khan road. pabna house goli mosjid er samne.  Mohammadpur dhaka 1207', NULL, NULL, '2022-08-08 00:22:17', '2022-08-08 00:22:17'),
(288, 'Menaka', 'menakaranidebnath@gmail.com', '1778808857', 'Regular', 'Dhaka', 'House 175, akota Garden, master bari, khilbarirtak, vatara, Dhaka.', NULL, 'cash on delivery', '2022-08-08 00:49:30', '2022-08-08 00:49:30'),
(289, 'Mehru', 'mehruhossainahmed@gmail.com', '01830564558', 'Regular', 'Dhaka', 'b-257/1 eastern housing, pallabi. Mirpur. Dhaka-1216', NULL, NULL, '2022-08-08 01:00:59', '2022-08-08 01:00:59'),
(290, 'sarmin hossain', 'ariyannur532@gmail.com', '1979-581045', 'Regular', 'Dhaka', 'uttar badda,gupi para,aman saheber building', NULL, NULL, '2022-08-08 01:19:49', '2022-08-08 01:19:49'),
(291, 'Md rahamat ullah', 'mdrahamar1006@gmail.com', '01914091006', 'Regular', 'Dhaka', '54 East kazipara 1216', NULL, NULL, '2022-08-08 01:30:38', '2022-08-08 01:30:38'),
(292, 'Md rahamat ullah', 'mdrahamar1006@gmail.com', '01914091006', 'Regular', 'Dhaka', '54 East kazipara 1216', NULL, NULL, '2022-08-08 01:40:05', '2022-08-08 01:40:05'),
(293, 'Md rahamat ullah', 'mdrahamar1006@gmail.com', '01914091006', 'Regular', 'Dhaka', '54 East kazipara 1216', NULL, NULL, '2022-08-08 01:44:52', '2022-08-08 01:44:52'),
(294, 'Md rahamat ullah', 'mdrahamar1006@gmail.com', '01914091006', 'Regular', 'Dhaka', '54 East kazipara 1216', NULL, NULL, '2022-08-08 01:51:26', '2022-08-08 01:51:26'),
(295, 'Faizul Islam Khan', 'gm.yasinknit@gmail.com', '01914481758', 'Regular', 'Dhaka', 'House#18, Road#8, Block#D, Rampura, Banasree', NULL, NULL, '2022-08-08 05:50:57', '2022-08-08 05:50:57'),
(296, 'Menaka', 'menakaranidebnath@gmail.com', '1778808857', 'Express', 'Dhaka', 'House 175, akota Garden, master bari, khilbarirtak, vatara, Dhaka.', NULL, NULL, '2022-08-08 07:32:41', '2022-08-08 07:32:41'),
(297, 'Faizul Islam Khan', 'gm.yasinknit@gmail.com', '01914481758', 'Regular', 'Dhaka', 'House#18, Road#8, Block#D, Rampura, Banasree', NULL, NULL, '2022-08-08 07:56:54', '2022-08-08 07:56:54'),
(298, 'Faizul Islam Khan', 'gm.yasinknit@gmail.com', '01914481758', 'Regular', 'Dhaka', 'House#18, Road#8, Block#D, Rampura, Banasree', NULL, NULL, '2022-08-08 08:32:48', '2022-08-08 08:32:48'),
(299, 'Faizul Islam Khan', 'gm.yasinknit@gmail.com', '01914481758', 'Regular', 'Dhaka', 'House#18, Road#8, Block#D, Rampura, Banasree', NULL, NULL, '2022-08-08 09:06:31', '2022-08-08 09:06:31'),
(300, 'jahidul islam', 'ariyannur532@gmail.com', '1914-343519', 'Regular', 'Dhaka', 'east maniknagar.khalpar road.dhaka 1203', NULL, NULL, '2022-08-08 11:15:49', '2022-08-08 11:15:49'),
(301, 'Uday', 'sendtouday@gmail.com', '1911585259', 'Regular', 'Dhaka', 'Mirpur 60 Feet , AmtoLa Bazar , ALamin Road , Nur Mosjid , House 388 , 2nd FLoor( House Owner)', NULL, NULL, '2022-08-08 11:45:08', '2022-08-08 11:45:08'),
(302, 'Ripon', 'fahimbaba2010@gmail.com', '01913256953', 'Regular', 'Dhaka', 'House#18, Road#8, Block#D, Rampura, Banasree', NULL, NULL, '2022-08-08 11:50:49', '2022-08-08 11:50:49'),
(303, 'Menaka', 'menakaranidebnath@gmail.com', '1778808857', 'Regular', 'Dhaka', 'Khala, Office, korail', NULL, 'khala office', '2022-08-08 12:10:28', '2022-08-08 12:10:28'),
(305, 'Test Order', 'hudatutuj@mailinator.com', '0133623223', NULL, 'Manik Nagar', '12 West Nobel Road', NULL, 'Test Order Test Order Test Order Test Order', '2022-08-08 14:11:46', '2022-08-08 14:11:46'),
(308, 'Test Order', 'hudatutuj@mailinator.com', '15772611495', NULL, 'Kotwali', '12 West Nobel Road', NULL, 'rtdftyyhdfghfghfg', '2022-08-08 14:19:08', '2022-08-08 14:19:08'),
(310, 'Nasim Mccoy Test', 'hudatutuj@mailinator.com', '15772611495', NULL, 'Jurine', '12 West Nobel Road', NULL, 'Test Order MediPlus Ds', '2022-08-08 14:24:58', '2022-08-08 14:24:58'),
(311, 'Test Order', 'hudatutuj@mailinator.com', '15772611495', NULL, 'Agargaon', '12 West Nobel Road', NULL, 'Test Order', '2022-08-08 14:27:37', '2022-08-08 14:27:37'),
(312, 'Md Miraz', 'rjriraj3019@gmail.com', '1891988508', 'Regular', 'Dhaka', '76/7 sadek khan road. pabna house goli mosjid er samne.  Mohammadpur dhaka 1207', NULL, NULL, '2022-08-08 15:31:42', '2022-08-08 15:31:42'),
(313, 'Test again', 'hudatutuj@mailinator.com', '15772611495', NULL, 'Lalmatia', '12 West Nobel Road', NULL, 'Test Again', '2022-08-08 16:04:17', '2022-08-08 16:04:17'),
(314, 'asif', 'asifashkar@gmail.com', '1745294352', 'Express', 'Dhaka', 'house no 51/12 (kha), road: 12, shekhertek, mohammadpur', NULL, NULL, '2022-08-08 23:25:03', '2022-08-08 23:25:03'),
(315, 'Md rahamat ullah', 'mdrahamar1006@gmail.com', '01914091006', 'Regular', 'Dhaka', '54 East kazipara 1216', NULL, NULL, '2022-08-09 02:20:03', '2022-08-09 02:20:03'),
(316, 'Asibur Rahman', 'mdasif113@gmail.com', '01999913322', 'Regular', 'Dhaka', '39/d-1 sadek khan road, rayer bazar community center dhal, mohammadpur, dhaka 1207', NULL, NULL, '2022-08-09 08:15:08', '2022-08-09 08:15:08'),
(317, 'Asibur Rahman', 'mdasif113@gmail.com', '01999913322', 'Regular', 'Dhaka', '39/d-1 sadek khan road, rayer bazar community center dhal, mohammadpur, dhaka 1207', NULL, NULL, '2022-08-09 08:27:31', '2022-08-09 08:27:31'),
(318, 'Asibur Rahman', 'mdasif113@gmail.com', '01999913322', 'Regular', 'Dhaka', '39/d-1 sadek khan road, rayer bazar community center dhal, mohammadpur, dhaka 1207', NULL, NULL, '2022-08-09 08:38:24', '2022-08-09 08:38:24'),
(319, 'mushfiq', 'mushfreak1984@gmail.com', '1911490347', 'Express', 'Dhaka', 'house 12/f, road 126, apt b5, Gulshan 1', NULL, NULL, '2022-08-09 09:58:29', '2022-08-09 09:58:29');
INSERT INTO `shippings` (`id`, `name`, `email`, `phone`, `type`, `city`, `address`, `area_id`, `remark`, `created_at`, `updated_at`) VALUES
(320, 'Risad Hossain (TEst order ignor it)', 'info@amvines.com', '+8801765420759', NULL, 'Sadar Ghat', '155/B, E-Raza bazar, dhaka', NULL, 'Test order ignor it', '2022-08-09 11:46:28', '2022-08-09 11:46:28'),
(321, 'Uday', 'sendtouday@gmail.com', '1911585259', 'Regular', 'Dhaka', 'Mirpur 60 Feet , AmtoLa Bazar , ALamin Road , Nur Mosjid , House 388 , 2nd FLoor( House Owner)', NULL, NULL, '2022-08-09 16:46:18', '2022-08-09 16:46:18'),
(322, 'Md rahamat ullah', 'mdrahamar1006@gmail.com', '01914091006', 'Regular', 'Dhaka', '54 East kazipara 1216', NULL, NULL, '2022-08-10 01:32:29', '2022-08-10 01:32:29'),
(323, 'Md rahamat ullah', 'mdrahamar1006@gmail.com', '01914091006', 'Regular', 'Dhaka', '54 East kazipara 1216', NULL, NULL, '2022-08-10 01:39:07', '2022-08-10 01:39:07'),
(324, 'Md Atuar Hossain', 'mdatuarhossain420@gmail.com', '1748118484', 'Regular', 'Dhaka', '169/1/A besides Rahman kinder garden school, niketon Gulshan 1 Dhaka', NULL, NULL, '2022-08-10 02:06:27', '2022-08-10 02:06:27'),
(325, 'Md rahamat ullah', 'mdrahamar1006@gmail.com', '01914091006', 'Regular', 'Dhaka', '54 East kazipara 1216', NULL, NULL, '2022-08-11 13:25:25', '2022-08-11 13:25:25'),
(326, 'Menaka', 'menakaranidebnath@gmail.com', '09613824466', NULL, 'Banani', 'Banani (Office)', NULL, 'Office Kitchen', '2022-08-13 12:18:59', '2022-08-13 12:18:59'),
(327, 'superEditor', 'dajovyty123@gmail.com', '0178690755', NULL, 'Lalmatia', 'Dhaka,Bangladesh', NULL, NULL, '2022-08-16 11:07:28', '2022-08-16 11:07:28'),
(328, 'Menaka', 'menakaranidebnath@gmail.com', '01732934695', NULL, 'Kuril', 'Kuril Biswaroad Near Police Box', NULL, 'Dinesh', '2022-08-17 15:06:48', '2022-08-17 15:06:48'),
(329, 'sk', NULL, '01751863813', NULL, 'Gulshan 2', 'fggvfg ftr', NULL, NULL, '2022-08-17 17:35:42', '2022-08-17 17:35:42'),
(330, 'test', NULL, '01751863813', NULL, 'Mirpur 10', 'HOUS NUMBER:69. RODE NUMBER:17  BLOCK :C BANANI DHAKA', NULL, NULL, '2022-08-18 09:22:12', '2022-08-18 09:22:12'),
(331, 'sumaiya', 'skshamim539@gmail.com', '01751863813', NULL, 'Mirpur 10', 'HOUS NUMBER:69. RODE NUMBER:17  BLOCK :C BANANI DHAKA', NULL, NULL, '2022-08-19 19:38:53', '2022-08-19 19:38:53'),
(332, 'Menaka', 'menakaranidebnath@gmail.com', '09613824466', NULL, 'Banani', 'Banani (Office)', NULL, 'for office', '2022-08-21 12:08:08', '2022-08-21 12:08:08'),
(333, 'Menaka', 'menakaranidebnath@gmail.com', '09613824466', NULL, 'Banani', 'Banani (Office)', NULL, 'for office kitchen', '2022-08-23 12:49:39', '2022-08-23 12:49:39'),
(334, 'jisan', 'sahadislam9909@gmail.com', '01601756063', 'Regular', 'Dhaka', 'banani.dhaka', NULL, NULL, '2022-08-24 16:39:06', '2022-08-24 16:39:06'),
(335, 'Susmita Islam', 'susmita.dhrubo@gmail.com', '+8801717706500', NULL, 'Basundhara', 'House-329,Flat-F1(6th Flr),Road-6,Block-I, Bashundhara R/A, Dhaka', NULL, NULL, '2022-08-26 00:00:53', '2022-08-26 00:00:53'),
(336, 'Menaka', 'menakaranidebnath@gmail.com', '09613824466', NULL, 'Banani', 'Banani (Office)', NULL, 'For Office Kitchen', '2022-08-28 16:21:02', '2022-08-28 16:21:02'),
(337, 'Menaka', 'menakaranidebnath@gmail.com', '01732934695', NULL, 'Kuril', 'Kuril Biswaroad Near Police Box', NULL, NULL, '2022-08-30 17:51:12', '2022-08-30 17:51:12'),
(338, 'Menaka', 'menakaranidebnath@gmail.com', '09613824466', NULL, 'Banani', 'Office Kitchen', NULL, NULL, '2022-09-03 12:50:05', '2022-09-03 12:50:05');

-- --------------------------------------------------------

--
-- Table structure for table `socialites`
--

CREATE TABLE `socialites` (
  `id` bigint(20) UNSIGNED NOT NULL,
  `google` tinyint(1) NOT NULL DEFAULT 0,
  `twitter` tinyint(1) NOT NULL DEFAULT 0,
  `facebook` tinyint(1) NOT NULL DEFAULT 0,
  `linkedin` tinyint(1) NOT NULL DEFAULT 0,
  `created_at` timestamp NULL DEFAULT NULL,
  `updated_at` timestamp NULL DEFAULT NULL
) ENGINE=InnoDB DEFAULT CHARSET=utf8mb4 COLLATE=utf8mb4_unicode_ci;

--
-- Dumping data for table `socialites`
--

INSERT INTO `socialites` (`id`, `google`, `twitter`, `facebook`, `linkedin`, `created_at`, `updated_at`) VALUES
(1, 0, 0, 0, 0, '2022-03-20 05:25:49', '2022-03-20 05:25:49');

-- --------------------------------------------------------

--
-- Table structure for table `sub_areas`
--

CREATE TABLE `sub_areas` (
  `id` bigint(20) UNSIGNED NOT NULL,
  `area_id` varchar(255) COLLATE utf8mb4_unicode_ci DEFAULT NULL,
  `name` varchar(255) COLLATE utf8mb4_unicode_ci DEFAULT NULL,
  `created_at` timestamp NULL DEFAULT NULL,
  `updated_at` timestamp NULL DEFAULT NULL
) ENGINE=InnoDB DEFAULT CHARSET=utf8mb4 COLLATE=utf8mb4_unicode_ci;

--
-- Dumping data for table `sub_areas`
--

INSERT INTO `sub_areas` (`id`, `area_id`, `name`, `created_at`, `updated_at`) VALUES
(3, '10', 'Uttara', '2022-07-04 16:50:26', '2022-07-04 16:50:26'),
(4, '10', 'Banani', '2022-07-04 16:51:46', '2022-07-04 16:51:46'),
(5, '10', 'Gulshan 1', '2022-07-04 16:58:23', '2022-07-04 16:58:23'),
(6, '10', 'Gulshan 2', '2022-07-04 16:58:56', '2022-07-04 16:58:56'),
(7, '10', 'Mohakhli', '2022-07-04 16:59:14', '2022-07-04 16:59:14'),
(8, '10', 'Mirpur 1', '2022-07-04 16:59:52', '2022-07-04 16:59:52'),
(9, '10', 'Gulshan Baridhara', '2022-07-04 17:00:42', '2022-07-04 17:00:42'),
(10, '10', 'Kollanpur', '2022-07-04 17:02:00', '2022-07-04 17:02:00'),
(11, '10', 'Mohammadpur', '2022-07-04 17:02:20', '2022-07-04 17:02:20'),
(12, '10', 'Dhanmondi', '2022-07-04 17:02:38', '2022-07-04 17:02:38'),
(13, '10', 'Shamoli', '2022-07-04 17:03:07', '2022-07-04 17:03:07'),
(14, '10', 'Cantonment', '2022-07-04 17:03:28', '2022-07-04 17:03:28'),
(15, '10', 'Khilkhet', '2022-07-04 17:04:02', '2022-07-04 17:04:02'),
(16, '10', 'Uttar Badda', '2022-07-05 12:47:34', '2022-07-05 12:47:34'),
(17, '10', 'Dokkhin Badda', '2022-07-05 12:48:10', '2022-07-05 12:48:10'),
(18, '10', 'Moddho Badda', '2022-07-05 12:48:38', '2022-07-05 12:48:38'),
(19, '10', 'Noton Bazar', '2022-07-05 12:49:02', '2022-07-05 12:49:02'),
(20, '10', 'Progoti  Shoroni', '2022-07-05 12:49:37', '2022-07-05 12:49:37'),
(21, '10', 'Shahajadpur', '2022-07-05 12:49:57', '2022-07-05 12:49:57'),
(22, '10', 'Kuril', '2022-07-05 12:50:14', '2022-07-05 12:50:14'),
(23, '10', 'Jashimuddin Uttara', '2022-07-05 12:50:41', '2022-07-05 12:50:41'),
(24, '10', 'Rajlaxmi Uttara', '2022-07-05 12:51:11', '2022-07-05 12:51:11'),
(25, '10', 'Diabari Uttara', '2022-07-05 12:51:49', '2022-07-05 12:51:49'),
(26, '10', 'Nikkunjo', '2022-07-05 12:52:08', '2022-07-05 12:52:08'),
(27, '10', 'Bonoshri', '2022-07-05 12:52:31', '2022-07-05 12:52:31'),
(28, '10', 'Kakoli', '2022-07-05 12:52:44', '2022-07-05 12:52:44'),
(29, '10', 'Mirpur 2', '2022-07-05 12:53:00', '2022-07-05 12:53:00'),
(30, '10', 'Mirpur DOHS', '2022-07-05 12:53:35', '2022-07-05 12:53:35'),
(31, '10', 'Mohakhali DOHS', '2022-07-05 12:54:04', '2022-07-05 12:54:04'),
(32, '10', 'Rampura', '2022-07-05 12:54:19', '2022-07-05 12:54:19'),
(33, '10', 'Hatirzill', '2022-07-05 12:54:36', '2022-07-05 12:54:36'),
(34, '10', 'Airport', '2022-07-05 12:55:10', '2022-07-05 12:55:10'),
(35, '10', 'Keranigonj', '2022-07-05 12:55:55', '2022-07-05 12:55:55'),
(36, '10', 'Baridhara Gulshan', '2022-07-05 12:57:03', '2022-07-05 12:57:03'),
(37, '10', 'Demra', '2022-07-05 13:00:16', '2022-07-05 13:00:16'),
(38, '10', 'Jatrabari', '2022-07-05 13:00:30', '2022-07-05 13:00:30'),
(39, '10', 'Khilgaon', '2022-07-05 13:00:54', '2022-07-05 13:00:54'),
(40, '10', 'Lalbag', '2022-07-05 13:01:10', '2022-07-05 13:01:10'),
(41, '10', 'Motijheel', '2022-07-05 13:01:30', '2022-07-05 13:01:30'),
(42, '10', 'Nawabganj', '2022-07-05 13:01:56', '2022-07-05 13:01:56'),
(43, '10', 'New Market', '2022-07-05 13:02:21', '2022-07-05 13:02:21'),
(44, '10', 'Palton', '2022-07-05 13:02:40', '2022-07-05 13:02:40'),
(45, '10', 'Ramna', '2022-07-05 13:02:56', '2022-07-05 13:02:56'),
(46, '10', 'Sabujbag', '2022-07-05 13:03:15', '2022-07-05 13:03:15'),
(47, '10', 'Savar', '2022-07-05 13:03:35', '2022-07-05 13:03:35'),
(48, '10', 'Sutrapur', '2022-07-05 13:03:49', '2022-07-05 13:03:49'),
(49, '10', 'Tejgaon', '2022-07-05 13:04:20', '2022-07-05 13:04:20'),
(50, '10', 'Tejgaon Industrial Area', '2022-07-05 13:05:02', '2022-07-05 13:05:02'),
(51, '10', 'Adabor', '2022-07-05 13:06:25', '2022-07-05 13:06:25'),
(52, '10', 'Uttar Khan', '2022-07-05 13:06:48', '2022-07-05 13:06:48'),
(53, '10', 'Kadamtali', '2022-07-05 13:07:05', '2022-07-05 13:07:05'),
(54, '10', 'Kalabagan', '2022-07-05 13:07:22', '2022-07-05 13:07:22'),
(55, '10', 'Kafrul', '2022-07-05 13:08:05', '2022-07-05 13:08:05'),
(56, '10', 'Kamrangirchar', '2022-07-05 13:08:33', '2022-07-05 13:08:33'),
(57, '10', 'Kotwali', '2022-07-05 13:09:01', '2022-07-05 13:09:01'),
(58, '10', 'Gendaria', '2022-07-05 13:09:29', '2022-07-05 13:09:29'),
(59, '10', 'Chawkbazar Model', '2022-07-05 13:10:29', '2022-07-05 13:10:29'),
(60, '10', 'Turag', '2022-07-05 13:10:49', '2022-07-05 13:10:49'),
(61, '10', 'Gendaria', '2022-07-05 13:11:08', '2022-07-05 13:11:08'),
(62, '10', 'Darus Salam', '2022-07-05 13:11:52', '2022-07-05 13:11:52'),
(63, '10', 'New Market', '2022-07-05 13:12:15', '2022-07-05 13:12:15'),
(64, '10', 'Pallabi', '2022-07-05 13:12:35', '2022-07-05 13:12:35'),
(65, '10', 'Bangshal', '2022-07-05 13:12:56', '2022-07-05 13:12:56'),
(66, '10', 'Shah Ali', '2022-07-05 13:13:51', '2022-07-05 13:13:51'),
(67, '10', 'Shahbagh', '2022-07-05 13:14:26', '2022-07-05 13:14:26'),
(68, '10', 'Sher-E-Bangla Nagar', '2022-07-05 13:15:05', '2022-07-05 13:15:05'),
(69, '10', 'Shampur', '2022-07-05 13:15:25', '2022-07-05 13:15:25'),
(70, '10', 'Hazaribagh', '2022-07-05 13:15:48', '2022-07-05 13:15:48'),
(71, '10', 'Dohar', '2022-07-05 13:16:22', '2022-07-05 13:16:22'),
(72, '10', 'Dhamrai', '2022-07-05 13:16:38', '2022-07-05 13:16:38'),
(73, '10', 'Kolabagan', '2022-07-05 15:18:31', '2022-07-05 15:18:31'),
(74, '10', 'Tikatuli', '2022-07-05 15:19:07', '2022-07-05 15:19:07'),
(75, '10', 'Basundhara', '2022-07-05 15:19:34', '2022-07-05 15:19:34'),
(76, '10', 'Mirpur 10', '2022-07-05 15:20:23', '2022-07-05 15:20:23'),
(77, '10', 'Gendariya', '2022-07-05 15:24:15', '2022-07-05 15:24:15'),
(78, '10', 'Malibag', '2022-07-05 15:29:12', '2022-07-05 15:29:12'),
(79, '10', 'Basabo', '2022-07-05 15:34:51', '2022-07-05 15:34:51'),
(80, '10', 'Mugdapara', '2022-07-05 15:35:24', '2022-07-05 15:35:24'),
(81, '10', 'Arambag', '2022-07-05 15:35:39', '2022-07-05 15:35:39'),
(82, '10', 'Fakirapool', '2022-07-05 15:35:58', '2022-07-05 15:35:58'),
(83, '10', 'Rajarbag', '2022-07-05 15:36:31', '2022-07-05 15:36:31'),
(84, '10', 'Kamalapur', '2022-07-05 15:36:51', '2022-07-05 15:36:51'),
(85, '10', 'Bangabhaban', '2022-07-05 15:37:35', '2022-07-05 15:37:35'),
(86, '10', 'Vijay Nagar', '2022-07-05 15:38:27', '2022-07-05 15:38:27'),
(87, '10', 'Shantinagar', '2022-07-05 15:39:00', '2022-07-05 15:39:00'),
(88, '10', 'Ajimpur', '2022-07-05 15:40:49', '2022-07-05 15:40:49'),
(89, '10', 'Bakshi Bazar', '2022-07-05 15:41:21', '2022-07-05 15:41:21'),
(90, '10', 'Manik Nagar', '2022-07-05 15:42:23', '2022-07-05 15:42:23'),
(91, '10', 'Jurine', '2022-07-05 15:43:28', '2022-07-05 15:43:28'),
(92, '10', 'Agargaon', '2022-07-05 15:46:03', '2022-07-05 15:46:03'),
(93, '10', 'Lalmatia', '2022-07-05 15:46:18', '2022-07-05 15:46:18'),
(94, '10', 'Sadar Ghat', '2022-07-05 15:47:07', '2022-07-05 15:47:07'),
(95, '10', 'Kollyanpur', '2022-07-07 14:56:56', '2022-07-07 14:56:56'),
(97, '10', 'Grant Herrera', '2022-07-18 17:30:03', '2022-07-18 17:30:03');

-- --------------------------------------------------------

--
-- Table structure for table `sub_categories`
--

CREATE TABLE `sub_categories` (
  `id` bigint(20) UNSIGNED NOT NULL,
  `category_id` bigint(20) UNSIGNED NOT NULL,
  `name` varchar(255) COLLATE utf8mb4_unicode_ci NOT NULL,
  `image` varchar(255) COLLATE utf8mb4_unicode_ci DEFAULT NULL,
  `slug` varchar(255) COLLATE utf8mb4_unicode_ci NOT NULL,
  `created_by` int(11) NOT NULL DEFAULT 4,
  `created_at` timestamp NULL DEFAULT NULL,
  `updated_at` timestamp NULL DEFAULT NULL,
  `deleted_at` date DEFAULT NULL
) ENGINE=InnoDB DEFAULT CHARSET=utf8mb4 COLLATE=utf8mb4_unicode_ci;

--
-- Dumping data for table `sub_categories`
--

INSERT INTO `sub_categories` (`id`, `category_id`, `name`, `image`, `slug`, `created_by`, `created_at`, `updated_at`, `deleted_at`) VALUES
(49, 22, 'Selma Donaldson', NULL, 'selma-donaldson', 4, '2022-05-31 11:43:30', '2022-05-31 11:43:30', NULL),
(77, 33, 'Kitchen Tools', NULL, 'kitchen-tools', 4, '2022-06-04 09:24:12', '2022-06-04 09:24:12', NULL),
(79, 33, 'Kitchen Rack', NULL, 'kitchen-rack', 4, '2022-06-04 09:24:46', '2022-06-04 09:24:46', NULL),
(80, 33, 'Cooking Knives', NULL, 'cooking-knives', 4, '2022-06-04 09:25:05', '2022-06-04 09:25:05', NULL),
(81, 33, 'Baking Tools & Accesories', NULL, 'baking-tools-accesories', 4, '2022-06-04 09:25:22', '2022-06-04 09:25:22', NULL),
(82, 32, 'Women\'s Watches', NULL, 'womens-watches', 4, '2022-06-04 09:25:46', '2022-06-04 09:25:46', NULL),
(83, 32, 'Men\'s Watches', NULL, 'mens-watches', 4, '2022-06-04 09:25:59', '2022-06-04 09:25:59', NULL),
(84, 32, 'Couple & Set Watches', NULL, 'couple-set-watches', 4, '2022-06-04 09:26:14', '2022-06-04 09:26:14', NULL),
(85, 32, 'Watch Accessories', NULL, 'watch-accessories', 4, '2022-06-04 09:26:28', '2022-06-04 09:26:28', NULL),
(86, 31, 'Frist Aid', NULL, 'frist-aid', 4, '2022-06-04 09:26:46', '2022-06-04 09:26:46', NULL),
(87, 31, 'Antiseptics', NULL, 'antiseptics', 4, '2022-06-04 09:26:58', '2022-06-04 09:26:58', NULL),
(88, 31, 'Medical Tests', NULL, 'medical-tests', 4, '2022-06-04 09:27:11', '2022-06-04 09:27:11', NULL),
(89, 31, 'Medicine', NULL, 'medicine', 4, '2022-06-04 09:27:22', '2022-06-04 09:27:22', NULL),
(90, 31, 'Supplements', NULL, 'supplements', 4, '2022-06-04 09:27:33', '2022-06-04 09:27:33', NULL),
(91, 31, 'Oral Care', NULL, 'oral-care', 4, '2022-06-04 09:27:44', '2022-06-04 09:27:44', NULL),
(92, 31, 'Dipapers', NULL, 'dipapers', 4, '2022-06-04 09:27:55', '2022-06-04 09:27:55', NULL),
(93, 31, 'Digestive Aids', NULL, 'digestive-aids', 4, '2022-06-04 09:28:07', '2022-06-04 09:28:07', NULL),
(94, 31, 'Harbal Aids', NULL, 'harbal-aids', 4, '2022-06-04 09:28:19', '2022-06-04 09:28:19', NULL),
(95, 22, 'Baby Food', NULL, 'baby-food', 4, '2022-06-04 09:28:36', '2022-06-04 09:28:36', NULL),
(96, 22, 'Baby Care', NULL, 'baby-care', 4, '2022-06-04 09:28:48', '2022-06-28 17:37:27', NULL),
(97, 22, 'Clothing & Accessories', NULL, 'clothing-accessories', 4, '2022-06-04 09:29:07', '2022-06-04 09:29:07', NULL),
(98, 22, 'Toy and games', NULL, 'toy-and-games', 4, '2022-06-04 09:29:23', '2022-06-04 09:29:23', NULL),
(99, 22, 'Diaper & Wipes', NULL, 'diaper-wipes', 4, '2022-06-04 09:29:39', '2022-06-04 09:29:39', NULL),
(100, 22, 'Baby Accessories', NULL, 'baby-accessories', 4, '2022-06-04 09:29:49', '2022-06-04 09:29:49', NULL),
(101, 22, 'Baby Extra Care', NULL, 'baby-extra-care', 4, '2022-06-04 09:30:01', '2022-06-04 09:30:01', NULL),
(102, 35, 'Bath & Body', NULL, 'bath-body', 4, '2022-06-04 09:31:38', '2022-06-04 09:31:38', NULL),
(103, 35, 'Face Makeup', NULL, 'face-makeup', 4, '2022-06-04 09:31:49', '2022-06-04 09:31:49', NULL),
(104, 35, 'SkinCare', NULL, 'skincare', 4, '2022-06-04 09:32:00', '2022-06-04 09:32:00', NULL),
(105, 35, 'Eye Care', NULL, 'eye-care', 4, '2022-06-04 09:32:12', '2022-06-04 09:32:12', NULL),
(106, 35, 'Hair Care', NULL, 'hair-care', 4, '2022-06-04 09:32:26', '2022-06-04 09:32:26', NULL),
(107, 35, 'Foot Care', NULL, 'foot-care', 4, '2022-06-04 09:32:40', '2022-06-04 09:32:40', NULL),
(108, 35, 'Lips', NULL, 'lips', 4, '2022-06-04 09:32:54', '2022-06-04 09:32:54', NULL),
(109, 35, 'Men\'s Grooming', NULL, 'mens-grooming', 4, '2022-06-04 09:33:11', '2022-06-04 09:33:11', NULL),
(110, 35, 'Personal  Care', NULL, 'personal-care', 4, '2022-06-04 09:33:35', '2022-06-04 09:33:35', NULL),
(111, 35, 'Sun Care', NULL, 'sun-care', 4, '2022-06-04 09:33:46', '2022-06-04 09:33:46', NULL),
(112, 35, 'Fragrances', NULL, 'fragrances', 4, '2022-06-04 09:33:58', '2022-06-04 09:33:58', NULL),
(113, 35, 'Beauty Tools', NULL, 'beauty-tools', 4, '2022-06-04 09:34:09', '2022-06-04 09:34:09', NULL),
(126, 40, 'Fresh Fish & Meat', '20220615172852.jpg', 'fresh-fish-meat', 4, '2022-06-05 11:06:28', '2022-06-15 17:28:52', NULL),
(129, 40, 'Beverages', '20220612143150.jpg', 'beverages', 4, '2022-06-05 11:08:28', '2022-06-12 14:31:50', NULL),
(130, 40, 'Dry & Packaged Items', '20220615025756.jpg', 'dry-packaged-items', 4, '2022-06-05 11:09:18', '2022-06-15 02:57:56', NULL),
(131, 40, 'Snacks', '20220612144300.jpg', 'snacks', 4, '2022-06-05 11:10:00', '2022-06-12 14:43:00', NULL),
(132, 40, 'Pantry', '20220625111403.png', 'pantry', 4, '2022-06-05 11:10:22', '2022-06-25 11:14:03', NULL),
(135, 40, 'Breakfast', '20220612143402.jpg', 'breakfast', 4, '2022-06-05 11:12:48', '2022-06-12 14:34:02', NULL),
(136, 40, 'Bakery', '20220612143306.jpg', 'bakery', 4, '2022-06-05 11:14:02', '2022-06-12 14:33:06', NULL),
(137, 40, 'Frozen & Chilled', '20220612143803.jpg', 'frozen-chilled', 4, '2022-06-05 11:18:03', '2022-06-12 14:38:03', NULL),
(138, 40, 'Daily Cooking', '20220612143552.jpg', 'daily-cooking', 4, '2022-06-05 15:56:28', '2022-06-12 14:35:52', NULL),
(139, 40, 'Chocolate', '20220612143521.jpg', 'chocolate', 4, '2022-06-05 21:24:10', '2022-06-12 14:35:21', NULL),
(142, 39, 'Kiara Waters', 'image (1).png', 'kiara-waters', 4, '2022-06-11 14:29:57', '2022-06-11 14:39:34', NULL),
(143, 40, 'Dairy', '20220612143650.jpg', 'dairy', 4, '2022-06-12 14:36:50', '2022-06-12 14:36:50', NULL),
(145, 43, 'Fresh Vegetables', '20220625131351.JPG', 'fresh-vegetables', 4, '2022-06-25 13:13:51', '2022-06-25 13:13:51', NULL),
(146, 43, 'Fresh Fruits', '20220625131553.JPG', 'fresh-fruits', 4, '2022-06-25 13:15:53', '2022-06-25 13:15:53', NULL),
(147, 31, 'Hand Wash', '20220625165940.jpg', 'hand-wash', 4, '2022-06-25 16:59:40', '2022-06-25 16:59:40', NULL),
(148, 40, 'Milk & Milk Powder', '20220625175251.jpg', 'milk-milk-powder', 4, '2022-06-25 17:52:51', '2022-06-25 17:52:51', NULL),
(149, 40, 'clean& Laundry', '20220625190629.jpg', 'clean-laundry', 4, '2022-06-25 18:09:54', '2022-07-17 16:40:19', NULL),
(151, 31, 'Tooth Paste', '20220626123653.jpg', 'tooth-paste', 4, '2022-06-26 12:36:53', '2022-06-26 12:36:53', NULL),
(152, 31, 'Soap', '20220626131626.jpg', 'soap', 4, '2022-06-26 13:16:26', '2022-06-26 13:16:26', NULL),
(153, 31, 'Insect Killer', '20220626133808.jpg', 'insect-killer', 4, '2022-06-26 13:38:08', '2022-06-26 13:38:08', NULL),
(154, 22, 'Baby Soap', '20220626133901.jpg', 'baby-soap', 4, '2022-06-26 13:39:01', '2022-06-26 13:39:01', NULL),
(155, 40, 'Sauce', '20220626141356.jpg', 'sauce', 4, '2022-06-26 14:13:56', '2022-06-26 14:13:56', NULL),
(156, 40, 'Air Freshner', '20220626143306.jpg', 'air-freshner', 4, '2022-06-26 14:33:06', '2022-06-26 14:33:06', NULL),
(157, 40, 'Testing Salt', '20220626145523.jpg', 'testing-salt', 4, '2022-06-26 14:55:23', '2022-06-26 14:55:23', NULL),
(158, 40, 'Salt', '20220626145643.jpg', 'salt', 4, '2022-06-26 14:56:43', '2022-06-26 14:56:43', NULL),
(159, 40, 'Shampoo', '20220626150244.jpg', 'shampoo', 4, '2022-06-26 15:02:44', '2022-06-26 15:02:44', NULL),
(160, 40, 'Noodles', '20220627132058.jpg', 'noodles', 4, '2022-06-27 13:20:58', '2022-06-27 13:20:58', NULL),
(161, 40, 'Soda&Water', '20220627165349.webp', 'sodawater', 4, '2022-06-27 16:53:49', '2022-06-27 16:53:49', NULL),
(162, 40, 'Egg', '20220703183955.jpg', 'egg', 4, '2022-06-29 16:36:28', '2022-07-03 18:39:55', NULL),
(163, 40, 'Cheese& Butter', '20220702112349.jpg', 'cheese-butter', 4, '2022-07-02 11:10:58', '2022-07-02 11:23:49', NULL),
(164, 40, 'Jam&Jelly', '20220702114006.webp', 'jamjelly', 4, '2022-07-02 11:40:06', '2022-07-02 11:40:06', NULL),
(166, 40, 'Oats&Honey', '20220704115924.jpg', 'oatshoney', 4, '2022-07-04 11:59:24', '2022-07-04 11:59:24', NULL),
(167, 31, 'Mask,Hndrub&Disnificant', '20220707130204.webp', 'maskhndrubdisnificant', 4, '2022-07-07 13:02:04', '2022-07-07 13:02:04', NULL),
(168, 40, 'Tea &Molted Drinks', '20220716101616.jpg', 'tea-molted-drinks', 4, '2022-07-16 10:16:16', '2022-07-16 10:16:16', NULL),
(169, 45, 'Claning Appliance', '20220717121816.webp', 'claning-appliance', 4, '2022-07-17 12:18:16', '2022-07-17 12:18:16', NULL),
(170, 46, 'Arts&Paper.Office Iteam', '20220717145326.jpg', 'artspaperoffice-iteam', 4, '2022-07-17 14:53:26', '2022-07-17 14:53:26', NULL),
(171, 35, 'Hair & Care', '20220717164408.jpg', 'hair-care', 4, '2022-07-17 16:44:08', '2022-07-17 16:44:08', NULL),
(172, 40, 'Pest Control', '20220717165913.jpg', 'pest-control', 4, '2022-07-17 16:59:13', '2022-07-17 16:59:13', NULL),
(173, 33, 'Baking Tools', '20220718125002.jpg', 'baking-tools', 4, '2022-07-18 12:50:02', '2022-07-18 12:50:02', NULL),
(174, 33, 'Disposable product', '20220718131829.jpg', 'disposable-product', 4, '2022-07-18 13:18:29', '2022-07-18 13:18:29', NULL),
(175, 40, 'Water Purifier', '20220719105735.jpg', 'water-purifier', 4, '2022-07-19 10:57:35', '2022-07-19 10:57:35', NULL),
(176, 47, 'Keyboard&Mouse.Others', '20220719113503.jpg', 'keyboardmouseothers', 4, '2022-07-19 11:35:03', '2022-07-19 11:35:03', NULL),
(178, 31, 'Tissue & wipes', '20220720201525.jpeg', 'tissue-wipes', 4, '2022-07-20 20:15:25', '2022-07-20 20:15:25', NULL),
(179, 40, 'Pickles', '20220721111424.jpg', 'pickles', 4, '2022-07-21 11:14:24', '2022-07-21 11:14:24', NULL),
(180, 33, 'Rack & Organiser', '20220723130821.jpg', 'rack-organiser', 4, '2022-07-23 13:08:21', '2022-07-23 13:08:21', NULL),
(181, 40, 'Mixed Powder', '20220724153511.webp', 'mixed-powder', 4, '2022-07-24 15:35:11', '2022-07-24 15:35:11', NULL),
(182, 40, 'Canned Food', '20220725113411.jpg', 'canned-food', 4, '2022-07-25 11:34:11', '2022-07-25 11:34:11', NULL),
(183, 40, 'Food Colour & Flavour', '20220725162321.jpg', 'food-colour-flavour', 4, '2022-07-25 16:23:21', '2022-07-25 16:23:21', NULL),
(184, 41, 'Flash Sale', '20220808090115.jpeg', 'flash-sale', 4, '2022-07-26 11:46:02', '2022-08-08 09:01:15', NULL),
(185, 33, 'Home Organizer', '20220726120437.jpeg', 'home-organizer', 4, '2022-07-26 12:04:37', '2022-07-26 12:04:37', NULL),
(186, 22, 'Baby Toys & Sports', '20220726141435.jpeg', 'baby-toys-sports', 4, '2022-07-26 14:14:35', '2022-07-26 14:14:35', NULL),
(187, 40, 'Ice Cream', '20220728100042.jpeg', 'ice-cream', 4, '2022-07-28 10:00:42', '2022-07-28 10:00:42', NULL),
(189, 40, 'Chips &Biscuit', '20220801105420.jpg', 'chips-biscuit', 4, '2022-08-01 10:54:20', '2022-08-01 14:04:00', NULL),
(191, 40, 'Sugar', '20220814103339.jpg', 'sugar', 4, '2022-08-14 10:33:39', '2022-08-14 10:33:39', NULL),
(192, 36, 'Cad Food&Others', '20220814130536.jpg', 'cad-foodothers', 4, '2022-08-14 13:05:36', '2022-08-14 13:05:36', NULL);

-- --------------------------------------------------------

--
-- Table structure for table `tags`
--

CREATE TABLE `tags` (
  `id` bigint(20) UNSIGNED NOT NULL,
  `name` varchar(255) COLLATE utf8mb4_unicode_ci NOT NULL,
  `slug` varchar(255) COLLATE utf8mb4_unicode_ci NOT NULL,
  `created_at` timestamp NULL DEFAULT NULL,
  `updated_at` timestamp NULL DEFAULT NULL
) ENGINE=InnoDB DEFAULT CHARSET=utf8mb4 COLLATE=utf8mb4_unicode_ci;

--
-- Dumping data for table `tags`
--

INSERT INTO `tags` (`id`, `name`, `slug`, `created_at`, `updated_at`) VALUES
(1, 'Micaela Daniel', 'brennon-tillman', '2022-03-20 05:25:50', '2022-03-20 05:25:50'),
(2, 'Alan DuBuque', 'prof-elyssa-simonis', '2022-03-20 05:25:50', '2022-03-20 05:25:50'),
(3, 'Lilian Daugherty', 'tyree-vonrueden', '2022-03-20 05:25:50', '2022-03-20 05:25:50'),
(4, 'Lorna Labadie', 'vincenza-doyle', '2022-03-20 05:25:50', '2022-03-20 05:25:50'),
(5, 'Camden Parisian', 'owen-hodkiewicz', '2022-03-20 05:25:50', '2022-03-20 05:25:50'),
(6, 'Margret Cronin', 'dr-stephen-kertzmann', '2022-03-20 05:25:50', '2022-03-20 05:25:50'),
(7, 'Rolando Oberbrunner Jr.', 'cicero-farrell', '2022-03-20 05:25:50', '2022-03-20 05:25:50'),
(8, 'Mr. Rick Harber', 'mr-brannon-mosciski-v', '2022-03-20 05:25:50', '2022-03-20 05:25:50'),
(9, 'Prof. Martine Wyman Jr.', 'darby-emard', '2022-03-20 05:25:50', '2022-03-20 05:25:50'),
(10, 'Jamie Morar', 'darrick-goodwin', '2022-03-20 05:25:50', '2022-03-20 05:25:50'),
(11, 'ytrtyy', 'ytrtyy', '2022-08-13 16:50:20', '2022-08-13 16:50:20'),
(12, 'fyutuy', 'fyutuy', '2022-08-13 16:50:27', '2022-08-13 16:50:27'),
(13, 'jhgjygy', 'jhgjygy', '2022-08-13 16:50:35', '2022-08-13 16:50:35');

-- --------------------------------------------------------

--
-- Table structure for table `teams`
--

CREATE TABLE `teams` (
  `id` bigint(20) UNSIGNED NOT NULL,
  `name` varchar(255) COLLATE utf8mb4_unicode_ci NOT NULL,
  `image` varchar(255) COLLATE utf8mb4_unicode_ci NOT NULL,
  `designation` varchar(255) COLLATE utf8mb4_unicode_ci NOT NULL,
  `order` int(10) UNSIGNED NOT NULL DEFAULT 0,
  `created_at` timestamp NULL DEFAULT NULL,
  `updated_at` timestamp NULL DEFAULT NULL
) ENGINE=InnoDB DEFAULT CHARSET=utf8mb4 COLLATE=utf8mb4_unicode_ci;

--
-- Dumping data for table `teams`
--

INSERT INTO `teams` (`id`, `name`, `image`, `designation`, `order`, `created_at`, `updated_at`) VALUES
(1, 'Quis esse aut culpa ex libero commodi.', 'https://picsum.photos/id/254/700/600', 'Dr. Earlene Homenick II', 0, '2022-03-20 05:25:51', '2022-03-20 05:25:51'),
(2, 'Libero ut cupiditate est ut dicta maiores quaerat inventore ipsum.', 'https://picsum.photos/id/267/700/600', 'Dr. Alexie Bode DDS', 0, '2022-03-20 05:25:51', '2022-03-20 05:25:51'),
(3, 'Ad deserunt saepe et et hic ullam qui.', 'https://picsum.photos/id/163/700/600', 'Blaise Marvin I', 0, '2022-03-20 05:25:51', '2022-03-20 05:25:51'),
(4, 'Consequuntur officiis velit architecto nihil dolorum porro earum dolore.', 'https://picsum.photos/id/58/700/600', 'Fernando Farrell', 0, '2022-03-20 05:25:51', '2022-03-20 05:25:51'),
(5, 'Eveniet aspernatur fugit et voluptas neque magnam harum repudiandae voluptatem accusantium.', 'https://picsum.photos/id/294/700/600', 'Anabel Quigley', 0, '2022-03-20 05:25:51', '2022-03-20 05:25:51');

-- --------------------------------------------------------

--
-- Table structure for table `testimonials`
--

CREATE TABLE `testimonials` (
  `id` bigint(20) UNSIGNED NOT NULL,
  `name` varchar(255) COLLATE utf8mb4_unicode_ci NOT NULL,
  `position` varchar(255) COLLATE utf8mb4_unicode_ci NOT NULL,
  `description` text COLLATE utf8mb4_unicode_ci NOT NULL,
  `image` varchar(255) COLLATE utf8mb4_unicode_ci NOT NULL,
  `created_at` timestamp NULL DEFAULT NULL,
  `updated_at` timestamp NULL DEFAULT NULL
) ENGINE=InnoDB DEFAULT CHARSET=utf8mb4 COLLATE=utf8mb4_unicode_ci;

--
-- Dumping data for table `testimonials`
--

INSERT INTO `testimonials` (`id`, `name`, `position`, `description`, `image`, `created_at`, `updated_at`) VALUES
(1, 'Est aliquid minima id voluptatem incidunt.', 'Cumque ipsa cupiditate voluptas provident vitae ab maiores.', 'Accusamus qui et non et. Accusamus ab illo delectus dolorem ut. Ea aut cum pariatur consequatur quibusdam accusamus veniam.', 'https://picsum.photos/id/188/700/600', '2022-03-20 05:25:52', '2022-03-20 05:25:52'),
(2, 'Labore minima est reprehenderit voluptatem voluptas occaecati.', 'Necessitatibus architecto distinctio eveniet et et.', 'Dolor est labore esse. Libero deleniti ea assumenda consequatur. Incidunt aut nesciunt dolor perspiciatis quia sed. Laboriosam quod optio repudiandae autem.', 'https://picsum.photos/id/264/700/600', '2022-03-20 05:25:52', '2022-03-20 05:25:52'),
(3, 'Saepe laudantium vel sit aliquid dolor nam sit.', 'Voluptatem ducimus tempora vitae voluptates iure iure.', 'Temporibus aut quis maxime dolor et animi et. Illum fugiat saepe eaque et laborum qui porro. Sint recusandae earum a.', 'https://picsum.photos/id/200/700/600', '2022-03-20 05:25:52', '2022-03-20 05:25:52'),
(4, 'Magni earum molestias suscipit et quia.', 'Harum dolor ipsam ea omnis beatae eos debitis minus quos aut.', 'Animi earum aliquam id et fuga rerum. Atque qui ullam blanditiis rerum. Velit porro provident ut sed numquam eum sint. Rerum at et reprehenderit eius sed.', 'https://picsum.photos/id/186/700/600', '2022-03-20 05:25:52', '2022-03-20 05:25:52'),
(5, 'Consequatur qui perspiciatis animi consequatur.', 'Dolores itaque doloribus eligendi voluptatem autem assumenda in.', 'Sint veniam velit consequatur ex. Consequatur ut ut aut in error dolor placeat. Omnis et et corrupti eius id cum consectetur. Repellendus veritatis similique veritatis quia ut sit.', 'https://picsum.photos/id/167/700/600', '2022-03-20 05:25:52', '2022-03-20 05:25:52'),
(6, 'Placeat nesciunt explicabo quo incidunt iste accusantium aliquam voluptates.', 'Mollitia error culpa et earum omnis beatae atque cumque aut a.', 'Odio accusamus labore repellendus accusantium iste earum quis. Voluptatibus laudantium sunt earum expedita aut. Doloremque omnis odit quia aperiam fuga illo temporibus. Id quis nam reprehenderit tempora sed velit et.', 'https://picsum.photos/id/60/700/600', '2022-03-20 05:25:52', '2022-03-20 05:25:52'),
(7, 'Accusamus aut cupiditate qui fuga ut.', 'Est consequatur animi esse vero maiores occaecati nemo cumque esse accusantium deleniti.', 'Sapiente illo reprehenderit iste et adipisci quas expedita. Suscipit et sit quia cumque commodi ducimus. Qui suscipit autem asperiores voluptatem ut omnis numquam.', 'https://picsum.photos/id/289/700/600', '2022-03-20 05:25:52', '2022-03-20 05:25:52'),
(8, 'Saepe aliquid fugiat porro dolores.', 'Placeat esse aspernatur consectetur omnis vel velit aperiam repudiandae aut.', 'Et dolores hic aut unde ipsum. Corrupti ipsam iste pariatur praesentium voluptate ipsa.', 'https://picsum.photos/id/37/700/600', '2022-03-20 05:25:52', '2022-03-20 05:25:52'),
(9, 'Excepturi temporibus cumque totam expedita.', 'Tenetur quia consectetur vero eius voluptatem numquam omnis eaque.', 'Qui optio ut quasi ex quae. Ullam ratione commodi magni non. Perspiciatis autem ipsam vero alias nostrum odio hic. Non mollitia sunt ut ut quidem.', 'https://picsum.photos/id/34/700/600', '2022-03-20 05:25:52', '2022-03-20 05:25:52'),
(10, 'Est qui accusantium et sapiente.', 'Inventore at magni libero et deleniti molestiae reiciendis non magnam voluptas.', 'Dolor quasi omnis quos dolorem ut nihil. Perspiciatis blanditiis consectetur quaerat dolores eos ipsa. Voluptatem et eligendi quo illum saepe dolorem et.', 'https://picsum.photos/id/38/700/600', '2022-03-20 05:25:52', '2022-03-20 05:25:52');

-- --------------------------------------------------------

--
-- Table structure for table `wishlists`
--

CREATE TABLE `wishlists` (
  `id` bigint(20) UNSIGNED NOT NULL,
  `product_id` bigint(20) UNSIGNED NOT NULL,
  `user_id` bigint(20) UNSIGNED NOT NULL,
  `created_at` timestamp NULL DEFAULT NULL,
  `updated_at` timestamp NULL DEFAULT NULL
) ENGINE=InnoDB DEFAULT CHARSET=utf8mb4 COLLATE=utf8mb4_unicode_ci;

--
-- Dumping data for table `wishlists`
--

INSERT INTO `wishlists` (`id`, `product_id`, `user_id`, `created_at`, `updated_at`) VALUES
(1, 57, 1, '2022-03-20 05:25:52', '2022-03-20 05:25:52'),
(2, 62, 1, '2022-03-20 05:25:52', '2022-03-20 05:25:52'),
(5, 14, 1, '2022-03-20 05:25:52', '2022-03-20 05:25:52'),
(6, 91, 3, '2022-03-20 10:19:02', '2022-03-20 10:19:02'),
(8, 69, 7, '2022-03-21 06:00:30', '2022-03-21 06:00:30'),
(11, 2, 7, '2022-03-21 06:00:59', '2022-03-21 06:00:59'),
(14, 43, 7, '2022-03-21 08:48:35', '2022-03-21 08:48:35'),
(17, 66, 7, '2022-03-23 10:01:47', '2022-03-23 10:01:47'),
(19, 66, 7, '2022-03-24 06:49:40', '2022-03-24 06:49:40'),
(23, 18, 3, '2022-03-27 04:38:38', '2022-03-27 04:38:38'),
(24, 18, 3, '2022-03-27 04:38:43', '2022-03-27 04:38:43'),
(28, 19, 7, '2022-03-27 05:37:52', '2022-03-27 05:37:52'),
(42, 96, 5, '2022-04-04 06:36:07', '2022-04-04 06:36:07'),
(43, 90, 5, '2022-04-06 07:13:34', '2022-04-06 07:13:34'),
(44, 96, 17, '2022-04-17 09:39:08', '2022-04-17 09:39:08'),
(45, 92, 18, '2022-04-18 04:37:16', '2022-04-18 04:37:16'),
(52, 97, 26, '2022-04-26 08:57:55', '2022-04-26 08:57:55'),
(54, 96, 27, '2022-04-27 05:00:28', '2022-04-27 05:00:28'),
(55, 95, 27, '2022-04-27 05:00:32', '2022-04-27 05:00:32'),
(56, 16, 28, '2022-04-28 06:10:16', '2022-04-28 06:10:16'),
(73, 458, 187, '2022-06-28 22:55:52', '2022-06-28 22:55:52'),
(74, 727, 5, '2022-07-16 14:07:11', '2022-07-16 14:07:11'),
(75, 726, 5, '2022-07-16 14:07:16', '2022-07-16 14:07:16'),
(76, 713, 5, '2022-07-16 14:07:28', '2022-07-16 14:07:28'),
(79, 746, 218, '2022-07-19 18:02:16', '2022-07-19 18:02:16'),
(81, 460, 218, '2022-07-19 18:04:50', '2022-07-19 18:04:50'),
(83, 701, 218, '2022-07-19 18:06:49', '2022-07-19 18:06:49'),
(84, 293, 218, '2022-07-19 18:08:45', '2022-07-19 18:08:45'),
(85, 297, 218, '2022-07-19 18:08:59', '2022-07-19 18:08:59'),
(87, 674, 218, '2022-07-19 21:37:38', '2022-07-19 21:37:38'),
(89, 637, 218, '2022-07-19 21:38:09', '2022-07-19 21:38:09'),
(91, 504, 218, '2022-07-19 21:39:00', '2022-07-19 21:39:00'),
(94, 392, 218, '2022-07-19 21:40:22', '2022-07-19 21:40:22'),
(95, 391, 218, '2022-07-19 21:40:39', '2022-07-19 21:40:39'),
(96, 408, 218, '2022-07-19 21:41:30', '2022-07-19 21:41:30'),
(97, 729, 218, '2022-07-19 21:49:38', '2022-07-19 21:49:38'),
(98, 719, 218, '2022-07-19 21:50:46', '2022-07-19 21:50:46'),
(99, 157, 218, '2022-07-19 21:55:28', '2022-07-19 21:55:28'),
(100, 439, 218, '2022-07-19 21:58:51', '2022-07-19 21:58:51'),
(101, 232, 218, '2022-07-19 21:59:21', '2022-07-19 21:59:21'),
(102, 211, 218, '2022-07-19 21:59:49', '2022-07-19 21:59:49'),
(104, 1277, 5, '2022-07-27 14:38:02', '2022-07-27 14:38:02'),
(116, 1274, 183, '2022-07-27 14:57:10', '2022-07-27 14:57:10'),
(122, 1304, 185, '2022-07-28 11:12:17', '2022-07-28 11:12:17'),
(131, 1293, 229, '2022-07-28 14:17:08', '2022-07-28 14:17:08'),
(132, 1299, 229, '2022-07-28 14:30:18', '2022-07-28 14:30:18'),
(133, 1302, 229, '2022-07-28 14:30:54', '2022-07-28 14:30:54'),
(135, 1277, 229, '2022-07-28 15:12:55', '2022-07-28 15:12:55'),
(136, 1290, 183, '2022-07-28 15:48:05', '2022-07-28 15:48:05'),
(137, 1294, 183, '2022-07-28 15:48:19', '2022-07-28 15:48:19'),
(139, 995, 238, '2022-07-31 01:21:50', '2022-07-31 01:21:50'),
(140, 1310, 183, '2022-07-31 15:11:09', '2022-07-31 15:11:09'),
(142, 1268, 245, '2022-08-03 12:05:35', '2022-08-03 12:05:35'),
(145, 1312, 252, '2022-08-05 01:51:01', '2022-08-05 01:51:01'),
(146, 638, 252, '2022-08-05 01:52:28', '2022-08-05 01:52:28'),
(148, 1396, 190, '2022-08-07 16:19:28', '2022-08-07 16:19:28'),
(149, 1406, 183, '2022-08-08 14:56:07', '2022-08-08 14:56:07'),
(151, 1405, 183, '2022-08-09 13:19:58', '2022-08-09 13:19:58'),
(152, 1402, 183, '2022-08-09 13:34:58', '2022-08-09 13:34:58'),
(154, 486, 294, '2022-08-10 00:59:22', '2022-08-10 00:59:22'),
(155, 641, 194, '2022-08-10 15:43:27', '2022-08-10 15:43:27'),
(156, 1411, 194, '2022-08-10 15:49:50', '2022-08-10 15:49:50'),
(157, 193, 194, '2022-08-10 15:50:08', '2022-08-10 15:50:08'),
(158, 647, 194, '2022-08-10 22:11:42', '2022-08-10 22:11:42');

--
-- Indexes for dumped tables
--

--
-- Indexes for table `addresses`
--
ALTER TABLE `addresses`
  ADD PRIMARY KEY (`id`);

--
-- Indexes for table `applied_coupons`
--
ALTER TABLE `applied_coupons`
  ADD PRIMARY KEY (`id`);

--
-- Indexes for table `areas`
--
ALTER TABLE `areas`
  ADD PRIMARY KEY (`id`);

--
-- Indexes for table `attributes`
--
ALTER TABLE `attributes`
  ADD PRIMARY KEY (`id`),
  ADD UNIQUE KEY `attributes_code_unique` (`code`);

--
-- Indexes for table `attribute_values`
--
ALTER TABLE `attribute_values`
  ADD PRIMARY KEY (`id`),
  ADD KEY `attribute_values_attribute_id_foreign` (`attribute_id`);

--
-- Indexes for table `banners`
--
ALTER TABLE `banners`
  ADD PRIMARY KEY (`id`);

--
-- Indexes for table `brands`
--
ALTER TABLE `brands`
  ADD PRIMARY KEY (`id`);

--
-- Indexes for table `campains`
--
ALTER TABLE `campains`
  ADD PRIMARY KEY (`id`);

--
-- Indexes for table `candidate_social_links`
--
ALTER TABLE `candidate_social_links`
  ADD PRIMARY KEY (`id`),
  ADD KEY `candidate_social_links_candidate_id_foreign` (`candidate_id`);

--
-- Indexes for table `carts`
--
ALTER TABLE `carts`
  ADD PRIMARY KEY (`id`);

--
-- Indexes for table `categories`
--
ALTER TABLE `categories`
  ADD PRIMARY KEY (`id`);

--
-- Indexes for table `child_categories`
--
ALTER TABLE `child_categories`
  ADD PRIMARY KEY (`id`),
  ADD KEY `child_categories_sub_categories_id_foreign` (`sub_categories_id`);

--
-- Indexes for table `comments`
--
ALTER TABLE `comments`
  ADD PRIMARY KEY (`id`);

--
-- Indexes for table `company_social_links`
--
ALTER TABLE `company_social_links`
  ADD PRIMARY KEY (`id`),
  ADD KEY `company_social_links_company_id_foreign` (`company_id`);

--
-- Indexes for table `contacts`
--
ALTER TABLE `contacts`
  ADD PRIMARY KEY (`id`);

--
-- Indexes for table `coupons`
--
ALTER TABLE `coupons`
  ADD PRIMARY KEY (`id`);

--
-- Indexes for table `failed_jobs`
--
ALTER TABLE `failed_jobs`
  ADD PRIMARY KEY (`id`),
  ADD UNIQUE KEY `failed_jobs_uuid_unique` (`uuid`);

--
-- Indexes for table `faqs`
--
ALTER TABLE `faqs`
  ADD PRIMARY KEY (`id`);

--
-- Indexes for table `jobs`
--
ALTER TABLE `jobs`
  ADD PRIMARY KEY (`id`),
  ADD UNIQUE KEY `jobs_slug_unique` (`slug`),
  ADD KEY `jobs_category_id_foreign` (`category_id`);

--
-- Indexes for table `languages`
--
ALTER TABLE `languages`
  ADD PRIMARY KEY (`id`),
  ADD UNIQUE KEY `languages_name_unique` (`name`),
  ADD UNIQUE KEY `languages_code_unique` (`code`);

--
-- Indexes for table `migrations`
--
ALTER TABLE `migrations`
  ADD PRIMARY KEY (`id`);

--
-- Indexes for table `model_has_permissions`
--
ALTER TABLE `model_has_permissions`
  ADD PRIMARY KEY (`permission_id`,`model_id`,`model_type`),
  ADD KEY `model_has_permissions_model_id_model_type_index` (`model_id`,`model_type`);

--
-- Indexes for table `model_has_roles`
--
ALTER TABLE `model_has_roles`
  ADD PRIMARY KEY (`role_id`,`model_id`,`model_type`),
  ADD KEY `model_has_roles_model_id_model_type_index` (`model_id`,`model_type`);

--
-- Indexes for table `newsletters`
--
ALTER TABLE `newsletters`
  ADD PRIMARY KEY (`id`);

--
-- Indexes for table `orders`
--
ALTER TABLE `orders`
  ADD PRIMARY KEY (`id`);

--
-- Indexes for table `order_details`
--
ALTER TABLE `order_details`
  ADD PRIMARY KEY (`id`);

--
-- Indexes for table `password_resets`
--
ALTER TABLE `password_resets`
  ADD KEY `password_resets_email_index` (`email`);

--
-- Indexes for table `payments`
--
ALTER TABLE `payments`
  ADD PRIMARY KEY (`id`);

--
-- Indexes for table `permissions`
--
ALTER TABLE `permissions`
  ADD PRIMARY KEY (`id`);

--
-- Indexes for table `personal_access_tokens`
--
ALTER TABLE `personal_access_tokens`
  ADD PRIMARY KEY (`id`),
  ADD UNIQUE KEY `personal_access_tokens_token_unique` (`token`),
  ADD KEY `personal_access_tokens_tokenable_type_tokenable_id_index` (`tokenable_type`,`tokenable_id`);

--
-- Indexes for table `plan_features`
--
ALTER TABLE `plan_features`
  ADD PRIMARY KEY (`id`),
  ADD KEY `plan_features_priceplan_id_foreign` (`priceplan_id`);

--
-- Indexes for table `portfolios`
--
ALTER TABLE `portfolios`
  ADD PRIMARY KEY (`id`);

--
-- Indexes for table `posts`
--
ALTER TABLE `posts`
  ADD PRIMARY KEY (`id`),
  ADD KEY `posts_category_id_foreign` (`category_id`);

--
-- Indexes for table `post_tag`
--
ALTER TABLE `post_tag`
  ADD KEY `post_tag_post_id_foreign` (`post_id`),
  ADD KEY `post_tag_tag_id_foreign` (`tag_id`);

--
-- Indexes for table `priceplans`
--
ALTER TABLE `priceplans`
  ADD PRIMARY KEY (`id`);

--
-- Indexes for table `products`
--
ALTER TABLE `products`
  ADD PRIMARY KEY (`id`),
  ADD UNIQUE KEY `products_slug_unique` (`slug`),
  ADD KEY `products_category_id_foreign` (`category_id`),
  ADD KEY `products_brand_id_foreign` (`brand_id`);

--
-- Indexes for table `product_attributes`
--
ALTER TABLE `product_attributes`
  ADD PRIMARY KEY (`id`),
  ADD KEY `product_attributes_product_id_foreign` (`product_id`),
  ADD KEY `product_attributes_attribute_id_foreign` (`attribute_id`),
  ADD KEY `product_attributes_value_id_foreign` (`value_id`);

--
-- Indexes for table `product_galleries`
--
ALTER TABLE `product_galleries`
  ADD PRIMARY KEY (`id`),
  ADD KEY `product_galleries_product_id_foreign` (`product_id`);

--
-- Indexes for table `reviews`
--
ALTER TABLE `reviews`
  ADD PRIMARY KEY (`id`);

--
-- Indexes for table `roles`
--
ALTER TABLE `roles`
  ADD PRIMARY KEY (`id`);

--
-- Indexes for table `role_has_permissions`
--
ALTER TABLE `role_has_permissions`
  ADD PRIMARY KEY (`permission_id`,`role_id`),
  ADD KEY `role_has_permissions_role_id_foreign` (`role_id`);

--
-- Indexes for table `settings`
--
ALTER TABLE `settings`
  ADD PRIMARY KEY (`id`);

--
-- Indexes for table `shippings`
--
ALTER TABLE `shippings`
  ADD PRIMARY KEY (`id`);

--
-- Indexes for table `socialites`
--
ALTER TABLE `socialites`
  ADD PRIMARY KEY (`id`);

--
-- Indexes for table `sub_areas`
--
ALTER TABLE `sub_areas`
  ADD PRIMARY KEY (`id`);

--
-- Indexes for table `sub_categories`
--
ALTER TABLE `sub_categories`
  ADD PRIMARY KEY (`id`),
  ADD KEY `sub_categories_category_id_foreign` (`category_id`);

--
-- Indexes for table `tags`
--
ALTER TABLE `tags`
  ADD PRIMARY KEY (`id`);

--
-- Indexes for table `teams`
--
ALTER TABLE `teams`
  ADD PRIMARY KEY (`id`);

--
-- Indexes for table `testimonials`
--
ALTER TABLE `testimonials`
  ADD PRIMARY KEY (`id`);

--
-- Indexes for table `wishlists`
--
ALTER TABLE `wishlists`
  ADD PRIMARY KEY (`id`);

--
-- AUTO_INCREMENT for dumped tables
--

--
-- AUTO_INCREMENT for table `addresses`
--
ALTER TABLE `addresses`
  MODIFY `id` bigint(20) UNSIGNED NOT NULL AUTO_INCREMENT, AUTO_INCREMENT=61;

--
-- AUTO_INCREMENT for table `applied_coupons`
--
ALTER TABLE `applied_coupons`
  MODIFY `id` bigint(20) UNSIGNED NOT NULL AUTO_INCREMENT, AUTO_INCREMENT=24;

--
-- AUTO_INCREMENT for table `areas`
--
ALTER TABLE `areas`
  MODIFY `id` bigint(20) UNSIGNED NOT NULL AUTO_INCREMENT, AUTO_INCREMENT=12;

--
-- AUTO_INCREMENT for table `attributes`
--
ALTER TABLE `attributes`
  MODIFY `id` bigint(20) UNSIGNED NOT NULL AUTO_INCREMENT, AUTO_INCREMENT=4;

--
-- AUTO_INCREMENT for table `attribute_values`
--
ALTER TABLE `attribute_values`
  MODIFY `id` bigint(20) UNSIGNED NOT NULL AUTO_INCREMENT, AUTO_INCREMENT=8;

--
-- AUTO_INCREMENT for table `banners`
--
ALTER TABLE `banners`
  MODIFY `id` bigint(20) UNSIGNED NOT NULL AUTO_INCREMENT, AUTO_INCREMENT=116;

--
-- AUTO_INCREMENT for table `brands`
--
ALTER TABLE `brands`
  MODIFY `id` bigint(20) UNSIGNED NOT NULL AUTO_INCREMENT, AUTO_INCREMENT=42;

--
-- AUTO_INCREMENT for table `campains`
--
ALTER TABLE `campains`
  MODIFY `id` bigint(20) UNSIGNED NOT NULL AUTO_INCREMENT, AUTO_INCREMENT=12;

--
-- AUTO_INCREMENT for table `candidate_social_links`
--
ALTER TABLE `candidate_social_links`
  MODIFY `id` bigint(20) UNSIGNED NOT NULL AUTO_INCREMENT, AUTO_INCREMENT=6;

--
-- AUTO_INCREMENT for table `carts`
--
ALTER TABLE `carts`
  MODIFY `id` bigint(20) UNSIGNED NOT NULL AUTO_INCREMENT, AUTO_INCREMENT=488;

--
-- AUTO_INCREMENT for table `categories`
--
ALTER TABLE `categories`
  MODIFY `id` bigint(20) UNSIGNED NOT NULL AUTO_INCREMENT, AUTO_INCREMENT=52;

--
-- AUTO_INCREMENT for table `child_categories`
--
ALTER TABLE `child_categories`
  MODIFY `id` bigint(20) UNSIGNED NOT NULL AUTO_INCREMENT, AUTO_INCREMENT=66;

--
-- AUTO_INCREMENT for table `comments`
--
ALTER TABLE `comments`
  MODIFY `id` bigint(20) UNSIGNED NOT NULL AUTO_INCREMENT;

--
-- AUTO_INCREMENT for table `company_social_links`
--
ALTER TABLE `company_social_links`
  MODIFY `id` bigint(20) UNSIGNED NOT NULL AUTO_INCREMENT, AUTO_INCREMENT=6;

--
-- AUTO_INCREMENT for table `contacts`
--
ALTER TABLE `contacts`
  MODIFY `id` bigint(20) UNSIGNED NOT NULL AUTO_INCREMENT, AUTO_INCREMENT=47;

--
-- AUTO_INCREMENT for table `coupons`
--
ALTER TABLE `coupons`
  MODIFY `id` bigint(20) UNSIGNED NOT NULL AUTO_INCREMENT, AUTO_INCREMENT=27;

--
-- AUTO_INCREMENT for table `failed_jobs`
--
ALTER TABLE `failed_jobs`
  MODIFY `id` bigint(20) UNSIGNED NOT NULL AUTO_INCREMENT;

--
-- AUTO_INCREMENT for table `faqs`
--
ALTER TABLE `faqs`
  MODIFY `id` bigint(20) UNSIGNED NOT NULL AUTO_INCREMENT, AUTO_INCREMENT=9;

--
-- AUTO_INCREMENT for table `jobs`
--
ALTER TABLE `jobs`
  MODIFY `id` bigint(20) UNSIGNED NOT NULL AUTO_INCREMENT, AUTO_INCREMENT=6;

--
-- AUTO_INCREMENT for table `languages`
--
ALTER TABLE `languages`
  MODIFY `id` bigint(20) UNSIGNED NOT NULL AUTO_INCREMENT, AUTO_INCREMENT=5;

--
-- AUTO_INCREMENT for table `migrations`
--
ALTER TABLE `migrations`
  MODIFY `id` int(10) UNSIGNED NOT NULL AUTO_INCREMENT, AUTO_INCREMENT=71;

--
-- AUTO_INCREMENT for table `newsletters`
--
ALTER TABLE `newsletters`
  MODIFY `id` bigint(20) UNSIGNED NOT NULL AUTO_INCREMENT, AUTO_INCREMENT=8;

--
-- AUTO_INCREMENT for table `orders`
--
ALTER TABLE `orders`
  MODIFY `id` bigint(20) UNSIGNED NOT NULL AUTO_INCREMENT, AUTO_INCREMENT=337;

--
-- AUTO_INCREMENT for table `order_details`
--
ALTER TABLE `order_details`
  MODIFY `id` bigint(20) UNSIGNED NOT NULL AUTO_INCREMENT, AUTO_INCREMENT=794;

--
-- AUTO_INCREMENT for table `payments`
--
ALTER TABLE `payments`
  MODIFY `id` bigint(20) UNSIGNED NOT NULL AUTO_INCREMENT, AUTO_INCREMENT=341;

--
-- AUTO_INCREMENT for table `permissions`
--
ALTER TABLE `permissions`
  MODIFY `id` bigint(20) UNSIGNED NOT NULL AUTO_INCREMENT, AUTO_INCREMENT=51;

--
-- AUTO_INCREMENT for table `personal_access_tokens`
--
ALTER TABLE `personal_access_tokens`
  MODIFY `id` bigint(20) UNSIGNED NOT NULL AUTO_INCREMENT;

--
-- AUTO_INCREMENT for table `plan_features`
--
ALTER TABLE `plan_features`
  MODIFY `id` bigint(20) UNSIGNED NOT NULL AUTO_INCREMENT;

--
-- AUTO_INCREMENT for table `portfolios`
--
ALTER TABLE `portfolios`
  MODIFY `id` bigint(20) UNSIGNED NOT NULL AUTO_INCREMENT, AUTO_INCREMENT=6;

--
-- AUTO_INCREMENT for table `posts`
--
ALTER TABLE `posts`
  MODIFY `id` bigint(20) UNSIGNED NOT NULL AUTO_INCREMENT, AUTO_INCREMENT=57;

--
-- AUTO_INCREMENT for table `priceplans`
--
ALTER TABLE `priceplans`
  MODIFY `id` bigint(20) UNSIGNED NOT NULL AUTO_INCREMENT;

--
-- AUTO_INCREMENT for table `products`
--
ALTER TABLE `products`
  MODIFY `id` bigint(20) UNSIGNED NOT NULL AUTO_INCREMENT, AUTO_INCREMENT=1491;

--
-- AUTO_INCREMENT for table `product_attributes`
--
ALTER TABLE `product_attributes`
  MODIFY `id` bigint(20) UNSIGNED NOT NULL AUTO_INCREMENT, AUTO_INCREMENT=18;

--
-- AUTO_INCREMENT for table `product_galleries`
--
ALTER TABLE `product_galleries`
  MODIFY `id` bigint(20) UNSIGNED NOT NULL AUTO_INCREMENT, AUTO_INCREMENT=218;

--
-- AUTO_INCREMENT for table `reviews`
--
ALTER TABLE `reviews`
  MODIFY `id` bigint(20) UNSIGNED NOT NULL AUTO_INCREMENT, AUTO_INCREMENT=41;

--
-- AUTO_INCREMENT for table `roles`
--
ALTER TABLE `roles`
  MODIFY `id` bigint(20) UNSIGNED NOT NULL AUTO_INCREMENT, AUTO_INCREMENT=8;

--
-- AUTO_INCREMENT for table `settings`
--
ALTER TABLE `settings`
  MODIFY `id` bigint(20) UNSIGNED NOT NULL AUTO_INCREMENT, AUTO_INCREMENT=2;

--
-- AUTO_INCREMENT for table `shippings`
--
ALTER TABLE `shippings`
  MODIFY `id` bigint(20) UNSIGNED NOT NULL AUTO_INCREMENT, AUTO_INCREMENT=339;

--
-- AUTO_INCREMENT for table `socialites`
--
ALTER TABLE `socialites`
  MODIFY `id` bigint(20) UNSIGNED NOT NULL AUTO_INCREMENT, AUTO_INCREMENT=2;

--
-- AUTO_INCREMENT for table `sub_areas`
--
ALTER TABLE `sub_areas`
  MODIFY `id` bigint(20) UNSIGNED NOT NULL AUTO_INCREMENT, AUTO_INCREMENT=99;

--
-- AUTO_INCREMENT for table `sub_categories`
--
ALTER TABLE `sub_categories`
  MODIFY `id` bigint(20) UNSIGNED NOT NULL AUTO_INCREMENT, AUTO_INCREMENT=193;

--
-- AUTO_INCREMENT for table `tags`
--
ALTER TABLE `tags`
  MODIFY `id` bigint(20) UNSIGNED NOT NULL AUTO_INCREMENT, AUTO_INCREMENT=14;

--
-- AUTO_INCREMENT for table `teams`
--
ALTER TABLE `teams`
  MODIFY `id` bigint(20) UNSIGNED NOT NULL AUTO_INCREMENT, AUTO_INCREMENT=6;

--
-- AUTO_INCREMENT for table `testimonials`
--
ALTER TABLE `testimonials`
  MODIFY `id` bigint(20) UNSIGNED NOT NULL AUTO_INCREMENT, AUTO_INCREMENT=11;

--
-- AUTO_INCREMENT for table `wishlists`
--
ALTER TABLE `wishlists`
  MODIFY `id` bigint(20) UNSIGNED NOT NULL AUTO_INCREMENT, AUTO_INCREMENT=160;

--
-- Constraints for dumped tables
--

--
-- Constraints for table `attribute_values`
--
ALTER TABLE `attribute_values`
  ADD CONSTRAINT `attribute_values_attribute_id_foreign` FOREIGN KEY (`attribute_id`) REFERENCES `attributes` (`id`) ON DELETE CASCADE;

--
-- Constraints for table `candidate_social_links`
--
ALTER TABLE `candidate_social_links`
  ADD CONSTRAINT `candidate_social_links_candidate_id_foreign` FOREIGN KEY (`candidate_id`) REFERENCES `candidates` (`id`) ON DELETE CASCADE;

--
-- Constraints for table `child_categories`
--
ALTER TABLE `child_categories`
  ADD CONSTRAINT `child_categories_sub_categories_id_foreign` FOREIGN KEY (`sub_categories_id`) REFERENCES `sub_categories` (`id`) ON DELETE CASCADE;

--
-- Constraints for table `company_social_links`
--
ALTER TABLE `company_social_links`
  ADD CONSTRAINT `company_social_links_company_id_foreign` FOREIGN KEY (`company_id`) REFERENCES `companies` (`id`) ON DELETE CASCADE;

--
-- Constraints for table `jobs`
--
ALTER TABLE `jobs`
  ADD CONSTRAINT `jobs_category_id_foreign` FOREIGN KEY (`category_id`) REFERENCES `categories` (`id`) ON DELETE CASCADE;

--
-- Constraints for table `model_has_permissions`
--
ALTER TABLE `model_has_permissions`
  ADD CONSTRAINT `model_has_permissions_permission_id_foreign` FOREIGN KEY (`permission_id`) REFERENCES `permissions` (`id`) ON DELETE CASCADE;

--
-- Constraints for table `model_has_roles`
--
ALTER TABLE `model_has_roles`
  ADD CONSTRAINT `model_has_roles_role_id_foreign` FOREIGN KEY (`role_id`) REFERENCES `roles` (`id`) ON DELETE CASCADE;

--
-- Constraints for table `plan_features`
--
ALTER TABLE `plan_features`
  ADD CONSTRAINT `plan_features_priceplan_id_foreign` FOREIGN KEY (`priceplan_id`) REFERENCES `priceplans` (`id`) ON DELETE CASCADE;

--
-- Constraints for table `posts`
--
ALTER TABLE `posts`
  ADD CONSTRAINT `posts_category_id_foreign` FOREIGN KEY (`category_id`) REFERENCES `categories` (`id`) ON DELETE CASCADE;

--
-- Constraints for table `post_tag`
--
ALTER TABLE `post_tag`
  ADD CONSTRAINT `post_tag_post_id_foreign` FOREIGN KEY (`post_id`) REFERENCES `posts` (`id`) ON DELETE CASCADE,
  ADD CONSTRAINT `post_tag_tag_id_foreign` FOREIGN KEY (`tag_id`) REFERENCES `tags` (`id`) ON DELETE CASCADE;

--
-- Constraints for table `products`
--
ALTER TABLE `products`
  ADD CONSTRAINT `products_brand_id_foreign` FOREIGN KEY (`brand_id`) REFERENCES `brands` (`id`) ON DELETE CASCADE,
  ADD CONSTRAINT `products_category_id_foreign` FOREIGN KEY (`category_id`) REFERENCES `categories` (`id`) ON DELETE CASCADE;

--
-- Constraints for table `product_attributes`
--
ALTER TABLE `product_attributes`
  ADD CONSTRAINT `product_attributes_attribute_id_foreign` FOREIGN KEY (`attribute_id`) REFERENCES `attributes` (`id`) ON DELETE CASCADE,
  ADD CONSTRAINT `product_attributes_product_id_foreign` FOREIGN KEY (`product_id`) REFERENCES `products` (`id`) ON DELETE CASCADE,
  ADD CONSTRAINT `product_attributes_value_id_foreign` FOREIGN KEY (`value_id`) REFERENCES `attribute_values` (`id`) ON DELETE CASCADE;

--
-- Constraints for table `product_galleries`
--
ALTER TABLE `product_galleries`
  ADD CONSTRAINT `product_galleries_product_id_foreign` FOREIGN KEY (`product_id`) REFERENCES `products` (`id`) ON DELETE CASCADE;

--
-- Constraints for table `role_has_permissions`
--
ALTER TABLE `role_has_permissions`
  ADD CONSTRAINT `role_has_permissions_permission_id_foreign` FOREIGN KEY (`permission_id`) REFERENCES `permissions` (`id`) ON DELETE CASCADE,
  ADD CONSTRAINT `role_has_permissions_role_id_foreign` FOREIGN KEY (`role_id`) REFERENCES `roles` (`id`) ON DELETE CASCADE;

--
-- Constraints for table `sub_categories`
--
ALTER TABLE `sub_categories`
  ADD CONSTRAINT `sub_categories_category_id_foreign` FOREIGN KEY (`category_id`) REFERENCES `categories` (`id`) ON DELETE CASCADE;
COMMIT;

